000
CXUS53 KMKX 021821 CCA
CLMMSN
CLIMATE REPORT
NATIONAL WEATHER SERVICE MILWAUKEE/SULLIVAN WI
1017 PM CDT SAT JUL 01 2023
...................................
...THE MADISON WI CLIMATE SUMMARY FOR THE MONTH OF JUNE 2023...
CLIMATE NORMAL PERIOD 1991 TO 2020
CLIMATE RECORD PERIOD 1871 TO 2023
WEATHER OBSERVED NORMAL DEPART LAST YEAR`S
VALUE DATE(S) VALUE FROM VALUE DATE(S)
NORMAL
................................................................
TEMPERATURE (F)
RECORD
HIGH 101 06/20/1988
LOW 31 06/10/1972
HIGHEST 92 06/24 90 2 96 06/14
LOWEST 38 06/12 43 -5 46 06/04
AVG. MAXIMUM 82.1 78.6 3.5 80.0
AVG. MINIMUM 55.6 57.4 -1.8 57.9
MEAN 68.8 68.0 0.8 69.0
DAYS MAX >= 90 4 2.0 2.0 6
DAYS MAX <= 32 0 0.0 0.0 0
DAYS MIN <= 32 0 0.0 0.0 0
DAYS MIN <= 0 0 0.0 0.0 0
PRECIPITATION (INCHES)
RECORD
MAXIMUM 10.93 2008
MINIMUM 0.31 2012
TOTALS 1.14 5.28 -4.14 4.02
DAILY AVG. 0.04 0.18 -0.14 0.13
DAYS >= .01 5 11.7 -6.7 10
DAYS >= .10 3 7.8 -4.8 6
DAYS >= .50 1 3.4 -2.4 2
DAYS >= 1.00 0 1.5 -1.5 1
GREATEST
24 HR. TOTAL 0.65 06/01 TO 06/01 1.37 06/15 TO 06/15
DEGREE DAYS
HEATING TOTAL 41 47 -6 33
SINCE 7/1 6551 7140 -589 6853
COOLING TOTAL 164 137 27 158
SINCE 1/1 205 176 29 277
................................................................
WIND (MPH)
AVERAGE WIND SPEED 5.8
HIGHEST WIND SPEED/DIRECTION 28/080 DATE 06/24
HIGHEST GUST SPEED/DIRECTION 35/080 DATE 06/24
SKY COVER
AVERAGE SKY COVER 0.47
NUMBER OF DAYS FAIR 11
NUMBER OF DAYS PC 13
NUMBER OF DAYS CLOUDY 6
AVERAGE RH (PERCENT) 61
WEATHER CONDITIONS. NUMBER OF DAYS WITH
THUNDERSTORM 3 MIXED PRECIP 0
HEAVY RAIN 1 RAIN 1
LIGHT RAIN 8 FREEZING RAIN 0
LT FREEZING RAIN 0 HAIL 0
HEAVY SNOW 0 SNOW 0
LIGHT SNOW 0 SLEET 0
FOG 14 FOG W/VIS <= 1/4 MILE 2
HAZE 15
- INDICATES NEGATIVE NUMBERS.
R INDICATES RECORD WAS SET OR TIED.
MM INDICATES DATA IS MISSING.
T INDICATES TRACE AMOUNT.
$$