000
CXUS52 KKEY 010621 CCA
CF6MTH
PRELIMINARY LOCAL CLIMATOLOGICAL DATA (WS FORM: F-6)...CORRECTED
STATION: MARATHON
MONTH: JUNE
YEAR: 2022
LATITUDE: 24 43 N
LONGITUDE: 81 5 W
TEMPERATURE IN F: :PCPN: SNOW: WIND :SUNSHINE: SKY :PK WND
================================================================================
1 2 3 4 5 6A 6B 7 8 9 10 11 12 13 14 15 16 17 18
12Z AVG MX 2MIN
DY MAX MIN AVG DEP HDD CDD WTR SNW DPTH SPD SPD DIR MIN PSBL S-S WX SPD DR
================================================================================
1 90 74 82 -1 0 17 T 0.0 0 4.7 13 30 M M 1 23 200
2 87 74 81 -3 0 16 0.80 0.0 0 6.3 22 170 M M 4 18 38 160
3 79 74 77 -7 0 12 5.47 0.0 0 12.4 22 160 M M 10 13 39 130
4 88 74 81 -3 0 16 0.18 0.0 0 13.3 21 200 M M 7 13 41 190
5 88 77 83 -1 0 18 0.00 0.0 0 3.7 10 270 M M 4 15 270
6 90 80 85 1 0 20 T 0.0 0 6.9 13 180 M M 4 23 180
7 85 72 79 -5 0 14 1.38 0.0 0 5.6 21 330 M M 5 13 37 330
8 87 75 81 -3 0 16 0.00 0.0 0 3.9 9 130 M M 2 3 14 150
9 90 77 84 0 0 19 0.02 0.0 0 3.5 14 50 M M 2 3 18 50
10 89 74 82 -2 0 17 0.31 0.0 0 4.9 21 320 M M 3 13 31 300
11 89 76 83 -1 0 18 0.00 0.0 0 4.1 9 20 M M 1 14 20
12 90 81 86 2 0 21 0.00 0.0 0 4.6 8 150 M M 1 15 130
13 92 82 87 3 0 22 0.00 0.0 0 6.4 10 110 M M 2 17 100
14 90 79 85 0 0 20 0.26 0.0 0 4.9 16 40 M M 1 13 20 40
15 91 82 87 2 0 22 0.00 0.0 0 7.4 14 90 M M 2 22 100
16 92 82 87 2 0 22 0.00 0.0 0 7.1 13 80 M M 1 23 120
17 91 78 85 0 0 20 T 0.0 0 4.2 17 350 M M 2 3 26 340
18 91 77 84 -1 0 19 0.14 0.0 0 3.7 24 30 M M 3 13 36 40
19 91 79 85 0 0 20 0.00 0.0 0 5.6 14 160 M M 1 22 160
20 92 82 87 2 0 22 0.00 0.0 0 5.8 9 110 M M 0 16 140
21 91 80 86 1 0 21 T 0.0 0 9.3 21 60 M M 2 3 27 50
22 90 75 83 -2 0 18 0.25 0.0 0 11.4 20 50 M M 3 1 26 60
23 89 80 85 0 0 20 0.00 0.0 0 4.4 10 50 M M 2 16 50
24 91 76 84 -1 0 19 0.00 0.0 0 2.0 7 300 M M 2 11 310
25 91 78 85 0 0 20 0.04 0.0 0 3.6 16 310 M M 3 38 29 320
26 88 78 83 -2 0 18 0.06 0.0 0 2.4 9 140 M M 2 13 17 130
27 92 81 87 2 0 22 0.00 0.0 0 6.3 12 130 M M 1 20 130
28 92 82 87 2 0 22 T 0.0 0 7.5 12 110 M M 2 18 120
29 93 81 87 2 0 22 T 0.0 0 4.2 8 160 M M 1 13 160
30 93 83 88 3 0 23 0.01 0.0 0 7.5 16 130 M M 2 3 28 130
================================================================================
SM 2692 2343 0 576 8.92 0.0 177.6 M 76
================================================================================
AV 89.7 78.1 5.9 FASTST M M 3 MAX(MPH)
MISC ----> 24 30 41 190
================================================================================
NOTES:
# LAST OF SEVERAL OCCURRENCES
COLUMN 17 PEAK WIND IN M.P.H.
PRELIMINARY LOCAL CLIMATOLOGICAL DATA (WS FORM: F-6) , PAGE 2
STATION: MARATHON
MONTH: JUNE
YEAR: 2022
LATITUDE: 24 43 N
LONGITUDE: 81 5 W
[TEMPERATURE DATA] [PRECIPITATION DATA] SYMBOLS USED IN COLUMN 16
AVERAGE MONTHLY: 83.9 TOTAL FOR MONTH: 8.92 1 = FOG OR MIST
DPTR FM NORMAL: -0.5 DPTR FM NORMAL: 4.69 2 = FOG REDUCING VISIBILITY
HIGHEST: 93 ON 30,29 GRTST 24HR 5.59 ON 3- 4 TO 1/4 MILE OR LESS
LOWEST: 72 ON 7 3 = THUNDER
SNOW, ICE PELLETS, HAIL 4 = ICE PELLETS
TOTAL MONTH: 0.0 INCH 5 = HAIL
GRTST 24HR 0.0 6 = FREEZING RAIN OR DRIZZLE
GRTST DEPTH: 0 7 = DUSTSTORM OR SANDSTORM:
VSBY 1/2 MILE OR LESS
8 = SMOKE OR HAZE
[NO. OF DAYS WITH] [WEATHER - DAYS WITH] 9 = BLOWING SNOW
X = TORNADO
MAX 32 OR BELOW: 0 0.01 INCH OR MORE: 12
MAX 90 OR ABOVE: 20 0.10 INCH OR MORE: 8
MIN 32 OR BELOW: 0 0.50 INCH OR MORE: 3
MIN 0 OR BELOW: 0 1.00 INCH OR MORE: 2
[HDD (BASE 65) ]
TOTAL THIS MO. 0 CLEAR (SCALE 0-3) 24
DPTR FM NORMAL 0 PTCLDY (SCALE 4-7) 5
TOTAL FM JUL 1 30 CLOUDY (SCALE 8-10) 1
DPTR FM NORMAL -41
[CDD (BASE 65) ]
TOTAL THIS MO. 576
DPTR FM NORMAL -6 [PRESSURE DATA]
TOTAL FM JAN 1 2490 HIGHEST SLP M ON M
DPTR FM NORMAL 285 LOWEST SLP 29.63 ON 4
[REMARKS]
#FINAL-06-22#
CORRECTED ALIGNMENT OF SNOW, ICE PELLETS, HAIL TABLE.
NB