000
CXUS52 KKEY 011947 CCA
CF6MTH
PRELIMINARY LOCAL CLIMATOLOGICAL DATA (WS FORM: F-6) ... CORRECTED
STATION: MARATHON
MONTH: MARCH
YEAR: 2020
LATITUDE: 24 43 N
LONGITUDE: 81 5 W
TEMPERATURE IN F: :PCPN: SNOW: WIND :SUNSHINE: SKY :PK WND
================================================================================
1 2 3 4 5 6A 6B 7 8 9 10 11 12 13 14 15 16 17 18
12Z AVG MX 2MIN
DY MAX MIN AVG DEP HDD CDD WTR SNW DPTH SPD SPD DIR MIN PSBL S-S WX SPD DR
================================================================================
1 76 58 67 -6 0 2 0.00 0.0 0 12.9 20 30 M M 2 27 30
2 81 70 76 3 0 11 0.00 0.0 0 10.2 16 110 M M 5 23 110
3 83 73 78 5 0 13 0.01 0.0 0 8.1 14 160 M M 2 22 160
4 85 75 80 7 0 15 0.00 0.0 0 7.0 13 150 M M 2 18 140
5 86 77 82 9 0 17 0.00 0.0 0 4.6 8 190 M M 2 14 130
6 81 69 75 2 0 10 0.00 0.0 0 11.1 18 310 M M 4 25 320
7 76 64 70 -3 0 5 0.00 0.0 0 18.0 25 50 M M 2 36 30
8 75 65 70 -3 0 5 T 0.0 0 17.0 25 70 M M 6 38 70
9 79 67 73 0 0 8 0.05 0.0 0 15.2 23 90 M M 7 8 34 80
10 80 72 76 3 0 11 0.00 0.0 0 11.5 18 80 M M 3 27 70
11 83 70 77 4 0 12 0.00 0.0 0 8.5 14 80 M M 0 19 100
12 82 71 77 4 0 12 0.00 0.0 0 9.1 16 40 M M 1 19 110
13 83 72 78 4 0 13 0.00 0.0 0 10.6 17 70 M M 1 23 70
14 85 75 80 6 0 15 0.00 0.0 0 9.9 16 90 M M 1 22 80
15 85 75 80 6 0 15 0.00 0.0 0 8.0 13 80 M M 1 21 120
16 85 73 79 5 0 14 0.00 0.0 0 9.1 16 60 M M 1 21 60
17 85 75 80 6 0 15 0.00 0.0 0 9.3 13 80 M M 2 20 90
18 84 75 80 6 0 15 0.00 0.0 M 9.6 15 80 M M 1 21 70
19 86 75 81 7 0 16 0.00 0.0 0 11.4 17 100 M M 2 26 120
20 86 75 81 7 0 16 0.00 0.0 0 9.9 16 80 M M 2 24 80
21 86 75 81 6 0 16 0.00 0.0 0 10.0 15 90 M M 1 20 130
22 86 74 80 5 0 15 0.00 0.0 0 8.1 13 120 M M 2 18 100
23 86 75 81 6 0 16 0.00 0.0 0 8.4 12 90 M M 1 18 110
24 85 76 81 6 0 16 0.00 0.0 0 6.7 10 140 M M 1 16 150
25 87 72 80 5 0 15 0.00 0.0 0 6.4 12 270 M M 2 17 170
26 85 72 79 4 0 14 0.00 0.0 0 4.2 10 40 M M 1 14 40
27 87 71 79 4 0 14 0.00 0.0 0 8.1 13 90 M M 1 18 80
28 85 75 80 5 0 15 0.00 0.0 0 9.2 16 120 M M 4 23 120
29 87 76 82 6 0 17 0.00 0.0 0 10.1 16 120 M M 3 24 110
30 88 77 83 7 0 18 0.00 0.0 0 7.4 12 130 M M 1 18 120
31 88 78 83 7 0 18 0.00 0.0 0 6.6 13 270 M M 2 17 270
================================================================================
SM 2596 2247 0 414 0.06 0.0 296.2 M 66
================================================================================
AV 83.7 72.5 9.6 FASTST M M 2 MAX(MPH)
MISC ----> # 25 50 # 38 70
================================================================================
NOTES:
# LAST OF SEVERAL OCCURRENCES
COLUMN 17 PEAK WIND IN M.P.H.
PRELIMINARY LOCAL CLIMATOLOGICAL DATA (WS FORM: F-6) , PAGE 2
STATION: MARATHON
MONTH: MARCH
YEAR: 2020
LATITUDE: 24 43 N
LONGITUDE: 81 5 W
[TEMPERATURE DATA] [PRECIPITATION DATA] SYMBOLS USED IN COLUMN 16
AVERAGE MONTHLY: 78.1 TOTAL FOR MONTH: 0.06 1 = FOG OR MIST
DPTR FM NORMAL: 4.1 DPTR FM NORMAL: -2.33 2 = FOG REDUCING VISIBILITY
HIGHEST: 88 ON 31,30 GRTST 24HR 0.05 ON 9- 9 TO 1/4 MILE OR LESS
LOWEST: 58 ON 1 3 = THUNDER
SNOW, ICE PELLETS, HAIL 4 = ICE PELLETS
TOTAL MONTH: 0.0 INCH 5 = HAIL
GRTST 24HR 0.0 6 = FREEZING RAIN OR DRIZZLE
GRTST DEPTH: 0 7 = DUSTSTORM OR SANDSTORM:
VSBY 1/2 MILE OR LESS
8 = SMOKE OR HAZE
[NO. OF DAYS WITH] [WEATHER - DAYS WITH] 9 = BLOWING SNOW
X = TORNADO
MAX 32 OR BELOW: 0 0.01 INCH OR MORE: 2
MAX 90 OR ABOVE: 0 0.10 INCH OR MORE: 0
MIN 32 OR BELOW: 0 0.50 INCH OR MORE: 0
MIN 0 OR BELOW: 0 1.00 INCH OR MORE: 0
[HDD (BASE 65) ]
TOTAL THIS MO. 0 CLEAR (SCALE 0-3) 26
DPTR FM NORMAL -6 PTCLDY (SCALE 4-7) 5
TOTAL FM JUL 1 20 CLOUDY (SCALE 8-10) 0
DPTR FM NORMAL -61
[CDD (BASE 65) ]
TOTAL THIS MO. 414
DPTR FM NORMAL 131 [PRESSURE DATA]
TOTAL FM JAN 1 952 HIGHEST SLP M ON M
DPTR FM NORMAL 287 LOWEST SLP 29.84 ON 31
[REMARKS]
#FINAL-03-20#
CORRECTED DEPARTURE FROM NORMAL ON THE 1ST, 2ND AND 21ST