000
CXUS53 KGRB 250746
CF6MTW
PRELIMINARY LOCAL CLIMATOLOGICAL DATA (WS FORM: F-6)
STATION: MANITOWOC AWOS
MONTH: NOVEMBER
YEAR: 2019
LATITUDE: 44 7 N
LONGITUDE: 87 40 W
TEMPERATURE IN F: :PCPN: SNOW: WIND :SUNSHINE: SKY :PK WND
================================================================================
1 2 3 4 5 6A 6B 7 8 9 10 11 12 13 14 15 16 17 18
12Z AVG MX 2MIN
DY MAX MIN AVG DEP HDD CDD WTR SNW DPTH SPD SPD DIR MIN PSBL S-S WX SPD DR
================================================================================
1 38 20 29 M 36 0 T M 0 7.2 12 190 M M 7 M M
2 41 33 37 M 28 0 T M 0 8.8 20 300 M M 9 1 25 280
3 42 29 36 M 29 0 T M 0 6.3 14 230 M M 8 M M
4 46 34 40 M 25 0 0.07 M 0 9.9 17 280 M M 9 23 280
5 36 23 30 M 35 0 T M 0 8.3 17 270 M M 3 24 290
6 29 22 26 M 39 0 0.13 M 0 5.3 12 340 M M 7 1 M M
7 30 14 22 M 43 0 0.00 0.0 0 10.6 14 290 M M 0 18 280
8 28 10 19 M 46 0 0.00 0.0 0 7.5 13 210 M M 1 M M
9 41 25 33 M 32 0 0.01 M 0 7.7 13 210 M M 6 M M
10 36 23 30 M 35 0 T M 0 7.7 13 350 M M 9 1 21 360
11 23 12 18 M 47 0 T M 0 13.8 17 330 M M 8 1 25 330
12 21 7 14 M 51 0 0.00 0.0 0 11.2 16 310 M M 0 22 300
13 22 8 15 M 50 0 T M 0 10.0 20 190 M M 8 1 27 190
14 31 19 25 M 40 0 0.00 0.0 0 9.9 20 250 M M 5 28 250
15 36 22 29 M 36 0 0.00 0.0 0 6.9 15 270 M M 2 M M
16 37 24 31 M 34 0 0.00 0.0 0 10.7 15 160 M M 9 M M
17 38 33 36 M 29 0 0.01 M 0 10.0 15 160 M M 8 1 22 160
18 38 32 35 M 30 0 T M 0 5.1 10 260 M M 10 1 M M
19 34 27 31 M 34 0 0.00 0.0 0 3.1 8 320 M M 10 1 M M
20 44 29 37 M 28 0 0.00 0.0 0 5.2 12 160 M M 9 1 M M
21 48 34 41 M 24 0 0.94 M 0 12.4 21 170 M M 10 1 30 180
22 34 25 30 M 35 0 0.00 0.0 0 9.4 18 320 M M 5 25 320
23 42 25 34 M 31 0 0.00 0.0 0 7.8 13 240 M M 0 M M
24 45 33 39 M 26 0 0.00 0.0 0 8.2 14 250 M M 3 22 270
================================================================================
SM 860 563 843 0 1.16 0.0 203.0 M 146
================================================================================
AV 35.8 23.5 8.5 FASTST M M 6 MAX(MPH)
MISC ----> # 21 170 # 30 180
================================================================================
NOTES:
# LAST OF SEVERAL OCCURRENCES
COLUMN 17 PEAK WIND IN M.P.H.
PRELIMINARY LOCAL CLIMATOLOGICAL DATA (WS FORM: F-6) , PAGE 2
STATION: MANITOWOC AWOS
MONTH: NOVEMBER
YEAR: 2019
LATITUDE: 44 7 N
LONGITUDE: 87 40 W
[TEMPERATURE DATA] [PRECIPITATION DATA] SYMBOLS USED IN COLUMN 16
AVERAGE MONTHLY: 29.7 TOTAL FOR MONTH: 1.16 1 = FOG OR MIST
DPTR FM NORMAL: M DPTR FM NORMAL: M 2 = FOG REDUCING VISIBILITY
HIGHEST: 48 ON 21 GRTST 24HR 0.94 ON 21-21 TO 1/4 MILE OR LESS
LOWEST: 7 ON 12 3 = THUNDER
SNOW, ICE PELLETS, HAIL 4 = ICE PELLETS
TOTAL MONTH: 0.0 INCH 5 = HAIL
GRTST 24HR 0.0 6 = FREEZING RAIN OR DRIZZLE
GRTST DEPTH: 0 7 = DUSTSTORM OR SANDSTORM:
VSBY 1/2 MILE OR LESS
8 = SMOKE OR HAZE
[NO. OF DAYS WITH] [WEATHER - DAYS WITH] 9 = BLOWING SNOW
X = TORNADO
MAX 32 OR BELOW: 7 0.01 INCH OR MORE: 5
MAX 90 OR ABOVE: 0 0.10 INCH OR MORE: 2
MIN 32 OR BELOW: 19 0.50 INCH OR MORE: 1
MIN 0 OR BELOW: 0 1.00 INCH OR MORE: 0
[HDD (BASE 65) ]
TOTAL THIS MO. 843 CLEAR (SCALE 0-3) 6
DPTR FM NORMAL M PTCLDY (SCALE 4-7) 9
TOTAL FM JUL 1 1522 CLOUDY (SCALE 8-10) 9
DPTR FM NORMAL M
[CDD (BASE 65) ]
TOTAL THIS MO. 0
DPTR FM NORMAL M [PRESSURE DATA]
TOTAL FM JAN 1 325 HIGHEST SLP M ON M
DPTR FM NORMAL 325 LOWEST SLP M ON M
[REMARKS]