000
CXUS55 KBOI 011002
CF6MUO
PRELIMINARY LOCAL CLIMATOLOGICAL DATA (WS FORM: F-6)
STATION: MOUNTAIN HOME AFB
MONTH: SEPTEMBER
YEAR: 2022
LATITUDE: 43 2 N
LONGITUDE: 115 52 W
TEMPERATURE IN F: :PCPN: SNOW: WIND :SUNSHINE: SKY :PK WND
================================================================================
1 2 3 4 5 6A 6B 7 8 9 10 11 12 13 14 15 16 17 18
12Z AVG MX 2MIN
DY MAX MIN AVG DEP HDD CDD WTR SNW DPTH SPD SPD DIR MIN PSBL S-S WX SPD DR
================================================================================
1 96 63 80 11 0 15 0.00 M M 11.8 22 330 M M 0 26 320
2 97 51 74 5 0 9 0.00 M M 5.6 12 110 M M 0 M M
3 103 65 84 15 0 19 0.00 M M 10.2 24 120 M M 3 8 32 140
4 98 56 77 9 0 12 0.00 M M 5.8 13 350 M M 0 8 16 330
5 96 57 77 9 0 12 0.00 M M 5.8 12 340 M M 0 8 21 340
6 102 57 80 13 0 15 0.00 M M 6.2 12 290 M M 3 8 M M
7 103 64 84 17 0 19 0.01 M M 8.3 22 320 M M 6 8 43 290
8 83 53 68 1 0 3 0.00 M M 16.8 30 330 M M 2 8 38 340
9 78 45 62 -4 3 0 0.00 M M 6.0 14 310 M M 0 8 M M
10 84 43 64 -2 1 0 0.00 M M 7.0 14 130 M M 0 8 M M
11 89 44 67 2 0 2 0.00 M M 5.6 10 330 M M 0 8 M M
12 84 48 66 1 0 1 T M M 7.4 21 350 M M 3 M M
13 70 58 64 -1 1 0 0.07 M M 6.6 13 130 M M 8 M M
14 82 54 68 4 0 3 0.03 M M 8.9 21 170 M M 4 38 30 310
15 78 54 66 2 0 1 T M M 8.4 25 240 M M 6 36 260
16 78 47 63 0 2 0 T M M 3.6 12 220 M M 2 M M
17 80 46 63 0 2 0 0.03 M M 9.9 27 120 M M 2 36 100
18 83 54 69 6 0 4 0.00 M M 14.2 30 130 M M 2 35 130
19 83 45 64 2 1 0 0.00 M M 6.4 10 320 M M 0 M M
20 86 47 67 5 0 2 0.00 M M 7.2 16 330 M M 1 M M
21 75 44 60 -1 5 0 0.01 M M 8.7 25 290 M M 2 3 M M
22 70 48 59 -2 6 0 T M M 6.8 15 300 M M 6 26 320
23 77 41 59 -2 6 0 0.00 M M 5.3 10 360 M M 0 M M
24 83 41 62 2 3 0 0.00 M M 4.2 9 320 M M 0 M M
25 84 42 63 3 2 0 0.00 M M 4.7 9 100 M M 0 M M
26 89 44 67 8 0 2 0.00 M M 6.9 16 120 M M 0 70 M
27 93 49 71 12 0 6 0.00 M M 10.4 18 120 M M 2 76 M
28 91 60 76 17 0 11 0.00 M M 10.7 21 100 M M 3 M M
29 74 51 63 5 2 0 0.00 M M 11.6 20 270 M M 1 25 310
30 69 50 60 2 5 0 T M M 10.8 18 320 M M 3 30 310
================================================================================
SM 2558 1521 39 136 0.15 M 241.9 M 59
================================================================================
AV 85.3 50.7 8.1 FASTST M M 2 MAX(MPH)
MISC ----> # 30 330 76 9999
================================================================================
NOTES:
# LAST OF SEVERAL OCCURRENCES
COLUMN 17 PEAK WIND IN M.P.H.
PRELIMINARY LOCAL CLIMATOLOGICAL DATA (WS FORM: F-6) , PAGE 2
STATION: MOUNTAIN HOME AFB
MONTH: SEPTEMBER
YEAR: 2022
LATITUDE: 43 2 N
LONGITUDE: 115 52 W
[TEMPERATURE DATA] [PRECIPITATION DATA] SYMBOLS USED IN COLUMN 16
AVERAGE MONTHLY: 68.0 TOTAL FOR MONTH: 0.15 1 = FOG OR MIST
DPTR FM NORMAL: 4.5 DPTR FM NORMAL: -0.35 2 = FOG REDUCING VISIBILITY
HIGHEST: 103 ON 7, 3 GRTST 24HR 0.07 ON 13-13 TO 1/4 MILE OR LESS
LOWEST: 41 ON 24,23 3 = THUNDER
SNOW, ICE PELLETS, HAIL 4 = ICE PELLETS
TOTAL MONTH: M 5 = HAIL
GRTST 24HR M ON M 6 = FREEZING RAIN OR DRIZZLE
GRTST DEPTH: M ON M 7 = DUSTSTORM OR SANDSTORM:
VSBY 1/2 MILE OR LESS
8 = SMOKE OR HAZE
[NO. OF DAYS WITH] [WEATHER - DAYS WITH] 9 = BLOWING SNOW
X = TORNADO
MAX 32 OR BELOW: 0 0.01 INCH OR MORE: 5
MAX 90 OR ABOVE: 9 0.10 INCH OR MORE: 0
MIN 32 OR BELOW: 0 0.50 INCH OR MORE: 0
MIN 0 OR BELOW: 0 1.00 INCH OR MORE: 0
[HDD (BASE 65) ]
TOTAL THIS MO. 39 CLEAR (SCALE 0-3) 24
DPTR FM NORMAL -80 PTCLDY (SCALE 4-7) 6
TOTAL FM JUL 1 39 CLOUDY (SCALE 8-10) 0
DPTR FM NORMAL -94
[CDD (BASE 65) ]
TOTAL THIS MO. 136
DPTR FM NORMAL 46 [PRESSURE DATA]
TOTAL FM JAN 1 1123 HIGHEST SLP M ON M
DPTR FM NORMAL 212 LOWEST SLP M ON M
[REMARKS]
#FINAL-09-22#