000
CXUS55 KBOI 011002
CF6MUO
PRELIMINARY LOCAL CLIMATOLOGICAL DATA (WS FORM: F-6)
STATION: MOUNTAIN HOME AFB
MONTH: FEBRUARY
YEAR: 2024
LATITUDE: 43 2 N
LONGITUDE: 115 52 W
TEMPERATURE IN F: :PCPN: SNOW: WIND :SUNSHINE: SKY :PK WND
================================================================================
1 2 3 4 5 6A 6B 7 8 9 10 11 12 13 14 15 16 17 18
12Z AVG MX 2MIN
DY MAX MIN AVG DEP HDD CDD WTR SNW DPTH SPD SPD DIR MIN PSBL S-S WX SPD DR
================================================================================
1 53 43 48 16 17 0 0.15 M M 14.0 27 90 M M 8 40 80
2 50 36 43 11 22 0 0.05 M M 8.4 17 310 M M 7 12 M M
3 41 33 37 4 28 0 T M M 8.7 20 310 M M 9 M M
4 47 30 39 6 26 0 0.01 M M 14.5 28 90 M M 7 12 45 90
5 56 37 47 14 18 0 0.04 M M 17.5 28 90 M M 4 41 90
6 46 37 42 9 23 0 0.36 M M 10.4 20 90 M M 9 M M
7 48 33 41 8 24 0 0.11 M M 8.5 15 290 M M 8 M M
8 43 30 37 4 28 0 T M M 9.0 16 300 M M 8 M M
9 40 31 36 2 29 0 T M M 10.1 18 290 M M 8 M M
10 41 25 33 -1 32 0 0.00 M M 9.5 16 280 M M 0 M M
11 44 23 34 0 31 0 0.00 M M 9.1 18 90 M M 4 M M
12 50 30 40 6 25 0 0.00 M M 10.1 20 90 M M 3 M M
13 47 28 38 4 27 0 0.00 M M 4.2 8 30 M M 6 M M
14 46 25 36 1 29 0 0.01 M M 11.6 20 90 M M 3 M M
15 49 35 42 7 23 0 T M M 6.5 18 310 M M 6 26 310
16 44 29 37 2 28 0 0.02 M M 11.1 22 310 M M 4 30 310
17 44 26 35 0 30 0 0.00 M M 18.3 28 100 M M 3 35 120
18 44 33 39 3 26 0 0.09 M M 12.7 25 110 M M 7 1 33 120
19 44 30 37 1 28 0 0.01 M M 16.6 28 100 M M 4 37 90
20 57 36 47 11 18 0 T M M 13.6 18 100 M M 3 25 100
21 49 31 40 4 25 0 T M M 5.1 9 290 M M 6 M M
22 54 27 41 4 24 0 0.00 M M 2.4 7 290 M M 3 1 M M
23 55 27 41 4 24 0 0.00 M M 4.2 9 100 M M 0 M M
24 59 28 44 7 21 0 0.00 M M 6.3 15 80 M M 0 M M
25 61 30 46 8 19 0 0.00 M M 6.1 10 100 M M 1 M M
26 49 28 39 1 26 0 0.11 M M 13.9 31 270 M M 6 39 270
27 39 24 32 -6 33 0 T M M 10.0 27 280 M M 7 32 280
28 51 28 40 2 25 0 0.00 M M 15.2 23 90 M M 6 28 90
29 62 39 51 12 14 0 0.01 M M 19.1 25 90 M M 6 37 90
================================================================================
SM 1413 892 723 0 0.97 M 306.7 M 146
================================================================================
AV 48.7 30.8 10.6 FASTST M M 5 MAX(MPH)
MISC ----> 31 270 45 90
================================================================================
NOTES:
# LAST OF SEVERAL OCCURRENCES
COLUMN 17 PEAK WIND IN M.P.H.
PRELIMINARY LOCAL CLIMATOLOGICAL DATA (WS FORM: F-6) , PAGE 2
STATION: MOUNTAIN HOME AFB
MONTH: FEBRUARY
YEAR: 2024
LATITUDE: 43 2 N
LONGITUDE: 115 52 W
[TEMPERATURE DATA] [PRECIPITATION DATA] SYMBOLS USED IN COLUMN 16
AVERAGE MONTHLY: 39.7 TOTAL FOR MONTH: 0.97 1 = FOG OR MIST
DPTR FM NORMAL: 4.7 DPTR FM NORMAL: 0.11 2 = FOG REDUCING VISIBILITY
HIGHEST: 62 ON 29 GRTST 24HR 0.36 ON 6- 6 TO 1/4 MILE OR LESS
LOWEST: 23 ON 11 3 = THUNDER
SNOW, ICE PELLETS, HAIL 4 = ICE PELLETS
TOTAL MONTH: M 5 = HAIL
GRTST 24HR M ON M 6 = FREEZING RAIN OR DRIZZLE
GRTST DEPTH: M ON M 7 = DUSTSTORM OR SANDSTORM:
VSBY 1/2 MILE OR LESS
8 = SMOKE OR HAZE
[NO. OF DAYS WITH] [WEATHER - DAYS WITH] 9 = BLOWING SNOW
X = TORNADO
MAX 32 OR BELOW: 0 0.01 INCH OR MORE: 12
MAX 90 OR ABOVE: 0 0.10 INCH OR MORE: 4
MIN 32 OR BELOW: 19 0.50 INCH OR MORE: 0
MIN 0 OR BELOW: 0 1.00 INCH OR MORE: 0
[HDD (BASE 65) ]
TOTAL THIS MO. 723 CLEAR (SCALE 0-3) 9
DPTR FM NORMAL -191 PTCLDY (SCALE 4-7) 18
TOTAL FM JUL 1 3892 CLOUDY (SCALE 8-10) 2
DPTR FM NORMAL -480
[CDD (BASE 65) ]
TOTAL THIS MO. 0
DPTR FM NORMAL 0 [PRESSURE DATA]
TOTAL FM JAN 1 0 HIGHEST SLP M ON M
DPTR FM NORMAL 0 LOWEST SLP M ON M
[REMARKS]
#FINAL-02-24#