000
CXUS56 KOTX 011010
CF6MWH
PRELIMINARY LOCAL CLIMATOLOGICAL DATA (WS FORM: F-6)
STATION: MOSES LAKE WA AIRPORT
MONTH: FEBRUARY
YEAR: 2024
LATITUDE: 47 12 N
LONGITUDE: 119 19 W
TEMPERATURE IN F: :PCPN: SNOW: WIND :SUNSHINE: SKY :PK WND
================================================================================
1 2 3 4 5 6A 6B 7 8 9 10 11 12 13 14 15 16 17 18
12Z AVG MX 2MIN
DY MAX MIN AVG DEP HDD CDD WTR SNW DPTH SPD SPD DIR MIN PSBL S-S WX SPD DR
================================================================================
1 50 39 45 13 20 0 0.04 M M 3.4 12 250 M M 9 12 14 250
2 43 40 42 10 23 0 0.00 M M 2.3 7 300 M M 10 12 9 300
3 47 35 41 8 24 0 0.00 M M 5.0 10 250 M M 5 12 12 300
4 48 31 40 7 25 0 0.00 M M 8.3 16 40 M M 6 1 19 30
5 45 38 42 9 23 0 0.13 M M 6.7 12 10 M M 10 1 16 50
6 45 37 41 8 24 0 0.03 M M 3.7 10 150 M M 10 11 340
7 48 33 41 8 24 0 0.00 M M 3.8 12 180 M M 8 128 13 180
8 48 31 40 6 25 0 0.00 M M 3.5 10 190 M M 9 18 13 190
9 50 28 39 5 26 0 0.00 M M 5.7 13 260 M M 5 17 20
10 44 25 35 1 30 0 0.00 M M 4.1 9 350 M M 2 11 150
11 46 31 39 5 26 0 0.00 M M 3.4 9 350 M M 9 10 340
12 49 30 40 5 25 0 0.01 M M 4.6 15 350 M M 7 18 23 270
13 49 26 38 3 27 0 0.00 M M 7.3 16 20 M M 6 22 20
14 40 30 35 0 30 0 0.00 M M 12.2 23 30 M M 10 31 20
15 36 24 30 -5 35 0 0.03 M M 12.4 22 60 M M 10 1 31 40
16 39 20 30 -6 35 0 0.00 M M 7.2 14 40 M M 0 17 50
17 41 23 32 -4 33 0 0.00 M M 9.5 16 40 M M 4 19 30
18 39 32 36 0 29 0 0.01 M M 4.8 12 360 M M 10 1 14 360
19 45 36 41 5 24 0 0.14 M M 9.1 17 30 M M 9 1 20 30
20 45 38 42 5 23 0 0.00 M M 3.1 8 160 M M 10 1 10 160
21 48 39 44 7 21 0 T M M 3.1 9 160 M M 10 12 150
22 51 32 42 5 23 0 T M M 1.7 7 40 M M 5 128 8 170
23 54 28 41 3 24 0 0.00 M M 5.2 14 180 M M 0 19 190
24 53 40 47 9 18 0 0.00 M M 6.9 15 250 M M 4 21 230
25 56 43 50 12 15 0 0.00 M M 12.2 24 240 M M 2 32 250
26 48 31 40 2 25 0 0.00 M M 11.7 25 280 M M 1 33 280
27 43 25 34 -5 31 0 0.00 M M 8.3 20 160 M M 4 25 220
28 54 38 46 7 19 0 0.00 M M 17.3 29 180 M M 4 42 170
29 53 36 45 6 20 0 0.02 M M 13.7 23 160 M M 6 32 170
================================================================================
SM 1357 939 727 0 0.41 M 200.2 M 185
================================================================================
AV 46.8 32.4 6.9 FASTST M M 6 MAX(MPH)
MISC ----> 29 180 42 170
================================================================================
NOTES:
# LAST OF SEVERAL OCCURRENCES
COLUMN 17 PEAK WIND IN M.P.H.
PRELIMINARY LOCAL CLIMATOLOGICAL DATA (WS FORM: F-6) , PAGE 2
STATION: MOSES LAKE WA AIRPORT
MONTH: FEBRUARY
YEAR: 2024
LATITUDE: 47 12 N
LONGITUDE: 119 19 W
[TEMPERATURE DATA] [PRECIPITATION DATA] SYMBOLS USED IN COLUMN 16
AVERAGE MONTHLY: 39.6 TOTAL FOR MONTH: 0.41 1 = FOG OR MIST
DPTR FM NORMAL: 4.3 DPTR FM NORMAL: -0.24 2 = FOG REDUCING VISIBILITY
HIGHEST: 56 ON 25 GRTST 24HR 0.14 ON 5- 6 TO 1/4 MILE OR LESS
LOWEST: 20 ON 16 3 = THUNDER
SNOW, ICE PELLETS, HAIL 4 = ICE PELLETS
TOTAL MONTH: M 5 = HAIL
GRTST 24HR M ON M 6 = FREEZING RAIN OR DRIZZLE
GRTST DEPTH: M ON M 7 = DUSTSTORM OR SANDSTORM:
VSBY 1/2 MILE OR LESS
8 = SMOKE OR HAZE
[NO. OF DAYS WITH] [WEATHER - DAYS WITH] 9 = BLOWING SNOW
X = TORNADO
MAX 32 OR BELOW: 0 0.01 INCH OR MORE: 8
MAX 90 OR ABOVE: 0 0.10 INCH OR MORE: 2
MIN 32 OR BELOW: 16 0.50 INCH OR MORE: 0
MIN 0 OR BELOW: 0 1.00 INCH OR MORE: 0
[HDD (BASE 65) ]
TOTAL THIS MO. 727 CLEAR (SCALE 0-3) 5
DPTR FM NORMAL -103 PTCLDY (SCALE 4-7) 12
TOTAL FM JUL 1 4075 CLOUDY (SCALE 8-10) 12
DPTR FM NORMAL -406
[CDD (BASE 65) ]
TOTAL THIS MO. 0
DPTR FM NORMAL 0 [PRESSURE DATA]
TOTAL FM JAN 1 0 HIGHEST SLP M ON M
DPTR FM NORMAL 0 LOWEST SLP 29.31 ON 29
[REMARKS]
#FINAL-02-24#