664
CXUS54 KFWD 010141
CF6MWL
PRELIMINARY LOCAL CLIMATOLOGICAL DATA (WS FORM: F-6)
STATION: MINERAL WELLS
MONTH: DECEMBER
YEAR: 2020
LATITUDE: 32 46 N
LONGITUDE: 98 4 W
TEMPERATURE IN F: :PCPN: SNOW: WIND :SUNSHINE: SKY :PK WND
================================================================================
1 2 3 4 5 6A 6B 7 8 9 10 11 12 13 14 15 16 17 18
12Z AVG MX 2MIN
DY MAX MIN AVG DEP HDD CDD WTR SNW DPTH SPD SPD DIR MIN PSBL S-S WX SPD DR
================================================================================
1 61 23 42 -7 23 0 0.00 M M 11.9 25 160 M M 0 34 170
2 52 38 45 -3 20 0 0.00 M M 13.6 24 280 M M 4 31 280
3 42 34 38 -10 27 0 0.00 M M 12.1 20 310 M M 10 27 300
4 58 26 42 -6 23 0 0.00 M M 3.9 12 270 M M 0 1 16 270
5 62 27 45 -2 20 0 0.00 M M 4.0 12 190 M M 3 8 13 300
6 61 39 50 3 15 0 0.05 M M 8.3 20 360 M M 4 1 26 350
7 66 33 50 3 15 0 0.00 M M 3.9 12 330 M M 0 16 290
8 73 32 53 7 12 0 0.00 M M 4.0 12 280 M M 0 16 310
9 80 30 55 9 10 0 0.00 M M 3.6 13 230 M M 0 17 220
10 80 35 58 12 7 0 T M M 8.2 20 170 M M 0 27 170
11 64 42 53 7 12 0 0.19 M M 7.9 16 150 M M 6 1 21 280
12 54 33 44 -2 21 0 0.00 M M 5.1 12 340 M M 0 16 340
13 44 34 39 -6 26 0 0.39 M M 12.8 28 340 M M 10 13 36 330
14 48 24 36 -9 29 0 0.00 M M 6.7 14 320 M M 2 21 320
15 48 33 41 -4 24 0 0.00 M M 10.3 23 300 M M 7 1 31 310
16 49 30 40 -5 25 0 0.00 M M 7.8 18 320 M M 5 26 300
17 62 25 44 -1 21 0 0.00 M M 4.7 15 150 M M 0 19 160
18 61 33 47 3 18 0 0.00 M M 11.7 26 190 M M 3 39 190
19 60 34 47 3 18 0 T M M 7.3 22 310 M M 4 30 310
20 63 28 46 2 19 0 0.00 M M 3.9 14 280 M M 0 20 280
21 73 30 52 8 13 0 0.00 M M 4.6 13 140 M M 0 18 140
22 73 36 55 11 10 0 0.00 M M 10.8 25 180 M M 1 34 170
23 66 34 50 6 15 0 0.00 M M 17.0 31 340 M M 2 45 330
24 56 25 41 -3 24 0 0.00 M M 10.3 26 300 M M 0 36 260
25 66 26 46 2 19 0 0.00 M M 5.9 15 130 M M 0 16 140
26 70 30 50 6 15 0 0.00 M M 9.8 24 210 M M 0 32 190
27 73 40 57 13 8 0 0.00 M M 9.0 20 250 M M 0 26 230
28 60 42 51 7 14 0 T M M 10.0 18 130 M M 5 24 120
29 67 53 60 16 5 0 0.03 M M 13.3 24 160 M M 9 18 33 160
30 62 38 50 6 15 0 0.25 M M 15.1 29 360 M M 10 1 38 360
31 39 32 36 -8 29 0 1.17 M M 14.2 28 10 M M 10 1 39 30
================================================================================
SM 1893 1019 552 0 2.08 M 271.7 M 95
================================================================================
AV 61.1 32.9 8.8 FASTST M M 3 MAX(MPH)
MISC ----> 31 340 45 330
================================================================================
NOTES:
# LAST OF SEVERAL OCCURRENCES
COLUMN 17 PEAK WIND IN M.P.H.
PRELIMINARY LOCAL CLIMATOLOGICAL DATA (WS FORM: F-6) , PAGE 2
STATION: MINERAL WELLS
MONTH: DECEMBER
YEAR: 2020
LATITUDE: 32 46 N
LONGITUDE: 98 4 W
[TEMPERATURE DATA] [PRECIPITATION DATA] SYMBOLS USED IN COLUMN 16
AVERAGE MONTHLY: 47.0 TOTAL FOR MONTH: 2.08 1 = FOG OR MIST
DPTR FM NORMAL: 1.6 DPTR FM NORMAL: 0.24 2 = FOG REDUCING VISIBILITY
HIGHEST: 80 ON 10, 9 GRTST 24HR 1.17 ON 31-31 TO 1/4 MILE OR LESS
LOWEST: 23 ON 1 3 = THUNDER
SNOW, ICE PELLETS, HAIL 4 = ICE PELLETS
TOTAL MONTH: M 5 = HAIL
GRTST 24HR M ON M 6 = FREEZING RAIN OR DRIZZLE
GRTST DEPTH: M ON M 7 = DUSTSTORM OR SANDSTORM:
VSBY 1/2 MILE OR LESS
8 = SMOKE OR HAZE
[NO. OF DAYS WITH] [WEATHER - DAYS WITH] 9 = BLOWING SNOW
X = TORNADO
MAX 32 OR BELOW: 0 0.01 INCH OR MORE: 6
MAX 90 OR ABOVE: 0 0.10 INCH OR MORE: 4
MIN 32 OR BELOW: 14 0.50 INCH OR MORE: 1
MIN 0 OR BELOW: 0 1.00 INCH OR MORE: 1
[HDD (BASE 65) ]
TOTAL THIS MO. 552 CLEAR (SCALE 0-3) 18
DPTR FM NORMAL -58 PTCLDY (SCALE 4-7) 8
TOTAL FM JUL 1 921 CLOUDY (SCALE 8-10) 5
DPTR FM NORMAL -107
[CDD (BASE 65) ]
TOTAL THIS MO. 0
DPTR FM NORMAL -1 [PRESSURE DATA]
TOTAL FM JAN 1 2573 HIGHEST SLP 30.39 ON 24
DPTR FM NORMAL 215 LOWEST SLP 29.61 ON 31
[REMARKS]
#FINAL-12-20#