000
CXUS54 KFWD 010731
CF6MWL
PRELIMINARY LOCAL CLIMATOLOGICAL DATA (WS FORM: F-6)
STATION: MINERAL WELLS
MONTH: AUGUST
YEAR: 2020
LATITUDE: 32 46 N
LONGITUDE: 98 4 W
TEMPERATURE IN F: :PCPN: SNOW: WIND :SUNSHINE: SKY :PK WND
================================================================================
1 2 3 4 5 6A 6B 7 8 9 10 11 12 13 14 15 16 17 18
12Z AVG MX 2MIN
DY MAX MIN AVG DEP HDD CDD WTR SNW DPTH SPD SPD DIR MIN PSBL S-S WX SPD DR
================================================================================
1 94 63 79 -5 0 14 0.00 0.0 0 4.4 14 350 M M 0 20 10
2 97 65 81 -3 0 16 0.00 0.0 0 5.7 16 50 M M 0 22 20
3 95 70 83 -1 0 18 0.00 0.0 0 5.8 20 110 M M 1 3 24 80
4 97 69 83 -1 0 18 0.00 0.0 0 7.3 15 100 M M 0 21 120
5 96 74 85 1 0 20 0.00 0.0 0 9.8 20 100 M M 1 26 110
6 103 74 89 5 0 24 0.00 0.0 0 10.4 20 140 M M 0 27 180
7 102 78 90 6 0 25 0.00 0.0 0 11.7 21 140 M M 0 30 130
8 101 75 88 4 0 23 0.00 0.0 0 10.4 21 160 M M 0 31 160
9 102 75 89 5 0 24 0.00 0.0 0 10.4 21 200 M M 0 30 160
10 102 75 89 5 0 24 0.00 0.0 0 11.9 21 200 M M 0 31 160
11 103 79 91 7 0 26 0.00 0.0 0 10.7 18 160 M M 0 30 160
12 106 77 92 8 0 27 0.00 0.0 0 9.7 20 120 M M 0 28 140
13 106 74 90 6 0 25 0.00 0.0 0 10.3 18 170 M M 0 26 180
14 109 74 92 8 0 27 0.00 0.0 0 9.4 17 200 M M 0 24 250
15 108 77 93 10 0 28 0.00 0.0 0 9.0 17 120 M M 0 25 70
16 105 69 87 4 0 22 0.21 0.0 0 7.8 31 350 M M 1 13 42 340
17 93 70 82 -1 0 17 0.01 0.0 0 4.7 26 220 M M 0 32 220
18 98 69 84 1 0 19 0.00 0.0 0 5.9 18 30 M M 0 25 40
19 95 63 79 -4 0 14 0.00 0.0 0 5.0 15 50 M M 0 23 30
20 95 65 80 -3 0 15 0.00 0.0 0 5.8 15 120 M M 0 25 160
21 97 67 82 -1 0 17 0.13 0.0 0 7.3 15 80 M M 1 3 17 70
22 97 68 83 1 0 18 0.10 0.0 0 5.1 22 160 M M 2 3 28 160
23 97 67 82 0 0 17 0.00 0.0 0 6.7 17 120 M M 0 22 110
24 98 68 83 1 0 18 0.00 0.0 0 6.1 16 80 M M 1 22 100
25 97 68 83 1 0 18 0.00 0.0 0 4.7 13 100 M M 1 19 60
26 99 72 86 4 0 21 0.00 0.0 0 7.6 24 70 M M 3 3 32 80
27 97 70 84 2 0 19 0.00 0.0 0 5.2 24 70 M M 2 3 34 60
28 108 73 91 10 0 26 0.00 0.0 0 8.1 16 240 M M 1 25 180
29 109 78 94 13 0 29 0.01 0.0 0 9.5 20 230 M M 2 3 27 210
30 102 74 88 7 0 23 0.01 0.0 0 11.1 30 360 M M 1 39 360
31 102 79 91 11 0 26 0.00 0.0 0 9.6 17 180 M M 1 24 200
================================================================================
SM 3110 2219 0 658 0.47 0.0 247.1 M 18
================================================================================
AV100.3 71.6 8.0 FASTST M M 1 MAX(MPH)
MISC ----> # 31 350 # 42 340
================================================================================
NOTES:
# LAST OF SEVERAL OCCURRENCES
COLUMN 17 PEAK WIND IN M.P.H.
PRELIMINARY LOCAL CLIMATOLOGICAL DATA (WS FORM: F-6) , PAGE 2
STATION: MINERAL WELLS
MONTH: AUGUST
YEAR: 2020
LATITUDE: 32 46 N
LONGITUDE: 98 4 W
[TEMPERATURE DATA] [PRECIPITATION DATA] SYMBOLS USED IN COLUMN 16
AVERAGE MONTHLY: 86.0 TOTAL FOR MONTH: 0.47 1 = FOG OR MIST
DPTR FM NORMAL: 3.0 DPTR FM NORMAL: -1.77 2 = FOG REDUCING VISIBILITY
HIGHEST: 109 ON 29,14 GRTST 24HR 0.21 ON 16-16 TO 1/4 MILE OR LESS
LOWEST: 63 ON 19, 1 3 = THUNDER
SNOW, ICE PELLETS, HAIL 4 = ICE PELLETS
TOTAL MONTH: 0.0 INCH 5 = HAIL
GRTST 24HR 0.0 6 = FREEZING RAIN OR DRIZZLE
GRTST DEPTH: 0 7 = DUSTSTORM OR SANDSTORM:
VSBY 1/2 MILE OR LESS
8 = SMOKE OR HAZE
[NO. OF DAYS WITH] [WEATHER - DAYS WITH] 9 = BLOWING SNOW
X = TORNADO
MAX 32 OR BELOW: 0 0.01 INCH OR MORE: 6
MAX 90 OR ABOVE: 31 0.10 INCH OR MORE: 3
MIN 32 OR BELOW: 0 0.50 INCH OR MORE: 0
MIN 0 OR BELOW: 0 1.00 INCH OR MORE: 0
[HDD (BASE 65) ]
TOTAL THIS MO. 0 CLEAR (SCALE 0-3) 30
DPTR FM NORMAL 0 PTCLDY (SCALE 4-7) 1
TOTAL FM JUL 1 0 CLOUDY (SCALE 8-10) 0
DPTR FM NORMAL 0
[CDD (BASE 65) ]
TOTAL THIS MO. 658
DPTR FM NORMAL 102 [PRESSURE DATA]
TOTAL FM JAN 1 2164 HIGHEST SLP M ON M
DPTR FM NORMAL 263 LOWEST SLP 29.63 ON 30
[REMARKS]
#FINAL-08-20#