000
CXUS55 KBOI 011002
CF6MYL
PRELIMINARY LOCAL CLIMATOLOGICAL DATA (WS FORM: F-6)
STATION: MCCALL ID
MONTH: JULY
YEAR: 2020
LATITUDE: 44 52 N
LONGITUDE: 116 6 W
TEMPERATURE IN F: :PCPN: SNOW: WIND :SUNSHINE: SKY :PK WND
================================================================================
1 2 3 4 5 6A 6B 7 8 9 10 11 12 13 14 15 16 17 18
12Z AVG MX 2MIN
DY MAX MIN AVG DEP HDD CDD WTR SNW DPTH SPD SPD DIR MIN PSBL S-S WX SPD DR
================================================================================
1 62 42 52 -5 13 0 T M M 5.1 20 190 M M 5 24 190
2 70 36 53 -5 12 0 0.00 M M 4.4 16 200 M M 0 22 210
3 79 39 59 1 6 0 0.00 M M 4.5 18 200 M M 2 23 200
4 76 45 61 3 4 0 0.00 M M 4.5 15 260 M M 1 1 21 250
5 77 44 61 3 4 0 0.00 M M 5.4 17 190 M M 0 21 180
6 81 44 63 4 2 0 0.00 M M 4.1 14 160 M M 0 19 150
7 70 53 62 3 3 0 T M M 8.1 17 270 M M 3 23 20
8 70 41 56 -3 9 0 0.00 M M 3.9 12 260 M M 0 8 15 150
9 79 39 59 -1 6 0 0.00 M M 3.7 18 190 M M 0 24 190
10 75 48 62 2 3 0 0.02 M M 4.3 18 40 M M 2 3 27 320
11 86 43 65 5 0 0 0.00 M M 5.3 21 200 M M 0 26 200
12 74 49 62 2 3 0 0.00 M M 5.8 15 10 M M 3 21 10
13 72 49 61 0 4 0 0.00 M M 7.6 15 360 M M 1 20 20
14 75 41 58 -3 7 0 0.00 M M 6.4 16 270 M M 0 8 21 270
15 79 40 60 -1 5 0 0.00 M M 4.6 13 270 M M 0 18 260
16 83 46 65 4 0 0 0.00 M M 3.6 13 200 M M 0 16 200
17 82 50 66 5 0 1 0.00 M M 6.4 22 220 M M 1 27 220
18 79 55 67 5 0 2 0.00 M M 6.0 13 350 M M 0 8 19 320
19 81 47 64 2 1 0 0.00 M M 5.0 13 290 M M 0 16 320
20 83 47 65 3 0 0 0.00 M M 5.6 17 280 M M 0 23 280
21 87 50 69 7 0 4 0.00 M M 2.7 12 200 M M 0 14 210
22 73 50 62 0 3 0 0.01 M M 2.6 12 190 M M 4 13 190
23 74 53 64 2 1 0 0.06 M M 3.0 14 170 M M 5 138 20 180
24 78 45 62 0 3 0 0.00 M M 4.8 21 200 M M 2 18 26 190
25 79 44 62 0 3 0 0.00 M M 4.7 14 350 M M 0 18 350
26 85 45 65 3 0 0 0.00 M M 3.8 10 20 M M 0 15 310
27 88 48 68 6 0 3 0.00 M M 2.8 10 180 M M 0 8 15 150
28 85 57 71 9 0 6 0.00 M M 4.9 17 200 M M 2 21 130
29 86 57 72 10 0 7 T M M 3.8 13 40 M M 2 3 17 40
30 92 52 72 10 0 7 0.00 M M 3.9 12 30 M M 0 8 15 200
31 94 57 76 14 0 11 T M M 3.6 12 190 M M 0 8 14 330
================================================================================
SM 2454 1456 92 41 0.09 M 144.9 M 33
================================================================================
AV 79.2 47.0 4.7 FASTST M M 1 MAX(MPH)
MISC ----> 22 220 # 27 320
================================================================================
NOTES:
# LAST OF SEVERAL OCCURRENCES
COLUMN 17 PEAK WIND IN M.P.H.
PRELIMINARY LOCAL CLIMATOLOGICAL DATA (WS FORM: F-6) , PAGE 2
STATION: MCCALL ID
MONTH: JULY
YEAR: 2020
LATITUDE: 44 52 N
LONGITUDE: 116 6 W
[TEMPERATURE DATA] [PRECIPITATION DATA] SYMBOLS USED IN COLUMN 16
AVERAGE MONTHLY: 63.1 TOTAL FOR MONTH: 0.09 1 = FOG OR MIST
DPTR FM NORMAL: 2.5 DPTR FM NORMAL: -0.63 2 = FOG REDUCING VISIBILITY
HIGHEST: 94 ON 31 GRTST 24HR 0.07 ON 22-23 TO 1/4 MILE OR LESS
LOWEST: 36 ON 2 3 = THUNDER
SNOW, ICE PELLETS, HAIL 4 = ICE PELLETS
TOTAL MONTH: M 5 = HAIL
GRTST 24HR M ON M 6 = FREEZING RAIN OR DRIZZLE
GRTST DEPTH: M ON M 7 = DUSTSTORM OR SANDSTORM:
VSBY 1/2 MILE OR LESS
8 = SMOKE OR HAZE
[NO. OF DAYS WITH] [WEATHER - DAYS WITH] 9 = BLOWING SNOW
X = TORNADO
MAX 32 OR BELOW: 0 0.01 INCH OR MORE: 3
MAX 90 OR ABOVE: 2 0.10 INCH OR MORE: 0
MIN 32 OR BELOW: 0 0.50 INCH OR MORE: 0
MIN 0 OR BELOW: 0 1.00 INCH OR MORE: 0
[HDD (BASE 65) ]
TOTAL THIS MO. 92 CLEAR (SCALE 0-3) 28
DPTR FM NORMAL -58 PTCLDY (SCALE 4-7) 3
TOTAL FM JUL 1 92 CLOUDY (SCALE 8-10) 0
DPTR FM NORMAL -60
[CDD (BASE 65) ]
TOTAL THIS MO. 41
DPTR FM NORMAL 26 [PRESSURE DATA]
TOTAL FM JAN 1 54 HIGHEST SLP 30.16 ON 11
DPTR FM NORMAL 38 LOWEST SLP 29.68 ON 6
[REMARKS]
#FINAL-07-20#