000
CXHW50 PHFO 011250
CF6NGF
PRELIMINARY LOCAL CLIMATOLOGICAL DATA (WS FORM: F-6)
STATION: KANEOHE BAY MCAS HI
MONTH: OCTOBER
YEAR: 2021
LATITUDE: 21 25 N
LONGITUDE: 157 46 W
TEMPERATURE IN F: :PCPN: SNOW: WIND :SUNSHINE: SKY :PK WND
================================================================================
1 2 3 4 5 6A 6B 7 8 9 10 11 12 13 14 15 16 17 18
12Z AVG MX 2MIN
DY MAX MIN AVG DEP HDD CDD WTR SNW DPTH SPD SPD DIR MIN PSBL S-S WX SPD DR
================================================================================
1 77 75 76 -4 0 11 T M M 8.4 11 90 M M 6 17 90
2 80 76 78 -2 0 13 0.02 M M 11.1 12 60 M M 5 M M
3 81 76 79 -1 0 14 0.02 M M 10.5 13 70 M M 7 18 70
4 77 77 77 -3 0 12 T M M 9.1 10 60 M M 5 19 80
5 83 75 79 -1 0 14 T M M 10.9 14 60 M M 3 17 70
6 83 76 80 0 0 15 T M M 12.4 17 60 M M 4 24 70
7 83 73 78 -2 0 13 0.07 M M 11.8 17 70 M M 6 26 80
8 82 74 78 -2 0 13 T M M 15.0 20 60 M M 4 31 70
9 78 76 77 -3 0 12 0.03 M M 14.1 17 70 M M 8 26 80
10 77 72 75 -5 0 10 0.08 M M 12.7 15 80 M M 5 1 25 80
11 81 76 79 0 0 14 0.24 M M 12.2 14 70 M M 6 1 21 60
12 81 77 79 0 0 14 0.06 M M 11.9 16 70 M M 9 21 60
13 79 75 77 -2 0 12 0.07 M M 10.1 14 50 M M 8 23 70
14 76 73 75 -4 0 10 0.10 M M 11.0 14 60 M M 5 1 21 80
15 76 72 74 -5 0 9 0.10 M M 10.0 11 80 M M 4 1 16 80
16 81 74 78 -1 0 13 0.04 M M 11.0 14 80 M M 5 8 23 80
17 81 76 79 0 0 14 0.01 M M 11.5 14 70 M M 5 21 80
18 M M M M M M T M M 13.0 13 70 M M 4 22 90
19 75 75 75 -4 0 10 0.00 M M 8.7 9 50 M M 2 M M
20 76 73 75 -4 0 10 0.00 M M 6.1 9 60 M M 3 M M
21 79 72 76 -3 0 11 0.14 M M 4.6 10 40 M M 9 1 M M
22 82 74 78 -1 0 13 T M M 7.7 11 100 M M 6 16 100
23 77 77 77 -2 0 12 T M M 11.3 11 80 M M 3 17 80
24 80 77 79 0 0 14 0.13 M M 8.7 10 50 M M 6 17 50
25 82 75 79 1 0 14 0.00 M M 10.8 13 60 M M 2 18 90
26 81 75 78 0 0 13 0.11 M M 6.8 10 50 M M 6 8 M M
27 78 76 77 -1 0 12 T M M 3.5 4 100 M M 5 M M
28 80 77 79 1 0 14 0.00 M M 6.7 7 10 M M 4 M M
29 80 73 77 -1 0 12 T M M 4.1 8 20 M M 3 30 50
30 81 72 77 -1 0 12 0.00 M M 5.1 8 50 M M 3 M M
31 81 70 76 -2 0 11 T M M 3.8 9 120 M M 3 M M
================================================================================
SM 2388 2239 0 371 1.22 M 294.6 M 154
================================================================================
AV 79.6 74.6 9.5 FASTST M M 5 MAX(MPH)
MISC ----> 20 60 31 70
================================================================================
NOTES:
# LAST OF SEVERAL OCCURRENCES
COLUMN 17 PEAK WIND IN M.P.H.
PRELIMINARY LOCAL CLIMATOLOGICAL DATA (WS FORM: F-6) , PAGE 2
STATION: KANEOHE BAY MCAS HI
MONTH: OCTOBER
YEAR: 2021
LATITUDE: 21 25 N
LONGITUDE: 157 46 W
[TEMPERATURE DATA] [PRECIPITATION DATA] SYMBOLS USED IN COLUMN 16
AVERAGE MONTHLY: 77.1 TOTAL FOR MONTH: 1.22 1 = FOG OR MIST
DPTR FM NORMAL: -2.0 DPTR FM NORMAL: -1.36 2 = FOG REDUCING VISIBILITY
HIGHEST: 83 ON 7, 6 GRTST 24HR 0.24 ON 11-11 TO 1/4 MILE OR LESS
LOWEST: 70 ON 31 3 = THUNDER
SNOW, ICE PELLETS, HAIL 4 = ICE PELLETS
TOTAL MONTH: M 5 = HAIL
GRTST 24HR M ON M 6 = FREEZING RAIN OR DRIZZLE
GRTST DEPTH: M ON M 7 = DUSTSTORM OR SANDSTORM:
VSBY 1/2 MILE OR LESS
8 = SMOKE OR HAZE
[NO. OF DAYS WITH] [WEATHER - DAYS WITH] 9 = BLOWING SNOW
X = TORNADO
MAX 32 OR BELOW: 0 0.01 INCH OR MORE: 15
MAX 90 OR ABOVE: 0 0.10 INCH OR MORE: 4
MIN 32 OR BELOW: 0 0.50 INCH OR MORE: 0
MIN 0 OR BELOW: 0 1.00 INCH OR MORE: 0
[HDD (BASE 65) ]
TOTAL THIS MO. 0 CLEAR (SCALE 0-3) 6
DPTR FM NORMAL 0 PTCLDY (SCALE 4-7) 21
TOTAL FM JUL 1 0 CLOUDY (SCALE 8-10) 4
DPTR FM NORMAL 0
[CDD (BASE 65) ]
TOTAL THIS MO. 371
DPTR FM NORMAL -65 [PRESSURE DATA]
TOTAL FM JAN 1 3456 HIGHEST SLP M ON M
DPTR FM NORMAL -133 LOWEST SLP 29.86 ON 3
[REMARKS]
#FINAL-10-21#