000
CXHW50 PHFO 011250
CF6NGF
PRELIMINARY LOCAL CLIMATOLOGICAL DATA (WS FORM: F-6)
STATION: KANEOHE BAY MCAS HI
MONTH: AUGUST
YEAR: 2021
LATITUDE: 21 25 N
LONGITUDE: 157 46 W
TEMPERATURE IN F: :PCPN: SNOW: WIND :SUNSHINE: SKY :PK WND
================================================================================
1 2 3 4 5 6A 6B 7 8 9 10 11 12 13 14 15 16 17 18
12Z AVG MX 2MIN
DY MAX MIN AVG DEP HDD CDD WTR SNW DPTH SPD SPD DIR MIN PSBL S-S WX SPD DR
================================================================================
1 78 78 78 -2 0 13 T M M 12.2 12 80 M M 5 20 80
2 85 74 80 0 0 15 0.01 M M 15.0 18 70 M M 7 36 90
3 83 75 79 -1 0 14 0.05 M M 12.0 14 80 M M 6 20 80
4 82 77 80 0 0 15 T M M 11.6 15 70 M M 6 8 22 80
5 82 76 79 -1 0 14 0.00 M M 12.0 14 80 M M 8 23 90
6 84 77 81 1 0 16 0.05 M M 10.6 13 70 M M 7 21 80
7 78 78 78 -2 0 13 0.00 M M 12.2 12 90 M M 4 18 90
8 81 78 80 0 0 15 T M M 10.9 11 70 M M 5 17 70
9 85 77 81 1 0 16 T M M 10.1 14 70 M M 5 18 110
10 83 77 80 0 0 15 0.00 M M 6.2 10 50 M M 9 18 99
11 82 77 80 0 0 15 T M M 5.1 8 70 M M 6 M M
12 79 76 78 -2 0 13 0.01 M M 9.3 12 70 M M 5 20 70
13 78 78 78 -2 0 13 0.02 M M 9.5 10 70 M M 6 23 90
14 79 76 78 -2 0 13 0.04 M M 10.2 14 40 M M 6 1 17 70
15 78 77 78 -2 0 13 0.00 M M 8.2 10 70 M M 4 M M
16 83 79 81 1 0 16 0.00 M M 5.2 8 30 M M 4 M M
17 80 75 78 -2 0 13 0.53 M M 4.7 7 260 M M 7 M M
18 84 74 79 -1 0 14 0.78 M M 6.8 10 50 M M 5 1 17 90
19 83 78 81 1 0 16 0.02 M M 9.2 15 70 M M 7 19 80
20 81 76 79 -1 0 14 0.15 M M 9.1 13 90 M M 6 1 21 60
21 75 75 75 -5 0 10 0.02 M M 7.8 11 90 M M 8 24 70
22 82 76 79 -1 0 14 0.16 M M 10.2 13 50 M M 6 1 22 80
23 83 75 79 -1 0 14 0.60 M M 15.2 31 50 M M 9 18 37 50
24 83 78 81 1 0 16 0.00 M M 10.6 14 70 M M 7 21 90
25 77 74 76 -4 0 11 0.04 M M 10.1 12 60 M M 5 16 90
26 79 78 79 -1 0 14 0.00 M M 11.3 12 70 M M 4 18 70
27 78 77 78 -2 0 13 T M M 9.5 12 80 M M 4 18 90
28 83 77 80 0 0 15 0.01 M M 10.2 14 60 M M 3 M M
29 76 76 76 -4 0 11 0.12 M M 6.9 7 90 M M 3 14 90
30 80 74 77 -3 0 12 0.04 M M 3.0 8 30 M M 4 M M
31 80 74 77 -3 0 12 0.33 M M 3.3 7 30 M M 5 M M
================================================================================
SM 2504 2367 0 428 2.98 M 288.1 M 176
================================================================================
AV 80.8 76.4 9.3 FASTST M M 6 MAX(MPH)
MISC ----> 31 50 37 50
================================================================================
NOTES:
# LAST OF SEVERAL OCCURRENCES
COLUMN 17 PEAK WIND IN M.P.H.
PRELIMINARY LOCAL CLIMATOLOGICAL DATA (WS FORM: F-6) , PAGE 2
STATION: KANEOHE BAY MCAS HI
MONTH: AUGUST
YEAR: 2021
LATITUDE: 21 25 N
LONGITUDE: 157 46 W
[TEMPERATURE DATA] [PRECIPITATION DATA] SYMBOLS USED IN COLUMN 16
AVERAGE MONTHLY: 78.6 TOTAL FOR MONTH: 2.98 1 = FOG OR MIST
DPTR FM NORMAL: -1.2 DPTR FM NORMAL: 1.56 2 = FOG REDUCING VISIBILITY
HIGHEST: 85 ON 9, 2 GRTST 24HR 0.78 ON 18-18 TO 1/4 MILE OR LESS
LOWEST: 74 ON 31,30 3 = THUNDER
SNOW, ICE PELLETS, HAIL 4 = ICE PELLETS
TOTAL MONTH: M 5 = HAIL
GRTST 24HR M ON M 6 = FREEZING RAIN OR DRIZZLE
GRTST DEPTH: M ON M 7 = DUSTSTORM OR SANDSTORM:
VSBY 1/2 MILE OR LESS
8 = SMOKE OR HAZE
[NO. OF DAYS WITH] [WEATHER - DAYS WITH] 9 = BLOWING SNOW
X = TORNADO
MAX 32 OR BELOW: 0 0.01 INCH OR MORE: 18
MAX 90 OR ABOVE: 0 0.10 INCH OR MORE: 7
MIN 32 OR BELOW: 0 0.50 INCH OR MORE: 3
MIN 0 OR BELOW: 0 1.00 INCH OR MORE: 0
[HDD (BASE 65) ]
TOTAL THIS MO. 0 CLEAR (SCALE 0-3) 2
DPTR FM NORMAL 0 PTCLDY (SCALE 4-7) 27
TOTAL FM JUL 1 0 CLOUDY (SCALE 8-10) 2
DPTR FM NORMAL 0
[CDD (BASE 65) ]
TOTAL THIS MO. 428
DPTR FM NORMAL -29 [PRESSURE DATA]
TOTAL FM JAN 1 2678 HIGHEST SLP M ON M
DPTR FM NORMAL -29 LOWEST SLP 29.89 ON 23
[REMARKS]
#FINAL-08-21#