000
CXUS51 KOKX 011430 RRA
CLMNYC
CLIMATE REPORT
NATIONAL WEATHER SERVICE NEW YORK, NY
930 AM EST FRI DEC 01 2023
...................................
...THE CENTRAL PARK NY CLIMATE SUMMARY FOR THE MONTH OF NOVEMBER 2023...
CLIMATE NORMAL PERIOD 1991 TO 2020
CLIMATE RECORD PERIOD 1869 TO 2023
WEATHER OBSERVED NORMAL DEPART LAST YEAR`S
VALUE DATE(S) VALUE FROM VALUE DATE(S)
NORMAL
................................................................
TEMPERATURE (F)
RECORD
HIGH 84 11/01/1950
LOW 5 11/30/1875
HIGHEST 67 11/17 MM MM 77 11/07
LOWEST 27 11/29 MM MM 27 11/21
AVG. MAXIMUM 53.3 54.0 -0.7 57.2
AVG. MINIMUM 40.0 42.0 -2.0 44.6
MEAN 46.7 48.0 -1.3 50.9
DAYS MAX >= 90 0 0.0 0.0 0
DAYS MAX <= 32 0 0.2 -0.2 0
DAYS MIN <= 32 3 3.6 -0.6 3
DAYS MIN <= 0 0 0.0 0.0 0
PRECIPITATION (INCHES)
RECORD
MAXIMUM 12.41 1972
MINIMUM 0.34 1976
TOTALS 2.95 3.58 -0.63 3.15
DAILY AVG. 0.10 0.12 -0.02 0.11
DAYS >= .01 6 9.2 -3.2 9
DAYS >= .10 3 5.7 -2.7 5
DAYS >= .50 2 2.6 -0.6 4
DAYS >= 1.00 1 1.0 0.0 0
GREATEST
24 HR. TOTAL 1.93 11/22 TO 11/22 0.97 11/11 TO 11/12
STORM TOTAL 1.93 0.89
(MM/DD(HH)) MM
SNOWFALL (INCHES)
TOTALS T 0.5 -0.5 0.0
LIQUID EQUIV T 0.00 0.00 0.00
SINCE 7/1 T 0.6 -0.6 MM
LIQUID 7/1 -0.10 0.00 -0.10 MM
SNOWDEPTH AVG. 0 0
DAYS >= TRACE 1 0.2 0.8 0
DAYS >= 1.0 0 0.1 -0.1 0
GREATEST
SNOW DEPTH 0 0 MM
24 HR TOTAL T MM
STORM TOTAL 0.0 0.0
(MM/DD(HH)) MM
DEGREE DAYS
HEATING TOTAL 542 511 31 426
SINCE 7/1 759 786 -27 MM
COOLING TOTAL 0 1 -1 12
SINCE 1/1 1242 1222 20 MM
................................................................
WIND (MPH)
AVERAGE WIND SPEED 4.9
HIGHEST WIND SPEED/DIRECTION 17/310 DATE 11/23
17/120 11/26
HIGHEST GUST SPEED/DIRECTION 29/130 DATE 11/26
AVERAGE RH (PERCENT) 56
WEATHER CONDITIONS. NUMBER OF DAYS WITH
THUNDERSTORM 0 MIXED PRECIP 0
HEAVY RAIN 3 RAIN 5
LIGHT RAIN 9 FREEZING RAIN 0
LT FREEZING RAIN 0 HAIL 0
HEAVY SNOW 0 SNOW 0
LIGHT SNOW 1 SLEET 0
FOG 5 FOG W/VIS <= 1/4 MILE 0
HAZE 0
- INDICATES NEGATIVE NUMBERS.
R INDICATES RECORD WAS SET OR TIED.
MM INDICATES DATA IS MISSING.
T INDICATES TRACE AMOUNT.
$$