000
CXUS53 KOAX 010952
CF6OAX
PRELIMINARY LOCAL CLIMATOLOGICAL DATA (WS FORM: F-6)
STATION: VALLEY NWS NE
MONTH: MAY
YEAR: 2023
LATITUDE: 41 19 N
LONGITUDE: 96 22 W
TEMPERATURE IN F: :PCPN: SNOW: WIND :SUNSHINE: SKY :PK WND
================================================================================
1 2 3 4 5 6A 6B 7 8 9 10 11 12 13 14 15 16 17 18
12Z AVG MX 2MIN
DY MAX MIN AVG DEP HDD CDD WTR SNW DPTH SPD SPD DIR MIN PSBL S-S WX SPD DR
================================================================================
1 63 40 52 -5 13 0 0.00 0.0 0 M M M M M M 36 M
2 67 37 52 -5 13 0 0.00 0.0 0 M M M M M M 32 M
3 73 37 55 -3 10 0 0.00 0.0 0 M M M M M M 12 M
4 84 51 68 10 0 3 0.00 0.0 0 M M M M M M 32 M
5 64 56 60 2 5 0 0.06 0.0 0 M M M M M M 23 M
6 75 58 67 8 0 2 0.02 0.0 0 M M M M M M 20 M
7 83 52 68 9 0 3 T 0.0 0 M M M M M M 1 26 M
8 84 55 70 10 0 5 0.00 0.0 0 M M M M M M 16 M
9 76 62 69 9 0 4 0.00 0.0 0 M M M M M M 23 M
10 84 61 73 13 0 8 0.00 0.0 0 M M M M M M 23 M
11 82 65 74 13 0 9 0.02 0.0 0 M M M M M M 32 M
12 82 67 75 14 0 10 T 0.0 0 M M M M M M 43 M
13 80 60 70 8 0 5 0.00 0.0 0 M M M M M M 18 M
14 73 55 64 2 1 0 0.00 0.0 0 M M M M M M 1 22 M
15 60 52 56 -7 9 0 T 0.0 0 M M M M M M 20 M
16 79 56 68 5 0 3 0.00 0.0 0 M M M M M M 17 M
17 84 52 68 5 0 3 0.00 0.0 0 M M M M M M 14 M
18 81 57 69 5 0 4 0.00 0.0 0 M M M M M M 8 22 M
19 68 46 57 -7 8 0 0.00 0.0 0 M M M M M M 8 33 M
20 74 42 58 -7 7 0 0.00 0.0 0 M M M M M M 13 M
21 82 53 68 3 0 3 0.00 0.0 0 M M M M M M 22 M
22 82 57 70 4 0 5 0.00 0.0 0 M M M M M M 20 M
23 85 59 72 6 0 7 0.00 0.0 0 M M M M M M 17 M
24 87 58 73 7 0 8 0.00 0.0 0 M M M M M M 20 M
25 85 65 75 8 0 10 0.00 0.0 0 M M M M M M 26 M
26 84 60 72 5 0 7 0.00 0.0 0 M M M M M M 24 M
27 83 55 69 1 0 4 0.00 0.0 0 M M M M M M 22 M
28 86 58 72 4 0 7 0.00 0.0 0 M M M M M M 25 M
29 89 67 78 10 0 13 0.00 0.0 0 M M M M M M 26 M
30 93 68 81 12 0 16 0.00 0.0 0 M M M M M M 28 M
31 93 68 81 12 0 16 0.00 0.0 0 M M M M M M 22 M
================================================================================
SM 2465 1729 66 155 0.10 0.0 M M M
================================================================================
AV 79.5 55.8 M FASTST M M M MAX(MPH)
MISC ----> M M 43 9999
================================================================================
NOTES:
# LAST OF SEVERAL OCCURRENCES
COLUMN 17 PEAK WIND IN M.P.H.
PRELIMINARY LOCAL CLIMATOLOGICAL DATA (WS FORM: F-6) , PAGE 2
STATION: VALLEY NWS NE
MONTH: MAY
YEAR: 2023
LATITUDE: 41 19 N
LONGITUDE: 96 22 W
[TEMPERATURE DATA] [PRECIPITATION DATA] SYMBOLS USED IN COLUMN 16
AVERAGE MONTHLY: 67.6 TOTAL FOR MONTH: 0.10 1 = FOG OR MIST
DPTR FM NORMAL: 4.6 DPTR FM NORMAL: -4.64 2 = FOG REDUCING VISIBILITY
HIGHEST: 93 ON 31,30 GRTST 24HR 0.08 ON 5- 6 TO 1/4 MILE OR LESS
LOWEST: 37 ON 3, 2 3 = THUNDER
SNOW, ICE PELLETS, HAIL 4 = ICE PELLETS
TOTAL MONTH: 0.0 INCH 5 = HAIL
GRTST 24HR 0.0 6 = FREEZING RAIN OR DRIZZLE
GRTST DEPTH: 0 7 = DUSTSTORM OR SANDSTORM:
VSBY 1/2 MILE OR LESS
8 = SMOKE OR HAZE
[NO. OF DAYS WITH] [WEATHER - DAYS WITH] 9 = BLOWING SNOW
X = TORNADO
MAX 32 OR BELOW: 0 0.01 INCH OR MORE: 3
MAX 90 OR ABOVE: 2 0.10 INCH OR MORE: 0
MIN 32 OR BELOW: 0 0.50 INCH OR MORE: 0
MIN 0 OR BELOW: 0 1.00 INCH OR MORE: 0
[HDD (BASE 65) ]
TOTAL THIS MO. 66 CLEAR (SCALE 0-3) 0
DPTR FM NORMAL -77 PTCLDY (SCALE 4-7) 0
TOTAL FM JUL 1 5817 CLOUDY (SCALE 8-10) 31
DPTR FM NORMAL -114
[CDD (BASE 65) ]
TOTAL THIS MO. 155
DPTR FM NORMAL 74 [PRESSURE DATA]
TOTAL FM JAN 1 177 HIGHEST SLP M ON M
DPTR FM NORMAL 85 LOWEST SLP M ON M
[REMARKS]
#FINAL-05-23#