000
CXUS54 KMAF 012306
CF6ODO
PRELIMINARY LOCAL CLIMATOLOGICAL DATA (WS FORM: F-6)
STATION: ODESSA SCHLEYMEYER
MONTH: MARCH
YEAR: 2023
LATITUDE: 31 55 N
LONGITUDE: 102 23 W
TEMPERATURE IN F: :PCPN: SNOW: WIND :SUNSHINE: SKY :PK WND
================================================================================
1 2 3 4 5 6A 6B 7 8 9 10 11 12 13 14 15 16 17 18
12Z AVG MX 2MIN
DY MAX MIN AVG DEP HDD CDD WTR SNW DPTH SPD SPD DIR MIN PSBL S-S WX SPD DR
================================================================================
1 74 53 64 11 1 0 0.00 M M 7.9 20 250 M M 0 29 240
2 77 43 60 7 5 0 T M M 17.6 47 290 M M 2 8 63 290
3 68 37 53 0 12 0 0.00 M M 11.2 21 220 M M 0 27 230
4 72 42 57 3 8 0 0.00 M M 6.9 16 20 M M 0 8 22 20
5 83 49 66 12 0 1 0.00 M M 9.4 22 240 M M 0 29 220
6 85 54 70 16 0 5 0.00 M M 8.0 20 240 M M 0 8 29 240
7 83 55 69 15 0 4 0.00 M M 6.3 23 40 M M 0 35 40
8 54 45 50 -5 15 0 0.00 M M 11.5 21 50 M M 7 18 27 60
9 72 45 59 4 6 0 0.00 M M 6.7 20 80 M M 10 12 24 80
10 70 47 59 4 6 0 0.00 M M 12.7 20 170 M M 5 25 80
11 88 53 71 15 0 6 0.00 M M 16.1 30 270 M M M 40 260
12 73 47 60 4 5 0 0.00 M M 11.1 25 100 M M M 34 90
13 66 40 53 -3 12 0 0.00 M M 13.0 21 70 M M M 28 100
14 71 37 54 -2 11 0 0.00 M M 11.1 21 160 M M M 29 150
15 73 53 63 6 2 0 0.00 M M 18.0 28 170 M M M 38 170
16 76 41 59 2 6 0 0.00 M M 19.2 33 270 M M M 45 260
17 53 37 45 -13 20 0 0.00 M M 11.1 26 30 M M M 37 30
18 54 36 45 -13 20 0 0.00 M M 8.5 20 80 M M M 25 80
19 57 32 45 -13 20 0 0.00 M M 11.7 23 170 M M M 33 150
20 67 38 53 -5 12 0 0.00 M M 16.3 25 170 M M 0 35 160
21 80 45 63 4 2 0 0.00 M M 13.9 23 210 M M 2 1 32 230
22 86 55 71 12 0 6 0.00 M M 9.2 20 200 M M 0 27 210
23 86 60 73 14 0 8 0.00 M M 7.7 21 320 M M 0 18 30 310
24 71 48 60 0 5 0 0.00 M M 17.1 41 280 M M 1 8 54 280
25 71 41 56 -4 9 0 0.00 M M 10.5 25 330 M M 0 33 350
26 74 43 59 -1 6 0 0.00 M M 9.7 23 260 M M 0 8 30 250
27 75 39 57 -3 8 0 0.00 M M 8.3 16 50 M M 0 20 60
28 61 39 50 -11 15 0 0.00 M M 14.8 28 40 M M 3 8 38 40
29 77 47 62 1 3 0 0.00 M M 12.8 22 160 M M 3 29 160
30 79 54 67 6 0 2 0.00 M M 16.3 28 180 M M 0 8 40 170
31 74 51 63 1 2 0 0.00 M M 13.3 37 300 M M 0 8 48 300
================================================================================
SM 2250 1406 211 32 T M 367.9 M 33
================================================================================
AV 72.6 45.4 11.9 FASTST M M 2 MAX(MPH)
MISC ----> 47 290 63 290
================================================================================
NOTES:
# LAST OF SEVERAL OCCURRENCES
COLUMN 17 PEAK WIND IN M.P.H.
PRELIMINARY LOCAL CLIMATOLOGICAL DATA (WS FORM: F-6) , PAGE 2
STATION: ODESSA SCHLEYMEYER
MONTH: MARCH
YEAR: 2023
LATITUDE: 31 55 N
LONGITUDE: 102 23 W
[TEMPERATURE DATA] [PRECIPITATION DATA] SYMBOLS USED IN COLUMN 16
AVERAGE MONTHLY: 59.0 TOTAL FOR MONTH: T 1 = FOG OR MIST
DPTR FM NORMAL: 1.9 DPTR FM NORMAL: -0.73 2 = FOG REDUCING VISIBILITY
HIGHEST: 88 ON 11 GRTST 24HR T ON 2- 2 TO 1/4 MILE OR LESS
LOWEST: 32 ON 19 3 = THUNDER
SNOW, ICE PELLETS, HAIL 4 = ICE PELLETS
TOTAL MONTH: M 5 = HAIL
GRTST 24HR M ON M 6 = FREEZING RAIN OR DRIZZLE
GRTST DEPTH: M ON M 7 = DUSTSTORM OR SANDSTORM:
VSBY 1/2 MILE OR LESS
8 = SMOKE OR HAZE
[NO. OF DAYS WITH] [WEATHER - DAYS WITH] 9 = BLOWING SNOW
X = TORNADO
MAX 32 OR BELOW: 0 0.01 INCH OR MORE: 0
MAX 90 OR ABOVE: 0 0.10 INCH OR MORE: 0
MIN 32 OR BELOW: 1 0.50 INCH OR MORE: 0
MIN 0 OR BELOW: 0 1.00 INCH OR MORE: 0
[HDD (BASE 65) ]
TOTAL THIS MO. 211 CLEAR (SCALE 0-3) 19
DPTR FM NORMAL -59 PTCLDY (SCALE 4-7) 2
TOTAL FM JUL 1 2131 CLOUDY (SCALE 8-10) 10
DPTR FM NORMAL -270
[CDD (BASE 65) ]
TOTAL THIS MO. 32
DPTR FM NORMAL 5 [PRESSURE DATA]
TOTAL FM JAN 1 37 HIGHEST SLP 30.44 ON 19
DPTR FM NORMAL 7 LOWEST SLP 29.40 ON 2
[REMARKS]
#FINAL-03-23#