000
CXUS53 KGID 010831
CF6ODX
PRELIMINARY LOCAL CLIMATOLOGICAL DATA (WS FORM: F-6)
STATION: ORD NE
MONTH: APRIL
YEAR: 2022
LATITUDE: 41 37 N
LONGITUDE: 98 57 W
TEMPERATURE IN F: :PCPN: SNOW: WIND :SUNSHINE: SKY :PK WND
================================================================================
1 2 3 4 5 6A 6B 7 8 9 10 11 12 13 14 15 16 17 18
12Z AVG MX 2MIN
DY MAX MIN AVG DEP HDD CDD WTR SNW DPTH SPD SPD DIR MIN PSBL S-S WX SPD DR
================================================================================
1 64 16 40 -4 25 0 T M M 9.2 30 350 M M 2 38 350
2 63 22 43 -1 22 0 0.00 M M 7.5 17 330 M M 0 24 340
3 64 34 49 5 16 0 0.00 M M 13.8 29 330 M M 0 37 330
4 65 17 41 -4 24 0 0.00 M M 12.9 29 190 M M 0 1 40 180
5 62 41 52 7 13 0 T M M 19.7 40 320 M M 2 49 330
6 49 40 45 0 20 0 T M M 25.9 43 310 M M 6 8 57 310
7 43 36 40 -6 25 0 0.01 M M 31.7 46 320 M M 5 18 61 320
8 55 20 38 -8 27 0 0.00 M M 16.9 30 340 M M 0 42 360
9 75 15 45 -1 20 0 0.00 M M 10.8 26 180 M M 0 8 36 170
10 61 35 48 2 17 0 0.00 M M 16.6 32 340 M M 1 8 41 330
11 64 21 43 -4 22 0 0.00 M M 9.8 22 190 M M 0 8 30 190
12 89 31 60 13 5 0 0.00 M M 24.9 47 310 M M 2 65 310
13 46 21 34 -13 31 0 0.00 M M 23.6 39 320 M M 1 51 310
14 54 23 39 -8 26 0 0.00 M M 18.9 32 300 M M 0 44 290
15 47 17 32 -16 33 0 0.00 M M 10.7 21 340 M M 0 29 30
16 49 19 34 -14 31 0 0.00 M M 8.8 17 20 M M 1 24 10
17 67 39 53 5 12 0 0.00 M M 15.0 30 340 M M 6 39 340
18 56 24 40 -8 25 0 0.00 M M 11.6 23 330 M M 2 30 350
19 64 31 48 -1 17 0 0.00 M M 19.1 37 180 M M 1 8 56 170
20 70 38 54 5 11 0 0.02 M M 9.9 26 330 M M 4 1 40 330
21 72 30 51 2 14 0 0.00 M M 12.9 25 130 M M 3 42 110
22 92 57 75 25 0 10 0.00 M M 23.5 38 170 M M 4 18 54 170
23 74 41 58 8 7 0 0.02 M M 28.3 45 210 M M 3 8 63 180
24 50 37 44 -6 21 0 T M M 24.7 41 310 M M 6 54 290
25 57 25 41 -10 24 0 0.00 M M 13.2 28 330 M M 0 37 340
26 76 20 48 -3 17 0 0.00 M M 12.9 30 190 M M 0 41 200
27 77 42 60 9 5 0 0.00 M M 6.2 17 180 M M 0 24 190
28 82 41 62 10 3 0 0.09 M M 7.7 29 340 M M 1 3 38 340
29 65 48 57 5 8 0 0.63 M M 15.5 43 310 M M 8 13 56 310
30 53 42 48 -4 17 0 0.51 M M 29.6 48 330 M M 8 1 65 310
================================================================================
SM 1905 923 538 10 1.28 M 491.8 M 66
================================================================================
AV 63.5 30.8 16.4 FASTST M M 2 MAX(MPH)
MISC ----> 48 330 # 65 310
================================================================================
NOTES:
# LAST OF SEVERAL OCCURRENCES
COLUMN 17 PEAK WIND IN M.P.H.
PRELIMINARY LOCAL CLIMATOLOGICAL DATA (WS FORM: F-6) , PAGE 2
STATION: ORD NE
MONTH: APRIL
YEAR: 2022
LATITUDE: 41 37 N
LONGITUDE: 98 57 W
[TEMPERATURE DATA] [PRECIPITATION DATA] SYMBOLS USED IN COLUMN 16
AVERAGE MONTHLY: 47.1 TOTAL FOR MONTH: 1.28 1 = FOG OR MIST
DPTR FM NORMAL: -0.8 DPTR FM NORMAL: -1.60 2 = FOG REDUCING VISIBILITY
HIGHEST: 92 ON 22 GRTST 24HR 1.14 ON 29-30 TO 1/4 MILE OR LESS
LOWEST: 15 ON 9 3 = THUNDER
SNOW, ICE PELLETS, HAIL 4 = ICE PELLETS
TOTAL MONTH: M 5 = HAIL
GRTST 24HR M ON M 6 = FREEZING RAIN OR DRIZZLE
GRTST DEPTH: M ON M 7 = DUSTSTORM OR SANDSTORM:
VSBY 1/2 MILE OR LESS
8 = SMOKE OR HAZE
[NO. OF DAYS WITH] [WEATHER - DAYS WITH] 9 = BLOWING SNOW
X = TORNADO
MAX 32 OR BELOW: 0 0.01 INCH OR MORE: 6
MAX 90 OR ABOVE: 1 0.10 INCH OR MORE: 2
MIN 32 OR BELOW: 16 0.50 INCH OR MORE: 2
MIN 0 OR BELOW: 0 1.00 INCH OR MORE: 0
[HDD (BASE 65) ]
TOTAL THIS MO. 538 CLEAR (SCALE 0-3) 21
DPTR FM NORMAL 23 PTCLDY (SCALE 4-7) 8
TOTAL FM JUL 1 5834 CLOUDY (SCALE 8-10) 1
DPTR FM NORMAL -537
[CDD (BASE 65) ]
TOTAL THIS MO. 10
DPTR FM NORMAL 8 [PRESSURE DATA]
TOTAL FM JAN 1 10 HIGHEST SLP 30.47 ON 18
DPTR FM NORMAL 8 LOWEST SLP 29.09 ON 12
[REMARKS]
#FINAL-04-22#