055
CXHW52 PHFO 011250
CF6OGG
PRELIMINARY LOCAL CLIMATOLOGICAL DATA (WS FORM: F-6)
STATION: KAHULUI HI
MONTH: MAY
YEAR: 2020
LATITUDE: 20 53 N
LONGITUDE: 156 26 W
TEMPERATURE IN F: :PCPN: SNOW: WIND :SUNSHINE: SKY :PK WND
================================================================================
1 2 3 4 5 6A 6B 7 8 9 10 11 12 13 14 15 16 17 18
12Z AVG MX 2MIN
DY MAX MIN AVG DEP HDD CDD WTR SNW DPTH SPD SPD DIR MIN PSBL S-S WX SPD DR
================================================================================
1 83 71 77 2 0 12 0.01 0.0 M 21.1 33 40 M M M 18 40 40
2 86 71 79 4 0 14 0.01 0.0 M 19.5 31 40 M M M 1 39 40
3 86 71 79 4 0 14 T 0.0 M 19.0 30 40 M M M 18 39 40
4 86 72 79 4 0 14 T 0.0 M 18.6 31 40 M M M 39 40
5 88 69 79 4 0 14 0.00 0.0 M 17.3 26 40 M M M 34 50
6 85 60 73 -2 0 8 0.00 0.0 M 11.0 23 30 M M M 26 20
7 83 69 76 1 0 11 T 0.0 M 12.9 24 30 M M M 27 30
8 81 69 75 0 0 10 0.72 0.0 M 13.7 23 40 M M M 18 27 40
9 83 72 78 3 0 13 T 0.0 M 13.6 23 40 M M M 26 40
10 84 68 76 1 0 11 0.00 0.0 M 12.6 26 30 M M M 30 30
11 85 66 76 1 0 11 T 0.0 M 12.7 28 50 M M M 35 70
12 85 69 77 2 0 12 T 0.0 M 13.0 28 40 M M M 8 34 40
13 85 63 74 -2 0 9 0.00 0.0 M 10.0 25 30 M M M 29 30
14 88 66 77 1 0 12 0.00 0.0 M 6.9 17 40 M M M 19 40
15 89 65 77 1 0 12 0.00 0.0 M 12.6 25 30 M M M 30 30
16 89 67 78 2 0 13 0.00 0.0 M 15.8 28 40 M M M 32 40
17 91 69 80 4 0 15 0.00 0.0 M 15.3 30 40 M M M 36 30
18 90 69 80 4 0 15 0.00 0.0 M 14.5 30 40 M M M 36 40
19 87 74 81 5 0 16 T 0.0 M 15.4 30 40 M M M 34 40
20 89 75 82 6 0 17 T 0.0 M 15.3 26 40 M M M 32 40
21 89 74 82 6 0 17 0.00 0.0 M 15.9 29 40 M M M 37 60
22 88 74 81 5 0 16 T 0.0 M 14.8 28 30 M M M 33 30
23 92 65 79 3 0 14 0.00 0.0 M 9.2 23 50 M M M 32 80
24 91 68 80 4 0 15 0.00 0.0 M 11.2 26 30 M M M 32 40
25 92 63 78 1 0 13 0.00 0.0 M 7.7 24 40 M M M 27 40
26 89 67 78 1 0 13 0.00 0.0 M 11.5 26 40 M M M 30 30
27 91 70 81 4 0 16 0.00 0.0 M 11.5 30 40 M M M 36 70
28 88 65 77 0 0 12 0.00 0.0 M 15.6 30 40 M M M 38 40
29 90 74 82 5 0 17 0.00 0.0 M 15.9 26 40 M M M 31 40
30 88 74 81 4 0 16 0.00 0.0 M 14.2 23 30 M M M 29 30
31 88 71 80 3 0 15 0.00 0.0 M 16.2 30 30 M M M 35 40
================================================================================
SM 2709 2140 0 417 0.74 0.0 434.5 M M
================================================================================
AV 87.4 69.0 14.0 FASTST M M 0 MAX(MPH)
MISC ----> # 33 40 # 40 40
================================================================================
NOTES:
# LAST OF SEVERAL OCCURRENCES
COLUMN 17 PEAK WIND IN M.P.H.
PRELIMINARY LOCAL CLIMATOLOGICAL DATA (WS FORM: F-6) , PAGE 2
STATION: KAHULUI HI
MONTH: MAY
YEAR: 2020
LATITUDE: 20 53 N
LONGITUDE: 156 26 W
[TEMPERATURE DATA] [PRECIPITATION DATA] SYMBOLS USED IN COLUMN 16
AVERAGE MONTHLY: 78.2 TOTAL FOR MONTH: 0.74 1 = FOG OR MIST
DPTR FM NORMAL: 2.4 DPTR FM NORMAL: 0.00 2 = FOG REDUCING VISIBILITY
HIGHEST: 92 ON 25,23 GRTST 24HR 0.72 ON 8- 8 TO 1/4 MILE OR LESS
LOWEST: 60 ON 6 3 = THUNDER
SNOW, ICE PELLETS, HAIL 4 = ICE PELLETS
TOTAL MONTH: 0.0 INCH 5 = HAIL
GRTST 24HR 0.0 6 = FREEZING RAIN OR DRIZZLE
GRTST DEPTH: M ON M 7 = DUSTSTORM OR SANDSTORM:
VSBY 1/2 MILE OR LESS
8 = SMOKE OR HAZE
[NO. OF DAYS WITH] [WEATHER - DAYS WITH] 9 = BLOWING SNOW
X = TORNADO
MAX 32 OR BELOW: 0 0.01 INCH OR MORE: 3
MAX 90 OR ABOVE: 7 0.10 INCH OR MORE: 1
MIN 32 OR BELOW: 0 0.50 INCH OR MORE: 1
MIN 0 OR BELOW: 0 1.00 INCH OR MORE: 0
[HDD (BASE 65) ]
TOTAL THIS MO. 0 CLEAR (SCALE 0-3) 0
DPTR FM NORMAL 0 PTCLDY (SCALE 4-7) 0
TOTAL FM JUL 1 0 CLOUDY (SCALE 8-10) 0
DPTR FM NORMAL 0
[CDD (BASE 65) ]
TOTAL THIS MO. 417
DPTR FM NORMAL 84 [PRESSURE DATA]
TOTAL FM JAN 1 1585 HIGHEST SLP 30.23 ON 2
DPTR FM NORMAL 326 LOWEST SLP 29.95 ON 23
[REMARKS]
#FINAL-05-20#