000
CXUS55 KEAX 010736
CF6OJC
PRELIMINARY LOCAL CLIMATOLOGICAL DATA (WS FORM: F-6)
STATION: JOHNSON COUNTY EXECUTIVE KS
MONTH: MARCH
YEAR: 2021
LATITUDE: 38 50 N
LONGITUDE: 94 44 W
TEMPERATURE IN F: :PCPN: SNOW: WIND :SUNSHINE: SKY :PK WND
================================================================================
1 2 3 4 5 6A 6B 7 8 9 10 11 12 13 14 15 16 17 18
12Z AVG MX 2MIN
DY MAX MIN AVG DEP HDD CDD WTR SNW DPTH SPD SPD DIR MIN PSBL S-S WX SPD DR
================================================================================
1 54 23 39 0 26 0 0.00 M M 5.2 14 350 M M 0 1 20 330
2 60 28 44 4 21 0 0.00 M M 8.4 18 210 M M 0 27 220
3 69 34 52 12 13 0 0.00 M M 6.3 14 200 M M 0 8 19 200
4 72 37 55 15 10 0 0.00 M M 5.4 20 80 M M 0 28 80
5 56 35 46 5 19 0 T 0.0 M 8.8 18 90 M M 3 28 60
6 64 33 49 8 16 0 0.00 M M 6.8 16 200 M M 1 26 200
7 67 38 53 11 12 0 0.00 M M 10.2 24 200 M M 0 38 190
8 69 42 56 14 9 0 0.00 M M 11.3 21 200 M M 0 31 190
9 74 49 62 20 3 0 0.00 M M 18.3 30 170 M M 1 8 46 170
10 73 50 62 19 3 0 0.53 M M 20.0 36 200 M M 7 13 51 200
11 60 40 50 7 15 0 0.00 M M 8.4 17 350 M M 5 26 340
12 49 43 46 2 19 0 0.17 M M 10.2 18 110 M M 8 25 80
13 52 42 47 3 18 0 0.07 M M 13.4 20 100 M M 10 1 29 90
14 51 42 47 3 18 0 0.87 M M 14.1 25 90 M M 10 1 37 80
15 52 43 48 3 17 0 0.31 M M 8.8 16 110 M M 8 123 24 110
16 50 42 46 1 19 0 0.00 M M 9.2 17 40 M M 10 1 22 40
17 46 36 41 -4 24 0 0.98 M M 17.3 30 10 M M 10 13 44 10
18 47 35 41 -5 24 0 0.12 M M 15.0 29 350 M M 10 1 40 320
19 57 31 44 -2 21 0 0.00 M M 7.2 13 50 M M 0 20 50
20 60 33 47 1 18 0 0.00 M M 10.3 17 140 M M 0 24 150
21 66 44 55 8 10 0 0.00 M M 14.0 31 180 M M 0 43 180
22 62 50 56 9 9 0 T M M 10.0 18 150 M M 6 25 180
23 57 48 53 5 12 0 0.26 M M 13.5 23 170 M M 10 1 34 120
24 49 44 47 -1 18 0 0.01 M M 8.8 18 10 M M 10 1 27 290
25 45 41 43 -5 22 0 0.53 M M 7.2 15 20 M M 10 1 19 30
26 63 33 48 0 17 0 0.00 M M 7.8 20 160 M M 4 12 26 160
27 62 46 54 5 11 0 0.04 M M 11.6 20 310 M M 4 1 29 330
28 59 35 47 -2 18 0 0.00 M M 8.6 21 330 M M 0 34 320
29 73 46 60 10 5 0 0.00 M M 19.8 30 190 M M 0 50 200
30 61 45 53 3 12 0 0.00 M M 15.0 26 210 M M 4 42 200
31 52 33 43 -7 22 0 0.00 M M 9.6 22 330 M M 1 31 340
================================================================================
SM 1831 1221 481 0 3.89 0.0 340.5 M 132
================================================================================
AV 59.1 39.4 11.0 FASTST M M 4 MAX(MPH)
MISC ----> 36 200 51 200
================================================================================
NOTES:
# LAST OF SEVERAL OCCURRENCES
COLUMN 17 PEAK WIND IN M.P.H.
PRELIMINARY LOCAL CLIMATOLOGICAL DATA (WS FORM: F-6) , PAGE 2
STATION: JOHNSON COUNTY EXECUTIVE KS
MONTH: MARCH
YEAR: 2021
LATITUDE: 38 50 N
LONGITUDE: 94 44 W
[TEMPERATURE DATA] [PRECIPITATION DATA] SYMBOLS USED IN COLUMN 16
AVERAGE MONTHLY: 49.2 TOTAL FOR MONTH: 3.89 1 = FOG OR MIST
DPTR FM NORMAL: 4.3 DPTR FM NORMAL: 1.26 2 = FOG REDUCING VISIBILITY
HIGHEST: 74 ON 9 GRTST 24HR 1.07 ON 17-18 TO 1/4 MILE OR LESS
LOWEST: 23 ON 1 3 = THUNDER
SNOW, ICE PELLETS, HAIL 4 = ICE PELLETS
TOTAL MONTH: 0.0 INCH 5 = HAIL
GRTST 24HR 0.0 6 = FREEZING RAIN OR DRIZZLE
GRTST DEPTH: M ON M 7 = DUSTSTORM OR SANDSTORM:
VSBY 1/2 MILE OR LESS
8 = SMOKE OR HAZE
[NO. OF DAYS WITH] [WEATHER - DAYS WITH] 9 = BLOWING SNOW
X = TORNADO
MAX 32 OR BELOW: 0 0.01 INCH OR MORE: 11
MAX 90 OR ABOVE: 0 0.10 INCH OR MORE: 8
MIN 32 OR BELOW: 3 0.50 INCH OR MORE: 4
MIN 0 OR BELOW: 0 1.00 INCH OR MORE: 0
[HDD (BASE 65) ]
TOTAL THIS MO. 481 CLEAR (SCALE 0-3) 14
DPTR FM NORMAL -143 PTCLDY (SCALE 4-7) 9
TOTAL FM JUL 1 4380 CLOUDY (SCALE 8-10) 8
DPTR FM NORMAL -138
[CDD (BASE 65) ]
TOTAL THIS MO. 0
DPTR FM NORMAL -1 [PRESSURE DATA]
TOTAL FM JAN 1 0 HIGHEST SLP M ON M
DPTR FM NORMAL -1 LOWEST SLP 29.45 ON 23
[REMARKS]
#FINAL-03-21#