000
CXUS53 KEAX 010850 RRA
CLMOJC
STLCLMWK4 000
TTAA00 EAX 010844
CLIMATE REPORT
NATIONAL WEATHER SERVICE KANSAS CITY/PLEASANT HILL MO
243 AM CST THU FEB 01 2024
...................................
...THE JOHNSON COUNTY EXECUTIVE KS CLIMATE SUMMARY FOR THE MONTH OF JANUARY 2024...
CLIMATE NORMAL PERIOD: 1991 TO 2020
CLIMATE RECORD PERIOD: 9999 TO 9999
WEATHER OBSERVED NORMAL DEPART LAST YEAR`S
VALUE DATE(S) VALUE FROM VALUE DATE(S)
NORMAL
................................................................
TEMPERATURE (F)
HIGHEST 62 01/31 61 1 61 01/01
LOWEST -9R 01/15 2 -11 9 01/31
01/13
01/14
AVG. MAXIMUM 33.2 38.7 -5.5 44.3
AVG. MINIMUM 18.3 21.2 -2.9 26.5
MEAN 25.7 30.0 -4.3 35.4
DAYS MAX >= 90 0 0.0 0.0 0
DAYS MAX <= 32 9 9.6 -0.6 4
DAYS MIN <= 32 29 26.7 2.3 25
DAYS MIN <= 0 5 1.6 3.4 0
PRECIPITATION (INCHES)
TOTALS 1.70 1.06 0.64 1.73
DAILY AVG. 0.05 0.03 0.02 0.06
DAYS >= .01 8 5.1 2.9 7
DAYS >= .10 6 2.1 3.9 5
DAYS >= .50 0 0.6 -0.6 1
DAYS >= 1.00 0 0.1 -0.1 0
GREATEST
24 HR. TOTAL 0.64 01/08 TO 01/09
DEGREE DAYS
HEATING TOTAL 1208 1086 122 907
SINCE 7/1 2749 3017 -268 MM
COOLING TOTAL 0 0 0 0
SINCE 1/1 0 0 0 MM
................................................................
WIND (MPH)
AVERAGE WIND SPEED 7.9
HIGHEST WIND SPEED/DIRECTION 28/320 DATE 01/09
28/340 01/18
HIGHEST GUST SPEED/DIRECTION 42/320 DATE 01/09
SKY COVER
POSSIBLE SUNSHINE (PERCENT) MM
AVERAGE SKY COVER 0.47
NUMBER OF DAYS FAIR 14
NUMBER OF DAYS PC 7
NUMBER OF DAYS CLOUDY 10
AVERAGE RH (PERCENT) 77
WEATHER CONDITIONS. NUMBER OF DAYS WITH
THUNDERSTORM 0 MIXED PRECIP 0
HEAVY RAIN 0 RAIN 3
LIGHT RAIN 5 FREEZING RAIN 0
LT FREEZING RAIN 2 HAIL 0
HEAVY SNOW 0 SNOW 4
LIGHT SNOW 8 SLEET 0
FOG 17 FOG W/VIS <= 1/4 MILE 5
HAZE 6
- INDICATES NEGATIVE NUMBERS.
R INDICATES RECORD WAS SET OR TIED.
MM INDICATES DATA IS MISSING.
T INDICATES TRACE AMOUNT.
$$