000
CXUS56 KSGX 011045
CF6OKB
PRELIMINARY LOCAL CLIMATOLOGICAL DATA (WS FORM: F-6)
STATION: OCEANSIDE AIRPORT CA
MONTH: AUGUST
YEAR: 2021
LATITUDE: 33 13 N
LONGITUDE: 117 21 W
TEMPERATURE IN F: :PCPN: SNOW: WIND :SUNSHINE: SKY :PK WND
================================================================================
1 2 3 4 5 6A 6B 7 8 9 10 11 12 13 14 15 16 17 18
12Z AVG MX 2MIN
DY MAX MIN AVG DEP HDD CDD WTR SNW DPTH SPD SPD DIR MIN PSBL S-S WX SPD DR
================================================================================
1 79 58 69 -1 0 4 0.00 M M 5.7 15 260 M M 3 18 21 270
2 82 56 69 -1 0 4 0.00 M M 4.9 16 240 M M 0 1 21 260
3 79 55 67 -3 0 2 0.00 M M 5.0 15 240 M M 0 1 19 240
4 78 57 68 -2 0 3 0.00 M M 4.4 14 230 M M 2 18 17 240
5 78 61 70 0 0 5 0.00 M M 5.3 14 240 M M 5 18 17 240
6 77 64 71 1 0 6 0.00 M M 5.0 13 210 M M 7 18 17 230
7 76 59 68 -2 0 3 0.00 M M 4.4 13 250 M M 4 8 19 240
8 77 60 69 -1 0 4 0.00 M M 4.4 15 240 M M 5 18 19 240
9 80 59 70 0 0 5 0.00 M M 4.4 15 260 M M 1 1 20 250
10 81 65 73 3 0 8 0.00 M M 5.2 14 250 M M 4 1 18 260
11 87 66 77 7 0 12 0.00 M M 6.2 16 260 M M 0 3 22 250
12 85 63 74 4 0 9 0.00 M M 4.3 14 250 M M 0 17 240
13 87 64 76 6 0 11 0.00 M M 4.8 13 260 M M 1 1 16 270
14 82 62 72 2 0 7 0.00 M M 5.0 14 280 M M 1 1 17 250
15 80 63 72 2 0 7 0.00 M M 4.9 13 270 M M 0 18 17 240
16 82 63 73 3 0 8 0.00 M M 4.3 13 250 M M 0 18 17 240
17 81 66 74 4 0 9 0.00 M M 6.3 14 250 M M 7 18 20 230
18 80 71 76 6 0 11 0.00 M M 5.1 16 200 M M 10 8 20 190
19 81 66 74 4 0 9 0.00 M M 5.6 15 250 M M 6 18 21 250
20 79 68 74 4 0 9 0.00 M M 7.1 15 250 M M 9 23 240
21 76 66 71 1 0 6 0.03 M M 4.7 14 300 M M 10 18 18 260
22 78 59 69 -1 0 4 T M M 5.0 16 270 M M 6 18 22 290
23 80 57 69 -1 0 4 0.00 M M 4.2 16 260 M M 3 18 21 250
24 79 55 67 -3 0 2 0.00 M M 5.2 14 250 M M 0 18 20 260
25 80 59 70 0 0 5 0.00 M M 5.1 16 250 M M 0 18 19 260
26 83 60 72 2 0 7 0.00 M M 4.6 14 270 M M 0 18 18 250
27 82 57 70 0 0 5 0.00 M M 4.1 14 240 M M 1 18 17 250
28 77 59 68 -2 0 3 0.00 M M 4.5 14 210 M M 5 128 19 230
29 76 61 69 -1 0 4 T M M 4.2 15 290 M M 2 138 18 300
30 78 63 71 1 0 6 0.00 M M 4.1 15 250 M M 8 18 20 250
31 75 67 71 1 0 6 0.01 M M 4.3 10 250 M M 10 138 14 230
================================================================================
SM 2475 1909 0 188 0.04 M 152.3 M 110
================================================================================
AV 79.8 61.6 4.9 FASTST M M 4 MAX(MPH)
MISC ----> # 16 240 23 240
================================================================================
NOTES:
# LAST OF SEVERAL OCCURRENCES
COLUMN 17 PEAK WIND IN M.P.H.
PRELIMINARY LOCAL CLIMATOLOGICAL DATA (WS FORM: F-6) , PAGE 2
STATION: OCEANSIDE AIRPORT CA
MONTH: AUGUST
YEAR: 2021
LATITUDE: 33 13 N
LONGITUDE: 117 21 W
[TEMPERATURE DATA] [PRECIPITATION DATA] SYMBOLS USED IN COLUMN 16
AVERAGE MONTHLY: 70.7 TOTAL FOR MONTH: 0.04 1 = FOG OR MIST
DPTR FM NORMAL: 0.5 DPTR FM NORMAL: 0.00 2 = FOG REDUCING VISIBILITY
HIGHEST: 87 ON 13,11 GRTST 24HR 0.03 ON 21-21 TO 1/4 MILE OR LESS
LOWEST: 55 ON 24, 3 3 = THUNDER
SNOW, ICE PELLETS, HAIL 4 = ICE PELLETS
TOTAL MONTH: M 5 = HAIL
GRTST 24HR M ON M 6 = FREEZING RAIN OR DRIZZLE
GRTST DEPTH: M ON M 7 = DUSTSTORM OR SANDSTORM:
VSBY 1/2 MILE OR LESS
8 = SMOKE OR HAZE
[NO. OF DAYS WITH] [WEATHER - DAYS WITH] 9 = BLOWING SNOW
X = TORNADO
MAX 32 OR BELOW: 0 0.01 INCH OR MORE: 2
MAX 90 OR ABOVE: 0 0.10 INCH OR MORE: 0
MIN 32 OR BELOW: 0 0.50 INCH OR MORE: 0
MIN 0 OR BELOW: 0 1.00 INCH OR MORE: 0
[HDD (BASE 65) ]
TOTAL THIS MO. 0 CLEAR (SCALE 0-3) 17
DPTR FM NORMAL -1 PTCLDY (SCALE 4-7) 10
TOTAL FM JUL 1 0 CLOUDY (SCALE 8-10) 4
DPTR FM NORMAL -2
[CDD (BASE 65) ]
TOTAL THIS MO. 188
DPTR FM NORMAL 26 [PRESSURE DATA]
TOTAL FM JAN 1 409 HIGHEST SLP 30.08 ON 14
DPTR FM NORMAL 58 LOWEST SLP 29.67 ON 27
[REMARKS]
#FINAL-08-21#