000
CXUS55 KGGW 010800
CF6OLF
PRELIMINARY LOCAL CLIMATOLOGICAL DATA (WS FORM: F-6)
STATION: WOLF POINT MT
MONTH: APRIL
YEAR: 2020
LATITUDE: 48 5 N
LONGITUDE: 105 35 W
TEMPERATURE IN F: :PCPN: SNOW: WIND :SUNSHINE: SKY :PK WND
================================================================================
1 2 3 4 5 6A 6B 7 8 9 10 11 12 13 14 15 16 17 18
12Z AVG MX 2MIN
DY MAX MIN AVG DEP HDD CDD WTR SNW DPTH SPD SPD DIR MIN PSBL S-S WX SPD DR
================================================================================
1 27 0 14 -24 51 0 0.13 M 0 14.8 26 360 M M 9 28 33 10
2 22 0 11 -27 54 0 0.00 0.0 0 7.2 16 320 M M 2 18 320
3 35 -1 17 -22 48 0 0.00 0.0 0 6.8 15 70 M M 3 19 80
4 44 20 32 -7 33 0 0.00 0.0 0 9.3 18 280 M M 4 22 270
5 55 22 39 -1 26 0 0.00 0.0 0 12.6 22 90 M M 3 1 27 80
6 62 27 45 5 20 0 0.00 0.0 0 9.3 28 330 M M 2 128 34 330
7 61 24 43 2 22 0 T M 0 10.0 31 320 M M 5 1 40 310
8 47 28 38 -3 27 0 T M 0 19.2 39 290 M M 4 8 49 310
9 46 21 34 -8 31 0 0.00 0.0 0 5.4 16 330 M M 0 21 330
10 59 25 42 0 23 0 T M 0 7.5 25 360 M M 6 31 10
11 40 22 31 -11 34 0 T M 0 11.2 23 10 M M 9 8 28 10
12 37 14 26 -17 39 0 T M 0 12.0 32 300 M M 6 8 39 300
13 30 12 21 -22 44 0 T M 0 12.5 31 330 M M 4 8 40 300
14 46 11 29 -14 36 0 0.00 0.0 0 5.0 18 290 M M 4 8 23 290
15 44 25 35 -9 30 0 0.02 M 0 11.0 21 30 M M 5 18 26 30
16 44 15 30 -14 35 0 0.00 0.0 0 6.2 16 260 M M 2 25 300
17 66 18 42 -3 23 0 0.00 0.0 0 10.6 26 300 M M 3 35 270
18 53 22 38 -7 27 0 0.00 0.0 0 10.1 24 350 M M 6 8 30 360
19 61 16 39 -6 26 0 0.00 0.0 0 10.2 26 270 M M 0 33 270
20 68 35 52 6 13 0 0.00 0.0 0 11.9 29 310 M M 8 36 300
21 77 34 56 10 9 0 0.00 0.0 0 10.9 24 270 M M 3 35 300
22 74 43 59 13 6 0 0.00 0.0 0 8.8 22 340 M M 5 8 31 360
23 67 35 51 4 14 0 T M 0 6.6 24 340 M M 4 33 340
24 59 35 47 0 18 0 0.23 M 0 9.2 28 280 M M 7 3 35 280
25 66 29 48 1 17 0 0.00 0.0 0 4.0 13 200 M M 1 1 17 130
26 69 37 53 5 12 0 0.00 0.0 0 13.5 31 290 M M 4 41 290
27 71 34 53 5 12 0 T M 0 6.9 30 290 M M 2 39 300
28 67 34 51 3 14 0 T M 0 17.6 38 320 M M 4 50 320
29 77 27 52 3 13 0 0.00 0.0 0 7.0 21 240 M M 1 18 29 210
30 79 41 60 11 5 0 T M 0 6.5 35 250 M M 1 3 45 250
================================================================================
SM 1653 705 762 0 0.38 0.0 293.8 M 117
================================================================================
AV 55.1 23.5 9.8 FASTST M M 4 MAX(MPH)
MISC ----> # 39 290 # 50 320
================================================================================
NOTES:
# LAST OF SEVERAL OCCURRENCES
COLUMN 17 PEAK WIND IN M.P.H.
PRELIMINARY LOCAL CLIMATOLOGICAL DATA (WS FORM: F-6) , PAGE 2
STATION: WOLF POINT MT
MONTH: APRIL
YEAR: 2020
LATITUDE: 48 5 N
LONGITUDE: 105 35 W
[TEMPERATURE DATA] [PRECIPITATION DATA] SYMBOLS USED IN COLUMN 16
AVERAGE MONTHLY: 39.3 TOTAL FOR MONTH: 0.38 1 = FOG OR MIST
DPTR FM NORMAL: -4.5 DPTR FM NORMAL: -0.56 2 = FOG REDUCING VISIBILITY
HIGHEST: 79 ON 30 GRTST 24HR 0.23 ON 24-24 TO 1/4 MILE OR LESS
LOWEST: -1 ON 3 3 = THUNDER
SNOW, ICE PELLETS, HAIL 4 = ICE PELLETS
TOTAL MONTH: 0.0 INCH 5 = HAIL
GRTST 24HR 0.0 6 = FREEZING RAIN OR DRIZZLE
GRTST DEPTH: 0 7 = DUSTSTORM OR SANDSTORM:
VSBY 1/2 MILE OR LESS
8 = SMOKE OR HAZE
[NO. OF DAYS WITH] [WEATHER - DAYS WITH] 9 = BLOWING SNOW
X = TORNADO
MAX 32 OR BELOW: 3 0.01 INCH OR MORE: 3
MAX 90 OR ABOVE: 0 0.10 INCH OR MORE: 2
MIN 32 OR BELOW: 21 0.50 INCH OR MORE: 0
MIN 0 OR BELOW: 3 1.00 INCH OR MORE: 0
[HDD (BASE 65) ]
TOTAL THIS MO. 762 CLEAR (SCALE 0-3) 13
DPTR FM NORMAL 127 PTCLDY (SCALE 4-7) 15
TOTAL FM JUL 1 8059 CLOUDY (SCALE 8-10) 2
DPTR FM NORMAL -266
[CDD (BASE 65) ]
TOTAL THIS MO. 0
DPTR FM NORMAL 0 [PRESSURE DATA]
TOTAL FM JAN 1 0 HIGHEST SLP M ON M
DPTR FM NORMAL 0 LOWEST SLP 29.58 ON 30
[REMARKS]
#FINAL-04-20#