873
CXUS53 KARX 011737
CF6OLZ
PRELIMINARY LOCAL CLIMATOLOGICAL DATA (WS FORM: F-6)
STATION: OELWEIN IA
MONTH: SEPTEMBER
YEAR: 2020
LATITUDE: 42 40 N
LONGITUDE: 91 58 W
TEMPERATURE IN F: :PCPN: SNOW: WIND :SUNSHINE: SKY :PK WND
================================================================================
1 2 3 4 5 6A 6B 7 8 9 10 11 12 13 14 15 16 17 18
12Z AVG MX 2MIN
DY MAX MIN AVG DEP HDD CDD WTR SNW DPTH SPD SPD DIR MIN PSBL S-S WX SPD DR
================================================================================
1 76 55 66 M 0 1 T 0.0 0 M M M M M 0 M M
2 84 61 73 M 0 8 0.00 0.0 0 9.6 18 310 M M 0 25 310
3 73 48 61 M 4 0 0.00 0.0 0 12.6 25 310 M M 0 31 310
4 79 45 62 M 3 0 0.00 0.0 0 7.2 16 260 M M 1 23 300
5 82 54 68 M 0 3 0.01 0.0 0 5.9 12 140 M M 1 8 18 140
6 88 61 75 M 0 10 0.20 0.0 0 14.1 23 130 M M 5 13 38 99
7 64 52 58 M 7 0 0.00 0.0 0 10.0 22 30 M M 3 24 30
8 52 46 49 M 16 0 0.29 0.0 0 13.9 20 20 M M 9 18 28 30
9 50 46 48 M 17 0 0.60 0.0 0 11.1 14 40 M M 9 1 21 40
10 52 46 49 M 16 0 0.56 0.0 0 9.1 12 40 M M 7 1 15 40
11 61 50 56 M 9 0 0.52 0.0 0 9.1 14 120 M M 9 1 17 110
12 64 54 59 M 6 0 0.17 0.0 0 5.6 10 140 M M 9 1 13 240
13 75 48 62 M 3 0 0.01 0.0 0 4.6 10 310 M M 2 12 12 0
14 77 52 65 M 0 0 0.00 0.0 0 6.0 10 180 M M 0 17 180
15 81 54 68 M 0 3 0.00 0.0 0 10.0 17 200 M M 0 24 210
16 75 50 63 M 2 0 0.00 0.0 0 9.0 14 350 M M 1 20 300
17 68 46 57 M 8 0 0.00 0.0 0 7.7 12 30 M M 2 17 360
18 64 41 53 M 12 0 0.00 0.0 0 6.7 10 20 M M 2 16 60
19 66 43 55 M 10 0 0.00 0.0 0 9.0 15 170 M M 1 20 170
20 70 46 58 M 7 0 0.00 0.0 0 10.4 18 180 M M 0 24 180
21 77 45 61 M 4 0 0.00 0.0 0 9.1 15 180 M M 2 22 200
22 81 52 67 M 0 2 0.00 0.0 0 5.5 9 190 M M 2 16 190
23 79 52 66 M 0 1 0.00 0.0 0 6.7 12 210 M M 0 1 17 190
24 77 55 66 M 0 1 0.00 0.0 0 7.1 14 230 M M 8 22 230
25 82 59 71 M 0 6 0.00 0.0 0 12.3 21 170 M M 2 29 180
26 81 63 72 M 0 7 0.00 0.0 0 11.3 21 200 M M 2 29 200
27 70 48 59 M 6 0 0.06 0.0 0 7.5 12 210 M M 4 17 210
28 59 43 51 M 14 0 0.04 0.0 0 10.1 20 290 M M 7 30 320
29 63 41 52 M 13 0 0.00 0.0 0 8.4 17 270 M M 6 20 280
30 66 43 55 M 10 0 0.01 0.0 0 13.1 24 310 M M 6 39 320
================================================================================
SM 2136 1499 167 42 2.47 0.0 262.7 M 100
================================================================================
AV 71.2 50.0 9.1 FASTST M M 3 MAX(MPH)
MISC ----> # 25 310 # 39 320
================================================================================
NOTES:
# LAST OF SEVERAL OCCURRENCES
COLUMN 17 PEAK WIND IN M.P.H.
PRELIMINARY LOCAL CLIMATOLOGICAL DATA (WS FORM: F-6) , PAGE 2
STATION: OELWEIN IA
MONTH: SEPTEMBER
YEAR: 2020
LATITUDE: 42 40 N
LONGITUDE: 91 58 W
[TEMPERATURE DATA] [PRECIPITATION DATA] SYMBOLS USED IN COLUMN 16
AVERAGE MONTHLY: 60.6 TOTAL FOR MONTH: 2.47 1 = FOG OR MIST
DPTR FM NORMAL: M DPTR FM NORMAL: M 2 = FOG REDUCING VISIBILITY
HIGHEST: 88 ON 6 GRTST 24HR 0.60 ON 9- 9 TO 1/4 MILE OR LESS
LOWEST: 41 ON 29,18 3 = THUNDER
SNOW, ICE PELLETS, HAIL 4 = ICE PELLETS
TOTAL MONTH: 0.0 INCH 5 = HAIL
GRTST 24HR 0.0 6 = FREEZING RAIN OR DRIZZLE
GRTST DEPTH: 0 7 = DUSTSTORM OR SANDSTORM:
VSBY 1/2 MILE OR LESS
8 = SMOKE OR HAZE
[NO. OF DAYS WITH] [WEATHER - DAYS WITH] 9 = BLOWING SNOW
X = TORNADO
MAX 32 OR BELOW: 0 0.01 INCH OR MORE: 11
MAX 90 OR ABOVE: 0 0.10 INCH OR MORE: 6
MIN 32 OR BELOW: 0 0.50 INCH OR MORE: 3
MIN 0 OR BELOW: 0 1.00 INCH OR MORE: 0
[HDD (BASE 65) ]
TOTAL THIS MO. 167 CLEAR (SCALE 0-3) 18
DPTR FM NORMAL M PTCLDY (SCALE 4-7) 7
TOTAL FM JUL 1 177 CLOUDY (SCALE 8-10) 5
DPTR FM NORMAL M
[CDD (BASE 65) ]
TOTAL THIS MO. 42
DPTR FM NORMAL M [PRESSURE DATA]
TOTAL FM JAN 1 718 HIGHEST SLP M ON M
DPTR FM NORMAL M LOWEST SLP M ON M
[REMARKS]
#FINAL-09-20#