000
CXUS53 KOAX 031342 CCA
CF6OMA
PRELIMINARY LOCAL CLIMATOLOGICAL DATA (WS FORM: F-6)
STATION: OMAHA NE
MONTH: APRIL
YEAR: 2022
LATITUDE: 41 17 N
LONGITUDE: 95 54 W
TEMPERATURE IN F: :PCPN: SNOW: WIND :SUNSHINE: SKY :PK WND
================================================================================
1 2 3 4 5 6A 6B 7 8 9 10 11 12 13 14 15 16 17 18
12Z AVG MX 2MIN
DY MAX MIN AVG DEP HDD CDD WTR SNW DPTH SPD SPD DIR MIN PSBL S-S WX SPD DR
================================================================================
1 62 22 42 -6 23 0 0.07 0.0 0 9.8 22 140 M M 7 26 150
2 62 38 50 2 15 0 0.00 0.0 0 8.5 17 290 M M 5 24 330
3 63 33 48 0 17 0 0.00 0.0 0 8.0 29 340 M M 7 37 330
4 61 31 46 -3 19 0 0.00 0.0 0 9.3 22 340 M M 5 29 340
5 60 40 50 1 15 0 T 0.0 0 12.7 29 320 M M 8 40 320
6 53 43 48 -2 17 0 T 0.0 0 19.3 37 320 M M 7 50 320
7 45 32 39 -11 26 0 0.12 T 0 25.9 38 310 M M 9 1 53 320
8 54 28 41 -9 24 0 T T 0 18.3 31 350 M M 5 44 360
9 64 27 46 -4 19 0 0.00 0.0 0 11.6 23 150 M M 4 37 170
10 69 40 55 4 10 0 0.00 0.0 0 15.2 26 310 M M 5 34 320
11 66 37 52 1 13 0 0.00 0.0 0 6.5 16 130 M M 4 23 130
12 91 48 70 18 0 5 0.44 T 0 22.7 39 270 M M 8 135 57 270
13 51 32 42 -10 23 0 T 0.0 0 18.3 30 320 M M 7 44 320
14 57 30 44 -8 21 0 0.00 0.0 0 17.4 35 270 M M 3 46 280
15 52 26 39 -13 26 0 0.00 0.0 0 10.6 20 350 M M 6 25 350
16 52 27 40 -13 25 0 0.00 0.0 0 12.7 23 350 M M 7 32 340
17 44 34 39 -14 26 0 T T 0 11.5 20 110 M M 8 26 100
18 55 30 43 -10 22 0 0.00 0.0 0 16.4 33 310 M M 2 44 300
19 52 29 41 -13 24 0 0.00 0.0 0 14.9 30 150 M M 8 39 140
20 57 42 50 -4 15 0 0.01 0.0 0 10.8 26 140 M M 7 12 35 140
21 71 41 56 2 9 0 0.07 0.0 0 9.4 28 110 M M 9 1238 36 110
22 85 56 71 16 0 6 0.11 0.0 0 22.8 39 180 M M 9 3 50 170
23 82 50 66 11 0 1 T 0.0 0 26.5 45 180 M M 7 3 63 180
24 58 42 50 -5 15 0 0.00 0.0 0 18.1 30 270 M M 6 41 300
25 54 36 45 -11 20 0 0.00 0.0 0 15.6 29 340 M M 6 38 340
26 72 28 50 -6 15 0 0.00 0.0 0 8.4 20 170 M M 1 29 170
27 84 52 68 12 0 3 T 0.0 0 17.0 28 180 M M 7 3 34 170
28 82 55 69 12 0 4 0.02 0.0 0 14.1 26 130 M M 6 3 35 130
29 65 56 61 4 4 0 0.72 0.0 0 14.8 29 120 M M 10 138 36 110
30 57 47 52 -6 13 0 0.16 0.0 0 19.2 35 300 M M 10 1 48 280
================================================================================
SM 1880 1132 456 19 1.72 T 446.3 M 193
================================================================================
AV 62.7 37.7 14.9 FASTST M M 6 MAX(MPH)
MISC ----> 45 180 63 180
================================================================================
NOTES:
# LAST OF SEVERAL OCCURRENCES
COLUMN 17 PEAK WIND IN M.P.H.
PRELIMINARY LOCAL CLIMATOLOGICAL DATA (WS FORM: F-6) , PAGE 2
STATION: OMAHA NE
MONTH: APRIL
YEAR: 2022
LATITUDE: 41 17 N
LONGITUDE: 95 54 W
[TEMPERATURE DATA] [PRECIPITATION DATA] SYMBOLS USED IN COLUMN 16
AVERAGE MONTHLY: 50.2 TOTAL FOR MONTH: 1.72 1 = FOG OR MIST
DPTR FM NORMAL: -2.4 DPTR FM NORMAL: -1.45 2 = FOG REDUCING VISIBILITY
HIGHEST: 91 ON 12 GRTST 24HR 0.73 ON 28-29 TO 1/4 MILE OR LESS
LOWEST: 22 ON 1 3 = THUNDER
SNOW, ICE PELLETS, HAIL 4 = ICE PELLETS
TOTAL MONTH: T 5 = HAIL
GRTST 24HR T ON 7- 7 6 = FREEZING RAIN OR DRIZZLE
GRTST DEPTH: 0 7 = DUSTSTORM OR SANDSTORM:
VSBY 1/2 MILE OR LESS
8 = SMOKE OR HAZE
[NO. OF DAYS WITH] [WEATHER - DAYS WITH] 9 = BLOWING SNOW
X = TORNADO
MAX 32 OR BELOW: 0 0.01 INCH OR MORE: 9
MAX 90 OR ABOVE: 1 0.10 INCH OR MORE: 5
MIN 32 OR BELOW: 12 0.50 INCH OR MORE: 1
MIN 0 OR BELOW: 0 1.00 INCH OR MORE: 0
[HDD (BASE 65) ]
TOTAL THIS MO. 456 CLEAR (SCALE 0-3) 3
DPTR FM NORMAL 70 PTCLDY (SCALE 4-7) 20
TOTAL FM JUL 1 5288 CLOUDY (SCALE 8-10) 7
DPTR FM NORMAL -401
[CDD (BASE 65) ]
TOTAL THIS MO. 19
DPTR FM NORMAL 5 [PRESSURE DATA]
TOTAL FM JAN 1 19 HIGHEST SLP 30.44 ON 26
DPTR FM NORMAL 3 LOWEST SLP 29.07 ON 12
[REMARKS]
#FINAL-04-22#