000
CXUS53 KOAX 011432
CLMOMA
CLIMATE REPORT
NATIONAL WEATHER SERVICE OMAHA/VALLEY NE
832 AM CST MON JAN 01 2024
...................................
...THE OMAHA NE CLIMATE SUMMARY FOR THE MONTH OF DECEMBER 2023...
CLIMATE NORMAL PERIOD 1991 TO 2020
CLIMATE RECORD PERIOD 1871 TO 2023
WEATHER OBSERVED NORMAL DEPART
VALUE DATE(S) VALUE FROM
NORMAL
................................................
TEMPERATURE (F)
HIGHEST 61 12/07
LOWEST 18 12/02
AVG. MAXIMUM 44.1 37.7 6.4
AVG. MINIMUM 26.2 19.8 6.4
MEAN 35.1 28.7 6.4
DAYS MAX >= 90 0
DAYS MAX <= 32 2
DAYS MIN <= 32 26
DAYS MIN <= 0 0
PRECIPITATION (INCHES)
RECORD
MAXIMUM 5.42 1984
MINIMUM T 2002
TOTALS 1.68 1.22 0.46
DAYS >= .01 6
DAYS >= .10 3
DAYS >= .50 1
DAYS >= 1.00 0
GREATEST
24 HR. TOTAL 1.06 12/24 TO 12/25
SNOWFALL (INCHES)
RECORDS
TOTAL 24.6 2009
TOTALS 2.1 5.8 -3.7
SINCE 7/1 3.5
DAYS >= 1.0 1
GREATEST
SNOW DEPTH 2 12/27
24 HR TOTAL 1.5 12/25 TO 12/26
DEGREE DAYS
HEATING TOTAL 918 1124 -206
SINCE 7/1 1954 2291 -337
COOLING TOTAL 0 0 0
SINCE 1/1 1418 1293 125
................................................
WIND (MPH)
AVERAGE WIND SPEED 9.4
HIGHEST WIND SPEED/DIRECTION 35/320 DATE 12/09
HIGHEST GUST SPEED/DIRECTION 45/320 DATE 12/09
SKY COVER
AVERAGE SKY COVER 0.69
WEATHER CONDITIONS. NUMBER OF DAYS WITH
THUNDERSTORM 0 MIXED PRECIP 0
HEAVY RAIN 1 RAIN 1
LIGHT RAIN 6 FREEZING RAIN 0
LT FREEZING RAIN 1 HAIL 0
HEAVY SNOW 0 SNOW 1
LIGHT SNOW 5 SLEET 1
FOG 12 FOG W/VIS <= 1/4 MILE 2
HAZE 2
- INDICATES NEGATIVE NUMBERS.
R INDICATES RECORD WAS SET OR TIED.
MM INDICATES DATA IS MISSING.
T INDICATES TRACE AMOUNT.
&&
DECEMBER IN OMAHA WAS MUCH WARMER AND WETTER THAN NORMAL. THE MONTH
ENDED UP 6.4 DEGREES ABOVE NORMAL FOR AVERAGE TEMPERATURE AND 0.46
INCHES ABOVE NORMAL FOR PRECIPITATION. IT WAS THE 9TH WARMEST
DECMEBER ON RECORD. SNOWFALL WAS 3.7 INCHES BELOW NORMAL.
NEW DAILY RECORDS FOR DECEMBER 2023
DATE RECORD VALUE PREVIOUS RECORD
DEC 7 MAXIMUM TEMPERATURE 61 61 IN 1918
DEC 24 PRECIPITATION 0.84 0.79 IN 1875
$$
DEWALD