000
CXUS56 KOTX 190910
CF6OMK
PRELIMINARY LOCAL CLIMATOLOGICAL DATA (WS FORM: F-6)
STATION: OMAK WA AIRPORT
MONTH: APRIL
YEAR: 2024
LATITUDE: 48 27 N
LONGITUDE: 119 31 W
TEMPERATURE IN F: :PCPN: SNOW: WIND :SUNSHINE: SKY :PK WND
================================================================================
1 2 3 4 5 6A 6B 7 8 9 10 11 12 13 14 15 16 17 18
12Z AVG MX 2MIN
DY MAX MIN AVG DEP HDD CDD WTR SNW DPTH SPD SPD DIR MIN PSBL S-S WX SPD DR
================================================================================
1 70 35 53 7 12 0 0.00 M M 7.2 17 360 M M 0 22 350
2 77 44 61 15 4 0 T M M 12.1 28 150 M M 2 37 150
3 64 41 53 6 12 0 0.00 M M 6.9 22 300 M M 1 29 300
4 49 32 41 -6 24 0 0.07 M M 12.1 24 10 M M 8 31 10
5 46 41 44 -3 21 0 0.28 M M 6.8 16 340 M M 10 1 24 330
6 55 35 45 -2 20 0 T M M 3.0 12 220 M M 7 1 14 190
7 60 29 45 -3 20 0 T M M 3.7 14 170 M M 3 20 190
8 58 32 45 -3 20 0 0.00 M M 10.7 24 160 M M 5 34 160
9 66 37 52 4 13 0 0.00 M M 9.3 22 280 M M 2 30 280
10 62 34 48 0 17 0 0.00 M M 6.7 13 190 M M 0 19 200
11 63 38 51 3 14 0 0.00 M M 3.9 16 150 M M 4 20 160
12 67 43 55 6 10 0 0.00 M M 7.9 21 10 M M 4 26 20
13 72 40 56 7 9 0 0.00 M M 5.9 12 360 M M 0 16 360
14 78 47 63 14 2 0 0.00 M M 10.3 20 360 M M 0 25 360
15 69 40 55 5 10 0 0.00 M M 11.6 30 290 M M 1 43 290
16 54 30 42 -8 23 0 T M M 9.5 26 340 M M 4 37 350
17 60 33 47 -3 18 0 0.00 M M 12.5 24 20 M M 1 34 30
18 62 30 46 -4 19 0 0.00 M M 10.6 23 10 M M 0 29 360
================================================================================
SM 1132 661 268 0 0.35 M 150.7 M 52
================================================================================
AV 62.9 36.7 8.4 FASTST M M 3 MAX(MPH)
MISC ----> 30 290 43 290
================================================================================
NOTES:
# LAST OF SEVERAL OCCURRENCES
COLUMN 17 PEAK WIND IN M.P.H.
PRELIMINARY LOCAL CLIMATOLOGICAL DATA (WS FORM: F-6) , PAGE 2
STATION: OMAK WA AIRPORT
MONTH: APRIL
YEAR: 2024
LATITUDE: 48 27 N
LONGITUDE: 119 31 W
[TEMPERATURE DATA] [PRECIPITATION DATA] SYMBOLS USED IN COLUMN 16
AVERAGE MONTHLY: 49.8 TOTAL FOR MONTH: 0.35 1 = FOG OR MIST
DPTR FM NORMAL: 1.6 DPTR FM NORMAL: -0.18 2 = FOG REDUCING VISIBILITY
HIGHEST: 78 ON 14 GRTST 24HR 0.28 ON 4- 5 TO 1/4 MILE OR LESS
LOWEST: 29 ON 7 3 = THUNDER
SNOW, ICE PELLETS, HAIL 4 = ICE PELLETS
TOTAL MONTH: M 5 = HAIL
GRTST 24HR M ON M 6 = FREEZING RAIN OR DRIZZLE
GRTST DEPTH: M ON M 7 = DUSTSTORM OR SANDSTORM:
VSBY 1/2 MILE OR LESS
8 = SMOKE OR HAZE
[NO. OF DAYS WITH] [WEATHER - DAYS WITH] 9 = BLOWING SNOW
X = TORNADO
MAX 32 OR BELOW: 0 0.01 INCH OR MORE: 2
MAX 90 OR ABOVE: 0 0.10 INCH OR MORE: 1
MIN 32 OR BELOW: 5 0.50 INCH OR MORE: 0
MIN 0 OR BELOW: 0 1.00 INCH OR MORE: 0
[HDD (BASE 65) ]
TOTAL THIS MO. 268 CLEAR (SCALE 0-3) 11
DPTR FM NORMAL -35 PTCLDY (SCALE 4-7) 6
TOTAL FM JUL 1 5053 CLOUDY (SCALE 8-10) 1
DPTR FM NORMAL -679
[CDD (BASE 65) ]
TOTAL THIS MO. 0
DPTR FM NORMAL 0 [PRESSURE DATA]
TOTAL FM JAN 1 0 HIGHEST SLP M ON M
DPTR FM NORMAL 0 LOWEST SLP 29.61 ON 5
[REMARKS]