000
CXUS56 KOTX 010910
CF6OMK
PRELIMINARY LOCAL CLIMATOLOGICAL DATA (WS FORM: F-6)
STATION: OMAK WA AIRPORT
MONTH: OCTOBER
YEAR: 2022
LATITUDE: 48 27 N
LONGITUDE: 119 31 W
TEMPERATURE IN F: :PCPN: SNOW: WIND :SUNSHINE: SKY :PK WND
================================================================================
1 2 3 4 5 6A 6B 7 8 9 10 11 12 13 14 15 16 17 18
12Z AVG MX 2MIN
DY MAX MIN AVG DEP HDD CDD WTR SNW DPTH SPD SPD DIR MIN PSBL S-S WX SPD DR
================================================================================
1 85 50 68 11 0 3 0.00 M M 6.7 18 10 M M 0 8 23 10
2 83 50 67 11 0 2 0.00 M M 4.6 12 300 M M 0 14 300
3 82 47 65 9 0 0 0.00 M M 4.8 10 220 M M 0 13 210
4 83 45 64 9 1 0 0.00 M M 4.0 9 280 M M 0 11 190
5 82 45 64 9 1 0 0.00 M M 4.1 12 300 M M 0 13 300
6 83 57 70 16 0 5 0.00 M M 12.1 20 360 M M 0 23 350
7 83 57 70 16 0 5 0.00 M M 9.4 16 10 M M 0 19 340
8 81 54 68 15 0 3 0.00 M M 10.9 17 10 M M 0 22 350
9 83 48 66 13 0 1 0.00 M M 9.6 20 360 M M 0 25 360
10 74 40 57 5 8 0 0.00 M M 5.4 18 300 M M 1 8 24 290
11 77 47 62 10 3 0 0.00 M M 7.6 18 360 M M 0 23 360
12 79 49 64 13 1 0 0.00 M M 10.8 18 360 M M 0 23 360
13 75 49 62 12 3 0 0.00 M M 8.5 17 360 M M 0 20 350
14 74 41 58 8 7 0 0.00 M M 7.1 16 10 M M 0 21 10
15 79 52 66 16 0 1 0.00 M M 10.2 21 10 M M 0 25 20
16 76 44 60 11 5 0 0.00 M M 6.8 13 10 M M 0 20 20
17 74 36 55 7 10 0 T M M 5.1 10 20 M M 0 8 12 30
18 73 42 58 10 7 0 0.00 M M 6.3 14 30 M M 0 15 10
19 71 36 54 6 11 0 0.00 M M 2.4 8 300 M M 0 8 9 300
20 67 40 54 7 11 0 0.00 M M 7.0 22 10 M M 2 26 10
21 52 40 46 0 19 0 0.12 M M 5.1 15 10 M M 6 1 18 10
22 58 35 47 1 18 0 0.00 M M 9.9 21 10 M M 1 27 360
23 59 32 46 0 19 0 0.00 M M 6.2 16 170 M M 2 21 170
24 55 35 45 0 20 0 0.00 M M 10.4 20 160 M M 7 23 170
25 58 28 43 -2 22 0 0.05 M M 8.8 22 170 M M 4 29 170
26 57 35 46 2 19 0 0.07 M M 4.6 14 130 M M 5 1 17 160
27 59 44 52 8 13 0 0.00 M M 16.2 30 150 M M 2 39 150
28 58 36 47 4 18 0 0.00 M M 8.1 20 190 M M 3 26 170
29 58 32 45 2 20 0 0.00 M M 4.1 12 180 M M 0 16 180
30 64 45 55 13 10 0 0.00 M M 10.7 23 160 M M 10 28 150
31 65 45 55 13 10 0 0.02 M M 9.1 22 170 M M 4 28 190
================================================================================
SM 2207 1336 256 20 0.26 M 236.6 M 47
================================================================================
AV 71.2 43.1 7.6 FASTST M M 2 MAX(MPH)
MISC ----> 30 150 39 150
================================================================================
NOTES:
# LAST OF SEVERAL OCCURRENCES
COLUMN 17 PEAK WIND IN M.P.H.
PRELIMINARY LOCAL CLIMATOLOGICAL DATA (WS FORM: F-6) , PAGE 2
STATION: OMAK WA AIRPORT
MONTH: OCTOBER
YEAR: 2022
LATITUDE: 48 27 N
LONGITUDE: 119 31 W
[TEMPERATURE DATA] [PRECIPITATION DATA] SYMBOLS USED IN COLUMN 16
AVERAGE MONTHLY: 57.1 TOTAL FOR MONTH: 0.26 1 = FOG OR MIST
DPTR FM NORMAL: 8.0 DPTR FM NORMAL: -0.66 2 = FOG REDUCING VISIBILITY
HIGHEST: 85 ON 1 GRTST 24HR 0.12 ON 25-26 TO 1/4 MILE OR LESS
LOWEST: 28 ON 25 3 = THUNDER
SNOW, ICE PELLETS, HAIL 4 = ICE PELLETS
TOTAL MONTH: M 5 = HAIL
GRTST 24HR M ON M 6 = FREEZING RAIN OR DRIZZLE
GRTST DEPTH: M ON M 7 = DUSTSTORM OR SANDSTORM:
VSBY 1/2 MILE OR LESS
8 = SMOKE OR HAZE
[NO. OF DAYS WITH] [WEATHER - DAYS WITH] 9 = BLOWING SNOW
X = TORNADO
MAX 32 OR BELOW: 0 0.01 INCH OR MORE: 4
MAX 90 OR ABOVE: 0 0.10 INCH OR MORE: 1
MIN 32 OR BELOW: 3 0.50 INCH OR MORE: 0
MIN 0 OR BELOW: 0 1.00 INCH OR MORE: 0
[HDD (BASE 65) ]
TOTAL THIS MO. 256 CLEAR (SCALE 0-3) 25
DPTR FM NORMAL -239 PTCLDY (SCALE 4-7) 5
TOTAL FM JUL 1 281 CLOUDY (SCALE 8-10) 1
DPTR FM NORMAL -351
[CDD (BASE 65) ]
TOTAL THIS MO. 20
DPTR FM NORMAL 18 [PRESSURE DATA]
TOTAL FM JAN 1 954 HIGHEST SLP M ON M
DPTR FM NORMAL 250 LOWEST SLP 29.56 ON 22
[REMARKS]
#FINAL-10-22#