000
CXUS51 KAKQ 010810
CF6ORF
PRELIMINARY LOCAL CLIMATOLOGICAL DATA (WS FORM: F-6)
STATION: NORFOLK VA
MONTH: DECEMBER
YEAR: 2023
LATITUDE: 36 54 N
LONGITUDE: 76 12 W
TEMPERATURE IN F: :PCPN: SNOW: WIND :SUNSHINE: SKY :PK WND
================================================================================
1 2 3 4 5 6A 6B 7 8 9 10 11 12 13 14 15 16 17 18
12Z AVG MX 2MIN
DY MAX MIN AVG DEP HDD CDD WTR SNW DPTH SPD SPD DIR MIN PSBL S-S WX SPD DR
================================================================================
1 67 32 50 1 15 0 0.03 0.0 0 8.5 22 200 M M 5 18 30 210
2 70 60 65 16 0 0 0.08 0.0 0 5.6 15 200 M M 9 12 20 210
3 70 62 66 17 0 1 T 0.0 0 9.4 16 240 M M 6 12 24 230
4 63 45 54 6 11 0 0.00 0.0 0 2.4 9 30 M M 1 14 110
5 52 40 46 -2 19 0 0.00 0.0 0 7.1 14 30 M M 1 1 20 100
6 49 41 45 -3 20 0 0.03 0.0 0 10.7 20 340 M M 6 36 340
7 50 32 41 -7 24 0 0.00 0.0 0 8.7 18 240 M M 1 27 330
8 60 35 48 0 17 0 0.00 0.0 0 6.3 14 190 M M 0 21 150
9 71 38 55 8 10 0 0.00 0.0 0 10.0 23 230 M M 1 32 240
10 72 60 66 19 0 1 1.15 0.0 0 13.7 24 200 M M 7 1 42 200
11 66 40 53 6 12 0 0.98 0.0 0 9.8 31 360 M M 5 1 44 360
12 50 35 43 -4 22 0 0.00 0.0 0 5.8 16 360 M M 0 23 340
13 53 33 43 -4 22 0 0.00 0.0 0 5.0 15 10 M M 0 23 10
14 47 33 40 -6 25 0 0.00 0.0 0 8.6 22 20 M M 0 33 20
15 60 29 45 -1 20 0 0.00 0.0 0 4.1 9 210 M M 0 13 210
16 55 33 44 -2 21 0 0.00 0.0 0 3.5 12 60 M M 0 12 16 60
17 66 48 57 11 8 0 2.47 0.0 0 11.0 30 150 M M 9 13 53 130
18 67 47 57 11 8 0 1.34 0.0 0 9.0 21 180 M M 6 1 37 220
19 48 38 43 -3 22 0 T 0.0 0 9.4 18 360 M M 3 28 360
20 47 35 41 -4 24 0 0.00 0.0 0 6.8 18 350 M M 0 27 10
21 48 36 42 -3 23 0 0.00 0.0 0 5.0 15 360 M M 1 18 10
22 50 32 41 -4 24 0 0.00 0.0 0 2.1 9 60 M M 0 1 16 100
23 54 36 45 0 20 0 0.00 0.0 0 2.3 10 60 M M 0 1 13 60
24 62 35 49 4 16 0 0.00 0.0 0 2.7 9 30 M M 2 12 14 150
25 61 42 52 8 13 0 0.00 0.0 0 4.7 13 110 M M 1 12 16 100
26 53 50 52 8 13 0 T 0.0 0 6.5 13 60 M M 9 12 25 70
27 63 52 58 14 7 0 0.26 0.0 0 6.0 16 140 M M 10 12 24 140
28 57 48 53 9 12 0 T 0.0 0 6.3 14 240 M M 9 1 17 220
29 56 40 48 4 17 0 0.08 0.0 0 6.6 13 240 M M 4 1 19 300
30 51 38 45 1 20 0 0.01 0.0 0 8.4 17 250 M M 4 25 230
31 50 32 41 -3 24 0 0.00 0.0 0 4.6 8 60 M M 0 12 260
================================================================================
SM 1788 1257 489 2 6.43 0.0 210.6 M 100
================================================================================
AV 57.7 40.5 6.8 FASTST M M 3 MAX(MPH)
MISC ----> 31 360 53 130
================================================================================
NOTES:
# LAST OF SEVERAL OCCURRENCES
COLUMN 17 PEAK WIND IN M.P.H.
PRELIMINARY LOCAL CLIMATOLOGICAL DATA (WS FORM: F-6) , PAGE 2
STATION: NORFOLK VA
MONTH: DECEMBER
YEAR: 2023
LATITUDE: 36 54 N
LONGITUDE: 76 12 W
[TEMPERATURE DATA] [PRECIPITATION DATA] SYMBOLS USED IN COLUMN 16
AVERAGE MONTHLY: 49.1 TOTAL FOR MONTH: 6.43 1 = FOG OR MIST
DPTR FM NORMAL: 3.0 DPTR FM NORMAL: 3.15 2 = FOG REDUCING VISIBILITY
HIGHEST: 72 ON 10 GRTST 24HR 3.81 ON 17-18 TO 1/4 MILE OR LESS
LOWEST: 29 ON 15 3 = THUNDER
SNOW, ICE PELLETS, HAIL 4 = ICE PELLETS
TOTAL MONTH: 0.0 INCH 5 = HAIL
GRTST 24HR 0.0 6 = FREEZING RAIN OR DRIZZLE
GRTST DEPTH: 0 7 = DUSTSTORM OR SANDSTORM:
VSBY 1/2 MILE OR LESS
8 = SMOKE OR HAZE
[NO. OF DAYS WITH] [WEATHER - DAYS WITH] 9 = BLOWING SNOW
X = TORNADO
MAX 32 OR BELOW: 0 0.01 INCH OR MORE: 10
MAX 90 OR ABOVE: 0 0.10 INCH OR MORE: 5
MIN 32 OR BELOW: 5 0.50 INCH OR MORE: 4
MIN 0 OR BELOW: 0 1.00 INCH OR MORE: 3
[HDD (BASE 65) ]
TOTAL THIS MO. 489 CLEAR (SCALE 0-3) 18
DPTR FM NORMAL -98 PTCLDY (SCALE 4-7) 8
TOTAL FM JUL 1 960 CLOUDY (SCALE 8-10) 5
DPTR FM NORMAL -109
[CDD (BASE 65) ]
TOTAL THIS MO. 2
DPTR FM NORMAL 0 [PRESSURE DATA]
TOTAL FM JAN 1 1749 HIGHEST SLP 30.75 ON 14
DPTR FM NORMAL -123 LOWEST SLP 29.10 ON 18
[REMARKS]
#FINAL-12-23#