000
CXUS53 KGRB 031542
CF6OSH
PRELIMINARY LOCAL CLIMATOLOGICAL DATA (WS FORM: F-6)
STATION: OSHKOSH WI
MONTH: OCTOBER
YEAR: 2020
LATITUDE: 44 0 N
LONGITUDE: 88 34 W
TEMPERATURE IN F: :PCPN: SNOW: WIND :SUNSHINE: SKY :PK WND
================================================================================
1 2 3 4 5 6A 6B 7 8 9 10 11 12 13 14 15 16 17 18
12Z AVG MX 2MIN
DY MAX MIN AVG DEP HDD CDD WTR SNW DPTH SPD SPD DIR MIN PSBL S-S WX SPD DR
================================================================================
1 58 38 48 -6 17 0 0.07 0.0 0 8.1 22 340 M M 8 29 340
2 48 34 41 -13 24 0 0.00 0.0 0 3.8 9 360 M M 8 13 360
3 49 40 45 -9 20 0 0.11 0.0 0 5.3 12 340 M M 10 1 15 340
4 53 35 44 -9 21 0 0.00 0.0 0 6.9 14 330 M M 2 18 320
5 62 36 49 -4 16 0 0.00 0.0 0 14.6 29 190 M M 0 37 180
6 73 47 60 8 5 0 0.00 0.0 0 8.6 18 340 M M 1 29 290
7 68 47 58 6 7 0 T 0.0 0 9.0 23 300 M M 2 33 300
8 64 43 54 2 11 0 0.00 0.0 0 6.0 12 300 M M 0 17 330
9 79 45 62 11 3 0 0.00 0.0 0 12.6 26 200 M M 0 38 200
10 67 47 57 6 8 0 0.00 0.0 0 9.8 17 340 M M 0 26 330
11 60 46 53 3 12 0 0.00 0.0 0 11.2 21 140 M M 7 28 140
12 64 48 56 6 9 0 0.34 0.0 0 11.5 28 150 M M 5 13 39 150
13 65 45 55 5 10 0 0.01 0.0 0 9.5 25 200 M M 2 39 200
14 61 44 53 4 12 0 0.04 0.0 0 10.9 28 170 M M 3 42 180
15 52 35 44 -5 21 0 T 0.0 0 12.7 28 290 M M 4 43 300
16 52 30 41 -7 24 0 0.05 0.0 0 8.4 28 290 M M 3 1 42 290
17 61 28 45 -3 20 0 T 0.0 0 14.0 31 190 M M 7 45 190
18 48 31 40 -8 25 0 0.03 0.0 0 8.3 15 290 M M 5 24 290
19 38 25 32 -15 33 0 0.00 0.0 0 5.1 12 340 M M 7 15 360
20 45 28 37 -10 28 0 0.14 0.0 0 7.5 16 100 M M 5 18 23 110
21 45 40 43 -4 22 0 0.00 0.0 0 6.4 17 290 M M 7 1 26 270
22 46 40 43 -3 22 0 3.52 0.0 0 12.4 23 30 M M 10 13 32 110
23 42 32 37 -9 28 0 0.89 0.0 0 12.3 30 20 M M 8 1 37 10
24 41 33 37 -9 28 0 0.00 0.0 0 6.3 14 360 M M 9 17 310
25 38 31 35 -10 30 0 0.05 T T 6.5 12 360 M M 9 1 14 10
26 38 26 32 -13 33 0 T 0.0 0 7.9 14 320 M M 5 1 19 330
27 39 26 33 -11 32 0 0.00 0.0 0 5.9 14 200 M M 1 20 200
28 51 30 41 -3 24 0 0.00 0.0 0 8.0 16 350 M M 3 24 330
29 41 34 38 -6 27 0 0.00 0.0 0 12.8 25 20 M M 10 8 35 10
30 37 23 30 -13 35 0 0.00 0.0 0 6.2 13 360 M M 5 18 20
31 57 23 40 -3 25 0 0.00 0.0 0 15.2 32 290 M M 3 49 310
================================================================================
SM 1642 1110 632 0 5.25 T 283.7 M 149
================================================================================
AV 53.0 35.8 9.2 FASTST M M 5 MAX(MPH)
MISC ----> 32 290 49 310
================================================================================
NOTES:
# LAST OF SEVERAL OCCURRENCES
COLUMN 17 PEAK WIND IN M.P.H.
PRELIMINARY LOCAL CLIMATOLOGICAL DATA (WS FORM: F-6) , PAGE 2
STATION: OSHKOSH WI
MONTH: OCTOBER
YEAR: 2020
LATITUDE: 44 0 N
LONGITUDE: 88 34 W
[TEMPERATURE DATA] [PRECIPITATION DATA] SYMBOLS USED IN COLUMN 16
AVERAGE MONTHLY: 44.4 TOTAL FOR MONTH: 5.25 1 = FOG OR MIST
DPTR FM NORMAL: -4.2 DPTR FM NORMAL: 2.70 2 = FOG REDUCING VISIBILITY
HIGHEST: 79 ON 9 GRTST 24HR 4.38 ON 22-23 TO 1/4 MILE OR LESS
LOWEST: 23 ON 31,30 3 = THUNDER
SNOW, ICE PELLETS, HAIL 4 = ICE PELLETS
TOTAL MONTH: T 5 = HAIL
GRTST 24HR T ON 25-25 6 = FREEZING RAIN OR DRIZZLE
GRTST DEPTH: T 7 = DUSTSTORM OR SANDSTORM:
VSBY 1/2 MILE OR LESS
8 = SMOKE OR HAZE
[NO. OF DAYS WITH] [WEATHER - DAYS WITH] 9 = BLOWING SNOW
X = TORNADO
MAX 32 OR BELOW: 0 0.01 INCH OR MORE: 11
MAX 90 OR ABOVE: 0 0.10 INCH OR MORE: 5
MIN 32 OR BELOW: 12 0.50 INCH OR MORE: 2
MIN 0 OR BELOW: 0 1.00 INCH OR MORE: 1
[HDD (BASE 65) ]
TOTAL THIS MO. 632 CLEAR (SCALE 0-3) 13
DPTR FM NORMAL 118 PTCLDY (SCALE 4-7) 13
TOTAL FM JUL 1 781 CLOUDY (SCALE 8-10) 5
DPTR FM NORMAL 71
[CDD (BASE 65) ]
TOTAL THIS MO. 0
DPTR FM NORMAL -5 [PRESSURE DATA]
TOTAL FM JAN 1 681 HIGHEST SLP 30.39 ON 26
DPTR FM NORMAL 140 LOWEST SLP 29.41 ON 14
[REMARKS]
#FINAL-10-20#