000
CXUS53 KARX 012111
CF6OVS
PRELIMINARY LOCAL CLIMATOLOGICAL DATA (WS FORM: F-6)
STATION: BOSCOBEL_(ASOS) WI
MONTH: AUGUST
YEAR: 2022
LATITUDE: 43 9 N
LONGITUDE: 90 41 W
TEMPERATURE IN F: :PCPN: SNOW: WIND :SUNSHINE: SKY :PK WND
================================================================================
1 2 3 4 5 6A 6B 7 8 9 10 11 12 13 14 15 16 17 18
12Z AVG MX 2MIN
DY MAX MIN AVG DEP HDD CDD WTR SNW DPTH SPD SPD DIR MIN PSBL S-S WX SPD DR
================================================================================
1 83 60 72 -1 0 7 0.00 0.0 0 6.6 15 300 M M 3 1 24 270
2 89 57 73 0 0 8 0.00 0.0 0 5.4 16 190 M M 3 12 27 180
3 84 63 74 1 0 9 0.51 0.0 0 3.3 16 300 M M 3 13 24 310
4 84 58 71 -1 0 6 0.00 0.0 0 1.7 8 10 M M 2 12 13 70
5 86 59 73 1 0 8 0.00 0.0 0 2.2 10 180 M M 3 12 20 180
6 90 66 78 6 0 13 0.70 0.0 0 2.8 25 270 M M 3 13 42 280
7 83 72 78 6 0 13 1.27 0.0 0 1.5 8 210 M M 8 13 15 210
8 77 57 67 -5 0 2 0.22 0.0 0 4.9 15 310 M M 7 123 22 310
9 80 56 68 -4 0 3 0.00 0.0 0 1.7 7 280 M M 3 12 11 20
10 85 57 71 -1 0 6 0.00 0.0 0 2.9 10 270 M M 4 12 16 320
11 81 57 69 -3 0 4 0.00 0.0 0 2.1 9 70 M M 2 18 110
12 64 57 61 -11 4 0 0.04 0.0 0 2.0 7 230 M M 3 13 70
13 74 62 68 -4 0 3 0.41 0.0 0 3.6 14 270 M M 8 13 22 240
14 70 58 64 -8 1 0 0.00 0.0 0 3.5 9 20 M M 10 12 15 350
15 77 59 68 -4 0 3 0.00 0.0 0 1.2 7 60 M M 6 12 11 60
16 81 56 69 -3 0 4 0.00 0.0 0 1.9 6 99 M M 5 12 M M
17 82 55 69 -2 0 4 0.00 0.0 0 1.2 9 30 M M 4 12 14 10
18 81 55 68 -3 0 3 T 0.0 0 3.2 13 260 M M 4 12 21 260
19 79 62 71 0 0 6 0.33 0.0 0 1.7 10 220 M M 8 13 16 260
20 78 60 69 -2 0 4 0.01 0.0 0 2.4 9 80 M M 6 12 15 80
21 79 58 69 -2 0 4 0.00 0.0 0 1.7 9 320 M M 7 12 14 70
22 82 58 70 -1 0 5 0.00 0.0 0 1.1 9 260 M M 6 12 13 320
23 82 58 70 0 0 5 0.00 0.0 0 1.1 9 270 M M 5 12 14 270
24 82 57 70 0 0 5 2.21 0.0 0 2.5 15 70 M M 6 123 24 350
25 81 64 73 3 0 8 T 0.0 0 4.2 12 320 M M 8 1 16 330
26 80 59 70 0 0 5 0.00 0.0 0 1.2 7 10 M M 6 12 13 360
27 80 58 69 -1 0 4 0.01 0.0 0 3.1 8 80 M M 3 3 20 99
28 81 58 70 1 0 5 0.06 0.0 0 3.0 14 80 M M 4 13 24 180
29 82 60 71 2 0 6 0.00 0.0 0 5.7 16 260 M M 1 26 250
30 78 56 67 -2 0 2 0.00 0.0 0 6.3 18 320 M M 0 28 290
31 86 55 71 2 0 6 0.00 0.0 0 4.6 12 270 M M 0 1 20 270
================================================================================
SM 2501 1827 5 161 5.77 0.0 90.3 M 141
================================================================================
AV 80.7 58.9 2.9 FASTST M M 5 MAX(MPH)
MISC ----> 25 270 42 280
================================================================================
NOTES:
# LAST OF SEVERAL OCCURRENCES
COLUMN 17 PEAK WIND IN M.P.H.
PRELIMINARY LOCAL CLIMATOLOGICAL DATA (WS FORM: F-6) , PAGE 2
STATION: BOSCOBEL_(ASOS) WI
MONTH: AUGUST
YEAR: 2022
LATITUDE: 43 9 N
LONGITUDE: 90 41 W
[TEMPERATURE DATA] [PRECIPITATION DATA] SYMBOLS USED IN COLUMN 16
AVERAGE MONTHLY: 69.8 TOTAL FOR MONTH: 5.77 1 = FOG OR MIST
DPTR FM NORMAL: -1.4 DPTR FM NORMAL: 1.70 2 = FOG REDUCING VISIBILITY
HIGHEST: 90 ON 6 GRTST 24HR 2.21 ON 24-24 TO 1/4 MILE OR LESS
LOWEST: 55 ON 31,17 3 = THUNDER
SNOW, ICE PELLETS, HAIL 4 = ICE PELLETS
TOTAL MONTH: 0.0 INCH 5 = HAIL
GRTST 24HR 0.0 6 = FREEZING RAIN OR DRIZZLE
GRTST DEPTH: 0 7 = DUSTSTORM OR SANDSTORM:
VSBY 1/2 MILE OR LESS
8 = SMOKE OR HAZE
[NO. OF DAYS WITH] [WEATHER - DAYS WITH] 9 = BLOWING SNOW
X = TORNADO
MAX 32 OR BELOW: 0 0.01 INCH OR MORE: 11
MAX 90 OR ABOVE: 1 0.10 INCH OR MORE: 7
MIN 32 OR BELOW: 0 0.50 INCH OR MORE: 4
MIN 0 OR BELOW: 0 1.00 INCH OR MORE: 2
[HDD (BASE 65) ]
TOTAL THIS MO. 5 CLEAR (SCALE 0-3) 10
DPTR FM NORMAL -7 PTCLDY (SCALE 4-7) 19
TOTAL FM JUL 1 5 CLOUDY (SCALE 8-10) 2
DPTR FM NORMAL -8
[CDD (BASE 65) ]
TOTAL THIS MO. 161
DPTR FM NORMAL -43 [PRESSURE DATA]
TOTAL FM JAN 1 665 HIGHEST SLP 30.33 ON 12
DPTR FM NORMAL 9 LOWEST SLP 29.68 ON 3
[REMARKS]
#FINAL-08-22#