000
CXUS53 KARX 100607
CF6OVS
PRELIMINARY LOCAL CLIMATOLOGICAL DATA (WS FORM: F-6)
STATION: BOSCOBEL_(ASOS) WI
MONTH: AUGUST
YEAR: 2021
LATITUDE: 43 9 N
LONGITUDE: 90 41 W
TEMPERATURE IN F: :PCPN: SNOW: WIND :SUNSHINE: SKY :PK WND
================================================================================
1 2 3 4 5 6A 6B 7 8 9 10 11 12 13 14 15 16 17 18
12Z AVG MX 2MIN
DY MAX MIN AVG DEP HDD CDD WTR SNW DPTH SPD SPD DIR MIN PSBL S-S WX SPD DR
================================================================================
1 79 54 67 -6 0 2 0.00 0.0 0 3.5 13 10 M M 5 128 21 10
2 81 53 67 -6 0 2 0.00 0.0 0 1.8 10 20 M M 3 12 17 360
3 84 54 69 -4 0 4 0.00 0.0 0 1.7 8 250 M M 3 12 12 310
4 84 58 71 -1 0 6 0.00 0.0 0 1.2 8 260 M M 4 128 12 210
5 78 60 69 -3 0 4 0.04 0.0 0 2.1 15 200 M M 7 12 23 240
6 85 63 74 2 0 9 0.00 0.0 0 2.3 10 250 M M 5 128 15 250
7 78 64 71 -1 0 6 T 0.0 0 1.5 32 350 M M 6 1238 53 340
8 85 70 78 6 0 13 0.31 0.0 0 4.5 16 250 M M 4 138 25 240
9 86 68 77 5 0 12 0.36 0.0 0 2.3 10 260 M M 7 123 19 250
10 94 69 82 10 0 17 0.21 0.0 0 2.9 29 280 M M 5 123 51 320
11 88 M M M M M M 0.0 0 4.9 15 200 M M 7 13 31 180
12 89 M M M M M M 0.0 0 4.8 17 220 M M 0 1 32 180
13 83 55 69 -3 0 4 0.00 0.0 0 3.4 14 320 M M 0 1 21 280
14 84 53 69 -3 0 4 0.00 0.0 0 1.3 9 290 M M 3 12 13 260
15 83 54 69 -3 0 4 0.00 0.0 0 2.0 9 210 M M 2 12 16 220
16 83 55 69 -3 0 4 0.00 0.0 0 1.8 9 120 M M 3 12 16 120
17 86 55 71 0 0 6 0.00 0.0 0 2.0 10 180 M M 3 12 17 180
18 89 61 75 4 0 10 0.00 0.0 0 1.4 9 190 M M 4 12 15 190
19 91 63 77 6 0 12 0.00 0.0 0 0.7 7 120 M M 4 12 12 150
20 90 63 77 6 0 12 0.00 0.0 0 3.8 14 190 M M 4 12 24 190
21 86 58 72 1 0 7 0.69 0.0 0 4.3 13 280 M M 4 13 19 160
22 82 52 67 -4 0 2 0.00 0.0 0 2.3 10 50 M M 1 12 20 80
23 89 61 75 5 0 10 0.30 0.0 0 3.7 12 250 M M 4 13 19 220
24 88 67 78 8 0 13 0.11 0.0 0 3.3 18 250 M M 5 123 29 340
25 88 66 77 7 0 12 0.00 0.0 0 2.2 13 330 M M 6 12 18 300
26 87 66 77 7 0 12 0.11 0.0 0 2.3 12 230 M M 3 12 16 230
27 89 70 80 10 0 15 0.52 0.0 0 5.5 20 310 M M 5 123 34 200
28 91 68 80 11 0 15 0.27 0.0 0 3.4 17 340 M M 2 13 30 340
29 86 61 74 5 0 9 0.01 0.0 0 4.9 17 290 M M 1 1 29 280
30 85 60 73 4 0 8 0.00 0.0 0 1.5 8 310 M M 3 12 11 320
31 79 57 68 -1 0 3 T 0.0 0 2.3 8 70 M M 4 12 16 90
================================================================================
SM 2650 1758 0 237 2.93 0.0 85.6 M 117
================================================================================
AV 85.5 60.6 2.8 FASTST M M 4 MAX(MPH)
MISC ----> 32 350 53 340
================================================================================
NOTES:
# LAST OF SEVERAL OCCURRENCES
COLUMN 17 PEAK WIND IN M.P.H.
PRELIMINARY LOCAL CLIMATOLOGICAL DATA (WS FORM: F-6) , PAGE 2
STATION: BOSCOBEL_(ASOS) WI
MONTH: AUGUST
YEAR: 2021
LATITUDE: 43 9 N
LONGITUDE: 90 41 W
[TEMPERATURE DATA] [PRECIPITATION DATA] SYMBOLS USED IN COLUMN 16
AVERAGE MONTHLY: 73.1 TOTAL FOR MONTH: 2.93 1 = FOG OR MIST
DPTR FM NORMAL: 1.9 DPTR FM NORMAL: -1.14 2 = FOG REDUCING VISIBILITY
HIGHEST: 94 ON 10 GRTST 24HR 0.69 ON 21-21 TO 1/4 MILE OR LESS
LOWEST: 52 ON 22 3 = THUNDER
SNOW, ICE PELLETS, HAIL 4 = ICE PELLETS
TOTAL MONTH: 0.0 INCH 5 = HAIL
GRTST 24HR 0.0 6 = FREEZING RAIN OR DRIZZLE
GRTST DEPTH: 0 7 = DUSTSTORM OR SANDSTORM:
VSBY 1/2 MILE OR LESS
8 = SMOKE OR HAZE
[NO. OF DAYS WITH] [WEATHER - DAYS WITH] 9 = BLOWING SNOW
X = TORNADO
MAX 32 OR BELOW: 0 0.01 INCH OR MORE: 11
MAX 90 OR ABOVE: 4 0.10 INCH OR MORE: 9
MIN 32 OR BELOW: 0 0.50 INCH OR MORE: 2
MIN 0 OR BELOW: 0 1.00 INCH OR MORE: 0
[HDD (BASE 65) ]
TOTAL THIS MO. 0 CLEAR (SCALE 0-3) 11
DPTR FM NORMAL -12 PTCLDY (SCALE 4-7) 20
TOTAL FM JUL 1 0 CLOUDY (SCALE 8-10) 0
DPTR FM NORMAL -13
[CDD (BASE 65) ]
TOTAL THIS MO. 237
DPTR FM NORMAL 33 [PRESSURE DATA]
TOTAL FM JAN 1 809 HIGHEST SLP 30.30 ON 14
DPTR FM NORMAL 153 LOWEST SLP 29.67 ON 11
[REMARKS]
#FINAL-08-21#