000
CXUS55 KPAH 010700
CF6OWB
PRELIMINARY LOCAL CLIMATOLOGICAL DATA (WS FORM: F-6)
STATION: OWENSBORO KY
MONTH: MAY
YEAR: 2021
LATITUDE: 37 45 N
LONGITUDE: 87 10 W
TEMPERATURE IN F: :PCPN: SNOW: WIND :SUNSHINE: SKY :PK WND
================================================================================
1 2 3 4 5 6A 6B 7 8 9 10 11 12 13 14 15 16 17 18
12Z AVG MX 2MIN
DY MAX MIN AVG DEP HDD CDD WTR SNW DPTH SPD SPD DIR MIN PSBL S-S WX SPD DR
================================================================================
1 77 46 62 -2 3 0 0.00 M M 8.1 16 220 M M 0 18 220
2 73 58 66 1 0 1 0.31 M M 6.9 16 170 M M 6 1 20 180
3 80 61 71 6 0 6 0.35 M M 10.4 21 240 M M 8 13 23 240
4 75 57 66 1 0 1 0.76 M M 10.4 26 200 M M 9 13 33 210
5 65 48 57 -9 8 0 T M M 8.9 18 320 M M 6 1 22 350
6 68 45 57 -9 8 0 0.19 M M 7.1 36 300 M M 4 13 44 290
7 70 44 57 -9 8 0 0.02 M M 9.0 25 280 M M 2 31 280
8 59 48 54 -12 11 0 T M M 8.1 16 50 M M 7 21 50
9 67 49 58 -8 7 0 0.06 M M 15.9 25 200 M M 9 13 37 220
10 63 44 54 -13 11 0 M M M 6.7 15 70 M M 3 20 40
11 67 45 56 -11 9 0 0.00 M M 8.7 17 50 M M 4 24 50
12 67 48 58 -9 7 0 0.00 M M 9.9 20 90 M M 2 25 80
13 69 48 59 -8 6 0 0.00 M M 5.3 14 50 M M 1 17 50
14 73 44 59 -9 6 0 0.00 M M 2.7 13 80 M M 1 16 80
15 73 46 60 -8 5 0 T M M 4.4 15 210 M M 4 18 210
16 75 56 66 -2 0 1 T M M 7.7 16 150 M M 8 18 18 150
17 77 61 69 1 0 4 T M M 8.0 14 110 M M 5 16 110
18 82 65 74 5 0 9 0.00 M M 10.8 23 160 M M 7 29 160
19 82 67 75 6 0 10 T M M 10.4 21 160 M M 5 25 130
20 87 66 77 8 0 12 0.00 M M 10.8 21 150 M M 0 25 170
21 85 63 74 5 0 9 0.00 M M 8.2 21 170 M M 0 8 24 160
22 89 61 75 5 0 10 0.00 M M 3.0 12 210 M M 1 18 15 210
23 89 64 77 7 0 12 0.00 M M 3.4 10 240 M M 1 8 16 220
24 89 65 77 7 0 12 0.00 M M 4.2 13 220 M M 1 18 240
25 91 66 79 9 0 14 0.00 M M 7.9 20 210 M M 1 24 190
26 78 65 72 1 0 7 M M M 5.6 13 220 M M 6 12 16 210
27 85 62 74 3 0 9 M M M 5.8 28 310 M M 7 12 36 310
28 78 53 66 -5 0 1 0.02 M M 12.2 26 320 M M 9 1 31 310
29 58 51 55 -17 10 0 0.01 M M 7.4 15 310 M M 10 1 18 40
30 71 49 60 -12 5 0 0.00 M M 6.9 18 70 M M 0 22 60
31 77 51 64 -8 1 0 0.00 M M 3.0 12 110 M M 0 8 14 90
================================================================================
SM 2339 1696 105 118 1.72 M 237.8 M 127
================================================================================
AV 75.5 54.7 7.7 FASTST M M 4 MAX(MPH)
MISC ----> 36 300 44 290
================================================================================
NOTES:
# LAST OF SEVERAL OCCURRENCES
COLUMN 17 PEAK WIND IN M.P.H.
PRELIMINARY LOCAL CLIMATOLOGICAL DATA (WS FORM: F-6) , PAGE 2
STATION: OWENSBORO KY
MONTH: MAY
YEAR: 2021
LATITUDE: 37 45 N
LONGITUDE: 87 10 W
[TEMPERATURE DATA] [PRECIPITATION DATA] SYMBOLS USED IN COLUMN 16
AVERAGE MONTHLY: 65.1 TOTAL FOR MONTH: 1.72 1 = FOG OR MIST
DPTR FM NORMAL: -3.1 DPTR FM NORMAL: -4.12 2 = FOG REDUCING VISIBILITY
HIGHEST: 91 ON 25 GRTST 24HR 0.98 ON 3- 4 TO 1/4 MILE OR LESS
LOWEST: 44 ON 14,10 3 = THUNDER
SNOW, ICE PELLETS, HAIL 4 = ICE PELLETS
TOTAL MONTH: M 5 = HAIL
GRTST 24HR M ON M 6 = FREEZING RAIN OR DRIZZLE
GRTST DEPTH: M ON M 7 = DUSTSTORM OR SANDSTORM:
VSBY 1/2 MILE OR LESS
8 = SMOKE OR HAZE
[NO. OF DAYS WITH] [WEATHER - DAYS WITH] 9 = BLOWING SNOW
X = TORNADO
MAX 32 OR BELOW: 0 0.01 INCH OR MORE: 8
MAX 90 OR ABOVE: 1 0.10 INCH OR MORE: 4
MIN 32 OR BELOW: 0 0.50 INCH OR MORE: 1
MIN 0 OR BELOW: 0 1.00 INCH OR MORE: 0
[HDD (BASE 65) ]
TOTAL THIS MO. 105 CLEAR (SCALE 0-3) 14
DPTR FM NORMAL 54 PTCLDY (SCALE 4-7) 13
TOTAL FM JUL 1 4095 CLOUDY (SCALE 8-10) 4
DPTR FM NORMAL 225
[CDD (BASE 65) ]
TOTAL THIS MO. 118
DPTR FM NORMAL -32 [PRESSURE DATA]
TOTAL FM JAN 1 145 HIGHEST SLP 30.42 ON 22
DPTR FM NORMAL -56 LOWEST SLP 29.59 ON 3
[REMARKS]
#FINAL-05-21#