000
CXUS56 KLOX 011155
CF6OXR
PRELIMINARY LOCAL CLIMATOLOGICAL DATA (WS FORM: F-6)
STATION: OXNARD AIRPORT CA
MONTH: JULY
YEAR: 2022
LATITUDE: 34 12 N
LONGITUDE: 119 12 W
TEMPERATURE IN F: :PCPN: SNOW: WIND :SUNSHINE: SKY :PK WND
================================================================================
1 2 3 4 5 6A 6B 7 8 9 10 11 12 13 14 15 16 17 18
12Z AVG MX 2MIN
DY MAX MIN AVG DEP HDD CDD WTR SNW DPTH SPD SPD DIR MIN PSBL S-S WX SPD DR
================================================================================
1 70 58 64 -2 1 0 0.00 M M 7.9 18 270 M M 3 18 22 270
2 71 58 65 -1 0 0 0.00 M M 9.4 18 270 M M 2 23 260
3 70 57 64 -2 1 0 0.00 M M 8.3 18 260 M M 1 29 270
4 70 56 63 -3 2 0 0.00 M M 6.8 16 270 M M 1 23 250
5 71 58 65 -1 0 0 0.00 M M 6.6 16 260 M M 4 18 21 260
6 70 62 66 0 0 1 0.00 M M 7.5 20 280 M M 5 23 270
7 72 58 65 -1 0 0 0.00 M M 8.1 21 270 M M 1 25 290
8 70 59 65 -1 0 0 0.00 M M 5.4 15 290 M M 7 1 20 280
9 69 59 64 -2 1 0 0.00 M M 6.5 16 270 M M 6 1 22 260
10 71 59 65 -1 0 0 0.00 M M 8.1 16 280 M M 3 22 270
11 66 58 62 -5 3 0 0.00 M M 6.7 15 260 M M 9 1 22 210
12 69 58 64 -3 1 0 0.00 M M 6.0 15 270 M M 9 1 18 280
13 66 59 63 -4 2 0 0.00 M M 8.5 20 280 M M 10 25 280
14 69 59 64 -3 1 0 0.00 M M 5.4 13 270 M M 8 1 21 250
15 70 59 65 -2 0 0 0.00 M M 5.3 13 260 M M 5 1 20 280
16 70 60 65 -2 0 0 0.00 M M 6.0 14 270 M M 4 1 19 280
17 72 59 66 -1 0 1 0.00 M M 5.1 14 210 M M 3 12 20 280
18 74 62 68 1 0 3 T M M 5.4 12 280 M M 2 1 18 210
19 71 60 66 -1 0 1 0.00 M M 6.0 14 260 M M 6 128 19 270
20 72 60 66 -1 0 1 0.00 M M 6.0 14 270 M M 3 18 16 270
21 72 60 66 -1 0 1 0.00 M M 7.0 16 270 M M 3 18 23 280
22 71 59 65 -2 0 0 0.00 M M 5.9 14 270 M M 3 23 150
23 72 61 67 0 0 2 0.00 M M 6.2 16 260 M M 6 18 23 270
24 69 60 65 -2 0 0 0.00 M M 7.2 20 260 M M 8 1 26 280
25 68 59 64 -3 1 0 0.00 M M 8.5 16 280 M M 10 1 23 260
26 67 59 63 -4 2 0 0.00 M M 8.2 18 270 M M 9 1 22 280
27 68 60 64 -3 1 0 0.00 M M 7.4 16 280 M M 8 1 23 290
28 71 59 65 -2 0 0 0.00 M M 6.1 15 270 M M 3 20 250
29 73 60 67 0 0 2 0.00 M M 6.2 15 280 M M 3 19 280
30 73 61 67 0 0 2 0.00 M M 5.0 14 290 M M 3 1 18 290
31 77 65 71 4 0 6 0.00 M M 5.2 13 270 M M 4 19 260
================================================================================
SM 2184 1841 16 20 T M 207.9 M 152
================================================================================
AV 70.5 59.4 6.7 FASTST M M 5 MAX(MPH)
MISC ----> 21 270 29 270
================================================================================
NOTES:
# LAST OF SEVERAL OCCURRENCES
COLUMN 17 PEAK WIND IN M.P.H.
PRELIMINARY LOCAL CLIMATOLOGICAL DATA (WS FORM: F-6) , PAGE 2
STATION: OXNARD AIRPORT CA
MONTH: JULY
YEAR: 2022
LATITUDE: 34 12 N
LONGITUDE: 119 12 W
[TEMPERATURE DATA] [PRECIPITATION DATA] SYMBOLS USED IN COLUMN 16
AVERAGE MONTHLY: 64.9 TOTAL FOR MONTH: T 1 = FOG OR MIST
DPTR FM NORMAL: -1.8 DPTR FM NORMAL: -0.02 2 = FOG REDUCING VISIBILITY
HIGHEST: 77 ON 31 GRTST 24HR T ON 18-18 TO 1/4 MILE OR LESS
LOWEST: 56 ON 4 3 = THUNDER
SNOW, ICE PELLETS, HAIL 4 = ICE PELLETS
TOTAL MONTH: M 5 = HAIL
GRTST 24HR M ON M 6 = FREEZING RAIN OR DRIZZLE
GRTST DEPTH: M ON M 7 = DUSTSTORM OR SANDSTORM:
VSBY 1/2 MILE OR LESS
8 = SMOKE OR HAZE
[NO. OF DAYS WITH] [WEATHER - DAYS WITH] 9 = BLOWING SNOW
X = TORNADO
MAX 32 OR BELOW: 0 0.01 INCH OR MORE: 0
MAX 90 OR ABOVE: 0 0.10 INCH OR MORE: 0
MIN 32 OR BELOW: 0 0.50 INCH OR MORE: 0
MIN 0 OR BELOW: 0 1.00 INCH OR MORE: 0
[HDD (BASE 65) ]
TOTAL THIS MO. 16 CLEAR (SCALE 0-3) 14
DPTR FM NORMAL 2 PTCLDY (SCALE 4-7) 10
TOTAL FM JUL 1 16 CLOUDY (SCALE 8-10) 7
DPTR FM NORMAL 10
[CDD (BASE 65) ]
TOTAL THIS MO. 20
DPTR FM NORMAL -48 [PRESSURE DATA]
TOTAL FM JAN 1 74 HIGHEST SLP 30.12 ON 9
DPTR FM NORMAL -31 LOWEST SLP 29.80 ON 22
[REMARKS]
#FINAL-07-22#