000
CXUS56 KLOX 011255
CF6OXR
PRELIMINARY LOCAL CLIMATOLOGICAL DATA (WS FORM: F-6)
STATION: OXNARD AIRPORT CA
MONTH: JANUARY
YEAR: 2022
LATITUDE: 34 12 N
LONGITUDE: 119 12 W
TEMPERATURE IN F: :PCPN: SNOW: WIND :SUNSHINE: SKY :PK WND
================================================================================
1 2 3 4 5 6A 6B 7 8 9 10 11 12 13 14 15 16 17 18
12Z AVG MX 2MIN
DY MAX MIN AVG DEP HDD CDD WTR SNW DPTH SPD SPD DIR MIN PSBL S-S WX SPD DR
================================================================================
1 62 41 52 -4 13 0 0.00 M M 10.4 21 80 M M 0 27 80
2 63 39 51 -5 14 0 0.00 M M 6.2 14 120 M M 0 17 80
3 58 43 51 -5 14 0 0.00 M M 8.0 20 280 M M 1 24 290
4 60 41 51 -5 14 0 0.00 M M 5.1 13 50 M M 0 20 140
5 63 40 52 -4 13 0 0.00 M M 3.6 10 30 M M 0 8 13 40
6 65 47 56 0 9 0 0.00 M M 4.6 13 30 M M 2 12 17 40
7 57 46 52 -4 13 0 0.00 M M 3.5 12 280 M M 9 12 14 280
8 61 47 54 -2 11 0 0.00 M M 4.5 12 250 M M 3 18 14 250
9 73 40 57 1 8 0 0.00 M M 7.6 22 80 M M 0 1 28 70
10 73 49 61 5 4 0 0.00 M M 11.1 23 80 M M 1 30 50
11 77 50 64 8 1 0 0.00 M M 11.4 26 100 M M 0 34 90
12 79 50 65 9 0 0 0.00 M M 7.1 20 80 M M 0 24 80
13 68 53 61 5 4 0 0.00 M M 3.4 10 290 M M 2 8 13 40
14 78 48 63 7 2 0 0.00 M M 9.1 31 70 M M 1 8 39 60
15 70 57 64 8 1 0 T M M 10.3 21 80 M M 6 28 70
16 70 56 63 7 2 0 0.00 M M 5.1 14 280 M M 9 1 16 290
17 64 53 59 3 6 0 0.15 M M 3.0 13 60 M M 8 1 M M
18 62 50 56 0 9 0 0.00 M M 2.5 12 270 M M 6 1 17 290
19 59 46 53 -3 12 0 0.00 M M 3.7 10 60 M M 4 1 12 280
20 75 45 60 4 5 0 0.00 M M 5.4 16 300 M M 0 1 31 320
21 71 45 58 2 7 0 0.00 M M 6.5 24 80 M M 0 31 80
22 72 47 60 4 5 0 0.00 M M 12.6 30 80 M M 0 37 300
23 72 44 58 2 7 0 0.00 M M 6.2 16 290 M M 0 19 280
24 67 47 57 1 8 0 0.00 M M 6.8 13 40 M M 0 22 30
25 60 43 52 -4 13 0 0.00 M M 5.0 9 280 M M 0 12 200
26 72 37 55 -1 10 0 0.00 M M 7.4 24 90 M M 0 31 130
27 70 44 57 1 8 0 0.00 M M 7.4 22 90 M M 0 29 90
28 72 43 58 2 7 0 0.00 M M 18.9 29 80 M M 0 39 70
29 70 46 58 2 7 0 0.00 M M 6.7 13 80 M M 1 16 310
30 68 43 56 0 9 0 0.00 M M 5.5 14 210 M M 0 18 40
31 60 43 52 -4 13 0 0.00 M M 4.2 9 190 M M 2 1 M M
================================================================================
SM 2091 1423 249 0 0.15 M 212.8 M 55
================================================================================
AV 67.5 45.9 6.9 FASTST M M 2 MAX(MPH)
MISC ----> 31 70 # 39 60
================================================================================
NOTES:
# LAST OF SEVERAL OCCURRENCES
COLUMN 17 PEAK WIND IN M.P.H.
PRELIMINARY LOCAL CLIMATOLOGICAL DATA (WS FORM: F-6) , PAGE 2
STATION: OXNARD AIRPORT CA
MONTH: JANUARY
YEAR: 2022
LATITUDE: 34 12 N
LONGITUDE: 119 12 W
[TEMPERATURE DATA] [PRECIPITATION DATA] SYMBOLS USED IN COLUMN 16
AVERAGE MONTHLY: 56.7 TOTAL FOR MONTH: 0.15 1 = FOG OR MIST
DPTR FM NORMAL: 0.7 DPTR FM NORMAL: -2.77 2 = FOG REDUCING VISIBILITY
HIGHEST: 79 ON 12 GRTST 24HR 0.15 ON 17-17 TO 1/4 MILE OR LESS
LOWEST: 37 ON 26 3 = THUNDER
SNOW, ICE PELLETS, HAIL 4 = ICE PELLETS
TOTAL MONTH: M 5 = HAIL
GRTST 24HR M ON M 6 = FREEZING RAIN OR DRIZZLE
GRTST DEPTH: M ON M 7 = DUSTSTORM OR SANDSTORM:
VSBY 1/2 MILE OR LESS
8 = SMOKE OR HAZE
[NO. OF DAYS WITH] [WEATHER - DAYS WITH] 9 = BLOWING SNOW
X = TORNADO
MAX 32 OR BELOW: 0 0.01 INCH OR MORE: 1
MAX 90 OR ABOVE: 0 0.10 INCH OR MORE: 1
MIN 32 OR BELOW: 0 0.50 INCH OR MORE: 0
MIN 0 OR BELOW: 0 1.00 INCH OR MORE: 0
[HDD (BASE 65) ]
TOTAL THIS MO. 249 CLEAR (SCALE 0-3) 24
DPTR FM NORMAL -36 PTCLDY (SCALE 4-7) 4
TOTAL FM JUL 1 932 CLOUDY (SCALE 8-10) 3
DPTR FM NORMAL 101
[CDD (BASE 65) ]
TOTAL THIS MO. 0
DPTR FM NORMAL -6 [PRESSURE DATA]
TOTAL FM JAN 1 0 HIGHEST SLP 30.34 ON 10
DPTR FM NORMAL -6 LOWEST SLP 29.87 ON 1
[REMARKS]
#FINAL-01-22#