000
CXUS53 KDDC 031312
CF6P28
PRELIMINARY LOCAL CLIMATOLOGICAL DATA (WS FORM: F-6)
STATION: MEDICINE LODGE KS
MONTH: MARCH
YEAR: 2023
LATITUDE: 37 17 N
LONGITUDE: 98 35 W
TEMPERATURE IN F: :PCPN: SNOW: WIND :SUNSHINE: SKY :PK WND
================================================================================
1 2 3 4 5 6A 6B 7 8 9 10 11 12 13 14 15 16 17 18
12Z AVG MX 2MIN
DY MAX MIN AVG DEP HDD CDD WTR SNW DPTH SPD SPD DIR MIN PSBL S-S WX SPD DR
================================================================================
1 60 35 48 6 17 0 0.00 0.0 0 11.9 28 350 M M 0 45 350
2 51 35 43 1 22 0 0.00 0.0 0 13.8 22 10 M M 0 30 70
3 63 29 46 3 19 0 0.01 0.0 0 8.8 18 330 M M 0 25 330
4 63 37 50 7 15 0 0.00 0.0 0 11.2 29 10 M M 0 39 30
5 82 39 61 18 4 0 0.00 0.0 0 11.6 25 180 M M 0 35 180
6 64 39 52 8 13 0 0.00 0.0 0 14.4 23 20 M M 0 30 360
7 43 35 39 -5 26 0 0.00 0.0 0 10.4 18 20 M M 0 25 50
8 54 37 46 2 19 0 0.00 0.0 0 10.0 17 10 M M 0 23 20
9 52 33 43 -2 22 0 0.00 0.0 0 8.6 20 340 M M 0 25 340
10 48 22 35 -10 30 0 0.00 0.0 0 7.0 18 120 M M 0 28 120
11 63 38 51 5 14 0 0.00 0.0 0 12.6 29 10 M M 0 38 20
12 51 31 41 -5 24 0 0.00 0.0 0 10.8 26 10 M M 0 36 20
13 45 26 36 -10 29 0 0.00 0.0 0 7.4 14 20 M M 0 20 30
14 56 27 42 -5 23 0 0.00 0.0 0 10.5 23 170 M M 0 32 190
15 66 38 52 5 13 0 0.00 0.0 0 16.9 35 180 M M 0 50 180
16 61 33 47 -1 18 0 0.01 0.0 0 19.9 37 350 M M 0 53 340
17 52 23 38 -10 27 0 0.00 0.0 0 10.0 23 340 M M 0 33 340
18 43 17 30 -18 35 0 0.00 0.0 0 11.6 25 360 M M 0 36 360
19 53 9 31 -18 34 0 0.00 0.0 0 8.6 21 170 M M 0 28 160
20 61 34 48 -1 17 0 0.00 0.0 0 17.2 33 180 M M 0 47 180
21 79 44 62 13 3 0 0.00 0.0 0 13.1 25 190 M M 0 36 220
22 82 45 64 14 1 0 0.00 0.0 0 9.1 22 190 M M 0 31 190
23 68 38 53 3 12 0 0.00 0.0 0 14.4 25 350 M M 0 38 350
24 54 39 47 -3 18 0 0.00 0.0 0 8.9 18 10 M M 0 24 350
25 63 30 47 -4 18 0 0.00 0.0 0 6.3 26 250 M M 0 40 260
26 51 27 39 -12 26 0 0.00 0.0 0 9.4 18 350 M M 0 25 360
27 53 24 39 -12 26 0 0.00 0.0 0 6.1 22 320 M M 0 32 330
28 54 30 42 -10 23 0 0.00 0.0 0 8.5 22 360 M M 0 31 360
29 71 34 53 1 12 0 0.00 0.0 0 12.4 24 190 M M 0 34 150
30 67 43 55 3 10 0 0.03 0.0 0 16.5 30 180 M M 0 45 160
31 72 45 59 6 6 0 0.00 0.0 0 16.1 37 240 M M 0 51 240
================================================================================
SM 1845 1016 576 0 0.05 0.0 354.0 M 0
================================================================================
AV 59.5 32.8 11.4 FASTST M M 0 MAX(MPH)
MISC ----> # 37 240 53 340
================================================================================
NOTES:
# LAST OF SEVERAL OCCURRENCES
COLUMN 17 PEAK WIND IN M.P.H.
PRELIMINARY LOCAL CLIMATOLOGICAL DATA (WS FORM: F-6) , PAGE 2
STATION: MEDICINE LODGE KS
MONTH: MARCH
YEAR: 2023
LATITUDE: 37 17 N
LONGITUDE: 98 35 W
[TEMPERATURE DATA] [PRECIPITATION DATA] SYMBOLS USED IN COLUMN 16
AVERAGE MONTHLY: 46.2 TOTAL FOR MONTH: 0.05 1 = FOG OR MIST
DPTR FM NORMAL: -1.3 DPTR FM NORMAL: -1.98 2 = FOG REDUCING VISIBILITY
HIGHEST: 82 ON 22, 5 GRTST 24HR 0.03 ON 30-30 TO 1/4 MILE OR LESS
LOWEST: 9 ON 19 3 = THUNDER
SNOW, ICE PELLETS, HAIL 4 = ICE PELLETS
TOTAL MONTH: 0.0 INCH 5 = HAIL
GRTST 24HR 0.0 6 = FREEZING RAIN OR DRIZZLE
GRTST DEPTH: 0 7 = DUSTSTORM OR SANDSTORM:
VSBY 1/2 MILE OR LESS
8 = SMOKE OR HAZE
[NO. OF DAYS WITH] [WEATHER - DAYS WITH] 9 = BLOWING SNOW
X = TORNADO
MAX 32 OR BELOW: 0 0.01 INCH OR MORE: 3
MAX 90 OR ABOVE: 0 0.10 INCH OR MORE: 0
MIN 32 OR BELOW: 12 0.50 INCH OR MORE: 0
MIN 0 OR BELOW: 0 1.00 INCH OR MORE: 0
[HDD (BASE 65) ]
TOTAL THIS MO. 576
DPTR FM NORMAL 27
TOTAL FM JUL 1 3876
DPTR FM NORMAL -157
[CDD (BASE 65) ]
TOTAL THIS MO. 0
DPTR FM NORMAL -4 [PRESSURE DATA]
TOTAL FM JAN 1 0 HIGHEST SLP 30.49 ON 28
DPTR FM NORMAL -4 LOWEST SLP 29.45 ON 16
[REMARKS]
#FINAL-03-23#