000
CXUS53 KDDC 011453
CF6P28
PRELIMINARY LOCAL CLIMATOLOGICAL DATA (WS FORM: F-6)
STATION: MEDICINE LODGE KS
MONTH: AUGUST
YEAR: 2022
LATITUDE: 37 17 N
LONGITUDE: 98 35 W
TEMPERATURE IN F: :PCPN: SNOW: WIND :SUNSHINE: SKY :PK WND
================================================================================
1 2 3 4 5 6A 6B 7 8 9 10 11 12 13 14 15 16 17 18
12Z AVG MX 2MIN
DY MAX MIN AVG DEP HDD CDD WTR SNW DPTH SPD SPD DIR MIN PSBL S-S WX SPD DR
================================================================================
1 102 72 87 5 0 22 0.00 0.0 0 9.6 25 190 M M 0 36 220
2 105 73 89 7 0 24 0.00 0.0 0 11.8 26 190 M M 0 38 190
3 106 77 92 10 0 27 0.00 0.0 0 8.3 21 190 M M 0 29 200
4 99 72 86 4 0 21 0.00 0.0 0 7.2 17 140 M M 0 27 160
5 104 76 90 8 0 25 0.00 0.0 0 9.8 20 170 M M 0 30 150
6 104 77 91 9 0 26 0.00 0.0 0 13.5 24 190 M M 0 38 170
7 104 77 91 10 0 26 0.00 0.0 0 9.8 20 180 M M 0 30 190
8 88 69 79 -2 0 14 0.00 0.0 0 7.7 18 360 M M 0 29 360
9 99 69 84 3 0 19 0.00 0.0 0 6.5 16 80 M M 0 27 60
10 99 65 82 1 0 17 0.00 0.0 0 6.6 17 60 M M 0 24 90
11 96 62 79 -2 0 14 0.00 0.0 0 5.5 14 80 M M 0 20 110
12 97 61 79 -2 0 14 0.00 0.0 0 5.3 13 180 M M 0 18 200
13 101 65 83 2 0 18 0.00 0.0 0 6.4 16 190 M M 0 23 200
14 103 67 85 4 0 20 0.00 0.0 0 7.7 17 200 M M 0 23 190
15 102 68 85 5 0 20 0.00 0.0 0 7.0 18 190 M M 0 25 170
16 94 69 82 2 0 17 0.00 0.0 0 12.2 23 20 M M 0 29 30
17 80 66 73 -7 0 8 0.00 0.0 0 5.7 14 30 M M 0 20 40
18 90 62 76 -4 0 11 0.00 0.0 0 3.7 10 180 M M 0 16 180
19 96 59 78 -2 0 13 0.00 0.0 0 6.7 21 200 M M 0 31 200
20 90 66 78 -2 0 13 0.00 0.0 0 5.6 15 60 M M 0 23 50
21 88 64 76 -3 0 11 0.00 0.0 0 6.2 17 180 M M 0 23 180
22 93 60 77 -2 0 12 0.00 0.0 0 5.8 14 60 M M 0 24 10
23 91 60 76 -3 0 11 0.00 0.0 0 4.0 12 130 M M 0 16 130
24 93 57 75 -4 0 10 0.00 0.0 0 3.3 12 170 M M 0 17 130
25 96 59 78 -1 0 13 0.00 0.0 0 3.9 14 160 M M 0 22 170
26 97 63 80 2 0 15 0.00 0.0 0 6.8 21 180 M M 0 29 170
27 93 69 81 3 0 16 0.05 0.0 0 9.1 23 260 M M 0 37 250
28 101 69 85 7 0 20 0.00 0.0 0 8.6 24 170 M M 0 36 180
29 98 68 83 5 0 18 0.00 0.0 0 8.0 20 180 M M 0 28 180
30 96 66 81 4 0 16 0.00 0.0 0 5.8 17 60 M M 0 23 80
31 95 61 78 1 0 13 0.00 0.0 0 4.7 15 190 M M 0 25 210
================================================================================
SM 3000 2068 0 524 0.05 0.0 222.8 M 0
================================================================================
AV 96.8 66.7 7.2 FASTST M M 0 MAX(MPH)
MISC ----> 26 190 # 38 170
================================================================================
NOTES:
# LAST OF SEVERAL OCCURRENCES
COLUMN 17 PEAK WIND IN M.P.H.
PRELIMINARY LOCAL CLIMATOLOGICAL DATA (WS FORM: F-6) , PAGE 2
STATION: MEDICINE LODGE KS
MONTH: AUGUST
YEAR: 2022
LATITUDE: 37 17 N
LONGITUDE: 98 35 W
[TEMPERATURE DATA] [PRECIPITATION DATA] SYMBOLS USED IN COLUMN 16
AVERAGE MONTHLY: 81.8 TOTAL FOR MONTH: 0.05 1 = FOG OR MIST
DPTR FM NORMAL: 1.8 DPTR FM NORMAL: -3.46 2 = FOG REDUCING VISIBILITY
HIGHEST: 106 ON 3 GRTST 24HR 0.05 ON 27-27 TO 1/4 MILE OR LESS
LOWEST: 57 ON 24 3 = THUNDER
SNOW, ICE PELLETS, HAIL 4 = ICE PELLETS
TOTAL MONTH: 0.0 INCH 5 = HAIL
GRTST 24HR 0.0 6 = FREEZING RAIN OR DRIZZLE
GRTST DEPTH: 0 7 = DUSTSTORM OR SANDSTORM:
VSBY 1/2 MILE OR LESS
8 = SMOKE OR HAZE
[NO. OF DAYS WITH] [WEATHER - DAYS WITH] 9 = BLOWING SNOW
X = TORNADO
MAX 32 OR BELOW: 0 0.01 INCH OR MORE: 1
MAX 90 OR ABOVE: 28 0.10 INCH OR MORE: 0
MIN 32 OR BELOW: 0 0.50 INCH OR MORE: 0
MIN 0 OR BELOW: 0 1.00 INCH OR MORE: 0
[HDD (BASE 65) ]
TOTAL THIS MO. 0
DPTR FM NORMAL 0
TOTAL FM JUL 1 0
DPTR FM NORMAL 0
[CDD (BASE 65) ]
TOTAL THIS MO. 524
DPTR FM NORMAL 59 [PRESSURE DATA]
TOTAL FM JAN 1 1846 HIGHEST SLP 30.11 ON 17
DPTR FM NORMAL 302 LOWEST SLP 29.60 ON 28
[REMARKS]
#FINAL-08-22#