000
CXUS53 KPAH 010835 CCA
CF6PAH
PRELIMINARY LOCAL CLIMATOLOGICAL DATA (WS FORM: F-6)
STATION: PADUCAH KY
MONTH: FEBRUARY
YEAR: 2024
LATITUDE: 37 4 N
LONGITUDE: 88 46 W
TEMPERATURE IN F: :PCPN: SNOW: WIND :SUNSHINE: SKY :PK WND
================================================================================
1 2 3 4 5 6A 6B 7 8 9 10 11 12 13 14 15 16 17 18
12Z AVG MX 2MIN
DY MAX MIN AVG DEP HDD CDD WTR SNW DPTH SPD SPD DIR MIN PSBL S-S WX SPD DR
================================================================================
1 62 30 46 9 19 0 0.00 0.0 0 3.2 10 220 M M 0 1 17 210
2 69 43 56 19 9 0 0.00 0.0 0 2.3 8 50 M M 3 12 60
3 64 42 53 16 12 0 0.00 0.0 0 8.5 14 80 M M 0 18 80
4 57 45 51 14 14 0 0.00 0.0 0 7.6 14 60 M M 2 18 80
5 60 36 48 10 17 0 0.00 0.0 0 8.3 16 360 M M 0 24 350
6 61 30 46 8 19 0 0.00 0.0 0 4.3 9 20 M M 0 18 14 340
7 62 29 46 8 19 0 0.00 0.0 0 2.4 9 230 M M 0 18 15 220
8 66 43 55 17 10 0 T 0.0 0 11.2 21 190 M M 5 37 190
9 67 55 61 23 4 0 0.00 0.0 0 6.6 13 220 M M 4 21 220
10 64 42 53 14 12 0 0.05 0.0 0 7.6 20 350 M M 6 13 28 230
11 55 38 47 8 18 0 0.00 0.0 0 7.4 14 20 M M 5 21 10
12 53 38 46 7 19 0 0.02 0.0 0 9.2 21 60 M M 8 30 30
13 56 27 42 2 23 0 0.00 0.0 0 3.5 10 230 M M 0 17 260
14 65 36 51 11 14 0 0.00 0.0 0 3.8 12 180 M M 0 18 180
15 67 37 52 12 13 0 0.00 0.0 0 6.0 15 350 M M 1 8 23 230
16 45 29 37 -3 28 0 0.05 T 0 9.6 24 350 M M 7 13 40 30
17 35 19 27 -14 38 0 0.00 0.0 0 8.1 20 340 M M 2 30 330
18 50 18 34 -7 31 0 0.00 0.0 0 4.0 12 220 M M 0 21 240
19 59 22 41 0 24 0 0.00 0.0 0 2.2 12 220 M M 0 20 210
20 64 33 49 7 16 0 T 0.0 0 2.8 9 220 M M 2 15 220
21 74 35 55 13 10 0 0.00 0.0 0 5.5 17 170 M M 2 29 170
22 63 49 56 14 9 0 0.29 0.0 0 6.4 16 210 M M 6 13 31 210
23 62 38 50 8 15 0 0.00 0.0 0 6.2 20 320 M M 1 1 28 330
24 51 32 42 -1 23 0 0.00 0.0 0 6.8 18 350 M M 2 28 350
25 72 33 53 10 12 0 T 0.0 0 7.3 18 220 M M 1 34 200
26 76 53 65 22 0 0 0.00 0.0 0 7.9 17 180 M M 2 29 190
27 76 66 71 27 0 6 T 0.0 0 11.3 21 190 M M 5 40 220
28 74 29 52 8 13 0 0.08 0.0 0 9.3 29 330 M M 3 13 44 340
29 48 24 36 -8 29 0 0.00 0.0 0 4.3 12 110 M M 0 17 130
================================================================================
SM 1777 1051 470 6 0.49 T 183.6 M 67
================================================================================
AV 61.3 36.2 6.3 FASTST M M 2 MAX(MPH)
MISC ----> 29 330 44 340
================================================================================
NOTES:
# LAST OF SEVERAL OCCURRENCES
COLUMN 17 PEAK WIND IN M.P.H.
PRELIMINARY LOCAL CLIMATOLOGICAL DATA (WS FORM: F-6) , PAGE 2
STATION: PADUCAH KY
MONTH: FEBRUARY
YEAR: 2024
LATITUDE: 37 4 N
LONGITUDE: 88 46 W
[TEMPERATURE DATA] [PRECIPITATION DATA] SYMBOLS USED IN COLUMN 16
AVERAGE MONTHLY: 48.8 TOTAL FOR MONTH: 0.49 1 = FOG OR MIST
DPTR FM NORMAL: 8.7 DPTR FM NORMAL: -3.45 2 = FOG REDUCING VISIBILITY
HIGHEST: 76 ON 27,26 GRTST 24HR 0.29 ON 22-22 TO 1/4 MILE OR LESS
LOWEST: 18 ON 18 3 = THUNDER
SNOW, ICE PELLETS, HAIL 4 = ICE PELLETS
TOTAL MONTH: T 5 = HAIL
GRTST 24HR T ON 16-16 6 = FREEZING RAIN OR DRIZZLE
GRTST DEPTH: 0 7 = DUSTSTORM OR SANDSTORM:
VSBY 1/2 MILE OR LESS
8 = SMOKE OR HAZE
[NO. OF DAYS WITH] [WEATHER - DAYS WITH] 9 = BLOWING SNOW
X = TORNADO
MAX 32 OR BELOW: 0 0.01 INCH OR MORE: 5
MAX 90 OR ABOVE: 0 0.10 INCH OR MORE: 1
MIN 32 OR BELOW: 11 0.50 INCH OR MORE: 0
MIN 0 OR BELOW: 0 1.00 INCH OR MORE: 0
[HDD (BASE 65) ]
TOTAL THIS MO. 470 CLEAR (SCALE 0-3) 21
DPTR FM NORMAL -228 PTCLDY (SCALE 4-7) 7
TOTAL FM JUL 1 2694 CLOUDY (SCALE 8-10) 1
DPTR FM NORMAL -492
[CDD (BASE 65) ]
TOTAL THIS MO. 6
DPTR FM NORMAL 5 [PRESSURE DATA]
TOTAL FM JAN 1 6 HIGHEST SLP 30.56 ON 29
DPTR FM NORMAL 5 LOWEST SLP 29.42 ON 27
[REMARKS]
#FINAL-02-24#