000
CXUS54 KLZK 020417
CF6PBF
PRELIMINARY LOCAL CLIMATOLOGICAL DATA (WS FORM: F-6)
STATION: PINE BLUFF
MONTH: NOVEMBER
YEAR: 2021
LATITUDE: 34 10 N
LONGITUDE: 91 56 W
TEMPERATURE IN F: :PCPN: SNOW: WIND :SUNSHINE: SKY :PK WND
================================================================================
1 2 3 4 5 6A 6B 7 8 9 10 11 12 13 14 15 16 17 18
12Z AVG MX 2MIN
DY MAX MIN AVG DEP HDD CDD WTR SNW DPTH SPD SPD DIR MIN PSBL S-S WX SPD DR
================================================================================
1 68 48 58 1 7 0 T 0.0 0 7.4 15 30 M M 3 19 30
2 55 48 52 -5 13 0 0.02 0.0 0 10.1 21 30 M M 10 25 20
3 51 39 45 -12 20 0 0.28 0.0 0 8.6 16 40 M M 9 21 50
4 57 36 47 -9 18 0 0.00 0.0 0 7.0 17 10 M M 0 23 20
5 60 35 48 -8 17 0 0.00 0.0 0 3.8 10 100 M M 1 14 10
6 63 33 48 -8 17 0 0.00 0.0 0 1.7 8 30 M M 0 10 40
7 69 36 53 -2 12 0 0.00 0.0 M 1.4 8 170 M M 0 11 140
8 74 38 56 1 9 0 0.00 0.0 M 2.6 12 190 M M 0 1 14 160
9 72 43 58 3 7 0 0.00 0.0 M 2.3 10 150 M M 1 12 15 190
10 74 42 58 4 7 0 T 0.0 0 5.8 17 170 M M 7 128 24 160
11 70 48 59 5 6 0 0.69 0.0 0 7.4 24 180 M M 4 13 29 180
12 67 39 53 -1 12 0 T 0.0 0 7.5 18 320 M M 1 8 25 260
13 55 36 46 -7 19 0 0.00 0.0 0 5.3 14 340 M M 0 8 18 320
14 68 36 52 -1 13 0 0.00 0.0 0 3.3 13 280 M M 0 8 19 280
15 74 38 56 3 9 0 0.00 0.0 0 4.0 12 170 M M 0 18 17 170
16 71 61 66 14 0 1 0.00 0.0 0 9.7 15 190 M M 8 8 M M
17 80 61 71 19 0 6 0.00 0.0 M 10.0 22 180 M M 4 29 210
18 68 33 51 -1 14 0 0.11 M M 11.7 29 340 M M 2 1 36 330
19 57 33 45 -6 20 0 0.00 0.0 0 4.9 14 90 M M 0 8 17 90
20 66 33 50 -1 15 0 0.00 0.0 0 3.8 12 130 M M 0 15 130
21 67 48 58 7 7 0 T 0.0 0 7.0 16 360 M M 9 18 22 20
22 59 37 48 -2 17 0 0.00 0.0 0 6.8 16 20 M M 0 8 22 10
23 62 33 48 -2 17 0 0.00 0.0 0 5.3 14 120 M M 0 19 140
24 70 39 55 5 10 0 T 0.0 0 10.2 22 170 M M 2 27 180
25 63 37 50 0 15 0 0.47 0.0 0 8.6 25 340 M M 7 18 33 340
26 52 32 42 -7 23 0 0.00 0.0 0 4.5 10 60 M M 0 13 40
27 59 32 46 -3 19 0 0.00 0.0 0 6.4 15 210 M M 0 19 230
28 62 38 50 1 15 0 0.00 0.0 0 5.8 18 20 M M 0 8 23 10
29 65 34 50 2 15 0 0.00 0.0 0 4.3 14 210 M M 0 18 19 220
30 74 43 59 11 6 0 0.00 0.0 0 4.4 10 180 M M 0 14 220
================================================================================
SM 1952 1189 379 7 1.57 0.0 181.6 M 68
================================================================================
AV 65.1 39.6 6.1 FASTST M M 2 MAX(MPH)
MISC ----> 29 340 36 330
================================================================================
NOTES:
# LAST OF SEVERAL OCCURRENCES
COLUMN 17 PEAK WIND IN M.P.H.
PRELIMINARY LOCAL CLIMATOLOGICAL DATA (WS FORM: F-6) , PAGE 2
STATION: PINE BLUFF
MONTH: NOVEMBER
YEAR: 2021
LATITUDE: 34 10 N
LONGITUDE: 91 56 W
[TEMPERATURE DATA] [PRECIPITATION DATA] SYMBOLS USED IN COLUMN 16
AVERAGE MONTHLY: 52.4 TOTAL FOR MONTH: 1.57 1 = FOG OR MIST
DPTR FM NORMAL: -0.2 DPTR FM NORMAL: -2.40 2 = FOG REDUCING VISIBILITY
HIGHEST: 80 ON 17 GRTST 24HR 0.69 ON 11-11 TO 1/4 MILE OR LESS
LOWEST: 32 ON 27,26 3 = THUNDER
SNOW, ICE PELLETS, HAIL 4 = ICE PELLETS
TOTAL MONTH: 0.0 INCH 5 = HAIL
GRTST 24HR 0.0 6 = FREEZING RAIN OR DRIZZLE
GRTST DEPTH: 0 7 = DUSTSTORM OR SANDSTORM:
VSBY 1/2 MILE OR LESS
8 = SMOKE OR HAZE
[NO. OF DAYS WITH] [WEATHER - DAYS WITH] 9 = BLOWING SNOW
X = TORNADO
MAX 32 OR BELOW: 0 0.01 INCH OR MORE: 5
MAX 90 OR ABOVE: 0 0.10 INCH OR MORE: 4
MIN 32 OR BELOW: 2 0.50 INCH OR MORE: 1
MIN 0 OR BELOW: 0 1.00 INCH OR MORE: 0
[HDD (BASE 65) ]
TOTAL THIS MO. 379 CLEAR (SCALE 0-3) 22
DPTR FM NORMAL -5 PTCLDY (SCALE 4-7) 5
TOTAL FM JUL 1 425 CLOUDY (SCALE 8-10) 3
DPTR FM NORMAL -92
[CDD (BASE 65) ]
TOTAL THIS MO. 7
DPTR FM NORMAL -3 [PRESSURE DATA]
TOTAL FM JAN 1 2447 HIGHEST SLP 30.54 ON 19
DPTR FM NORMAL 298 LOWEST SLP 29.80 ON 11
[REMARKS]
#FINAL-11-21#