000
CXUS53 KARX 012354
CF6PDC
PRELIMINARY LOCAL CLIMATOLOGICAL DATA (WS FORM: F-6)
STATION: PRAIRIE_DU_CHIEN_MUN
MONTH: AUGUST
YEAR: 2023
LATITUDE: 43 1 N
LONGITUDE: 91 7 W
TEMPERATURE IN F: :PCPN: SNOW: WIND :SUNSHINE: SKY :PK WND
================================================================================
1 2 3 4 5 6A 6B 7 8 9 10 11 12 13 14 15 16 17 18
12Z AVG MX 2MIN
DY MAX MIN AVG DEP HDD CDD WTR SNW DPTH SPD SPD DIR MIN PSBL S-S WX SPD DR
================================================================================
1 84 59 72 M 0 7 0.00 0.0 0 0.6 6 200 M M 3 M M
2 82 65 74 M 0 9 0.00 0.0 0 1.3 6 120 M M 4 M M
3 87 67 77 M 0 12 0.00 0.0 0 0.0 M M M M 5 1 M M
4 88 66 77 M 0 12 0.00 0.0 0 3.8 10 100 M M 3 1 16 100
5 86 66 76 M 0 11 0.00 0.0 0 3.1 14 70 M M 1 18 0
6 77 64 71 M 0 6 T 0.0 0 1.4 9 80 M M 7 1 M M
7 82 63 73 M 0 8 0.00 0.0 0 1.2 6 350 M M 5 M M
8 86 60 73 M 0 8 0.00 0.0 0 2.0 10 270 M M 2 1 16 350
9 81 58 70 M 0 5 0.00 0.0 0 1.4 8 190 M M 0 M M
10 85 60 73 M 0 8 0.00 0.0 0 0.8 9 290 M M 2 16 290
11 88 65 77 M 0 12 0.23 0.0 0 4.2 14 270 M M 4 3 38 0
12 88 61 75 M 0 10 0.00 0.0 0 5.4 21 290 M M 1 31 290
13 71 58 65 M 0 0 0.01 0.0 0 0.3 8 60 M M 7 M M
14 72 61 67 M 0 2 0.48 0.0 0 5.8 13 340 M M 9 20 340
15 79 56 68 M 0 3 0.00 0.0 0 4.4 10 340 M M 0 17 360
16 83 56 70 M 0 5 0.00 0.0 0 7.8 16 170 M M 0 28 180
17 76 55 66 M 0 1 T 0.0 0 9.8 20 320 M M 3 25 320
18 79 51 65 M 0 0 0.00 0.0 0 2.6 10 190 M M 0 M M
19 90 64 77 M 0 12 0.00 0.0 0 3.2 12 150 M M 1 20 150
20 93 69 81 M 0 16 0.00 0.0 0 1.9 10 350 M M 2 16 350
21 86 71 79 M 0 14 0.00 0.0 0 1.0 7 70 M M 5 M M
22 92 65 79 M 0 14 0.00 0.0 0 1.9 9 120 M M 1 M M
23 104 79 92 M 0 27 0.00 0.0 0 4.6 13 220 M M 1 8 17 220
24 100 76 88 M 0 23 0.00 0.0 0 5.5 15 300 M M 1 20 300
25 89 73 81 M 0 16 0.08 0.0 0 1.2 8 240 M M 3 M M
26 77 60 69 M 0 4 0.00 0.0 0 3.7 10 50 M M 5 17 50
27 78 53 66 M 0 1 0.00 0.0 0 0.3 5 20 M M 5 M M
28 84 56 70 M 0 5 0.00 0.0 0 1.2 7 220 M M 1 M M
29 83 61 72 M 0 7 0.00 0.0 0 5.3 15 330 M M 1 21 310
30 78 53 66 M 0 1 0.00 0.0 0 1.4 10 30 M M 0 M M
31 79 47 63 M 2 0 0.00 0.0 0 3.1 10 140 M M 0 9 110
================================================================================
SM 2607 1918 2 259 0.80 0.0 90.2 M 82
================================================================================
AV 84.1 61.9 2.9 FASTST M M 3 MAX(MPH)
MISC ----> 21 290 38 0
================================================================================
NOTES:
# LAST OF SEVERAL OCCURRENCES
COLUMN 17 PEAK WIND IN M.P.H.
PRELIMINARY LOCAL CLIMATOLOGICAL DATA (WS FORM: F-6) , PAGE 2
STATION: PRAIRIE_DU_CHIEN_MUN
MONTH: AUGUST
YEAR: 2023
LATITUDE: 43 1 N
LONGITUDE: 91 7 W
[TEMPERATURE DATA] [PRECIPITATION DATA] SYMBOLS USED IN COLUMN 16
AVERAGE MONTHLY: 73.0 TOTAL FOR MONTH: 0.80 1 = FOG OR MIST
DPTR FM NORMAL: 0.0 DPTR FM NORMAL: M 2 = FOG REDUCING VISIBILITY
HIGHEST: 104 ON 23 GRTST 24HR 0.48 ON 14-14 TO 1/4 MILE OR LESS
LOWEST: 47 ON 31 3 = THUNDER
SNOW, ICE PELLETS, HAIL 4 = ICE PELLETS
TOTAL MONTH: 0.0 INCH 5 = HAIL
GRTST 24HR 0.0 6 = FREEZING RAIN OR DRIZZLE
GRTST DEPTH: 0 7 = DUSTSTORM OR SANDSTORM:
VSBY 1/2 MILE OR LESS
8 = SMOKE OR HAZE
[NO. OF DAYS WITH] [WEATHER - DAYS WITH] 9 = BLOWING SNOW
X = TORNADO
MAX 32 OR BELOW: 0 0.01 INCH OR MORE: 4
MAX 90 OR ABOVE: 5 0.10 INCH OR MORE: 2
MIN 32 OR BELOW: 0 0.50 INCH OR MORE: 0
MIN 0 OR BELOW: 0 1.00 INCH OR MORE: 0
[HDD (BASE 65) ]
TOTAL THIS MO. 2 CLEAR (SCALE 0-3) 19
DPTR FM NORMAL M PTCLDY (SCALE 4-7) 11
TOTAL FM JUL 1 5 CLOUDY (SCALE 8-10) 1
DPTR FM NORMAL M
[CDD (BASE 65) ]
TOTAL THIS MO. 259
DPTR FM NORMAL M [PRESSURE DATA]
TOTAL FM JAN 1 701 HIGHEST SLP M ON M
DPTR FM NORMAL M LOWEST SLP M ON M
[REMARKS]
#FINAL-08-23#