000
CXUS56 KPDT 011851
CLMPDT
CLIMATE REPORT
NATIONAL WEATHER SERVICE PENDLETON, OR
1151 AM PDT FRI SEP 01 2023
...................................
...THE PENDLETON OR CLIMATE SUMMARY FOR THE MONTH OF AUGUST 2023...
CLIMATE NORMAL PERIOD 1991 TO 2020
CLIMATE RECORD PERIOD 1890 TO 2023
WEATHER OBSERVED NORMAL DEPART LAST YEAR`S
VALUE DATE(S) VALUE FROM VALUE DATE(S)
NORMAL
................................................................
TEMPERATURE (F)
RECORD
HIGH 119 08/10/1898
LOW 30 08/31/1907
HIGHEST 104 08/15 106 08/08
08/16
08/28
LOWEST 49 08/19 48 08/28
08/24
AVG. MAXIMUM 88.5 87.6 0.9 95.1
AVG. MINIMUM 60.1 56.0 4.1 61.4
MEAN 74.3 71.8 2.5 78.2
DAYS MAX >= 90 14 13.4 0.6 26
DAYS MAX <= 32 0 0.0 0.0 0
DAYS MIN <= 32 0 0.0 0.0 0
DAYS MIN <= 0 0 0.0 0.0 0
PRECIPITATION (INCHES)
RECORD
MAXIMUM 2.58 1977
MINIMUM 0.00 1969
TOTALS 0.39 0.31 0.08 0.04
DAILY AVG. 0.01 0.01 0.00 0.00
DAYS >= .01 3 2.2 0.8 1
DAYS >= .10 2 0.8 1.2 0
DAYS >= .50 0 0.1 -0.1 0
DAYS >= 1.00 0 0.0 0.0 0
GREATEST
24 HR. TOTAL 0.23 08/22 TO 08/22 0.04 08/09 TO 08/09
DEGREE DAYS
HEATING TOTAL 3 12 -9 0
SINCE 7/1 3 17 -14
COOLING TOTAL 299 223 76 419
SINCE 1/1 854 572 282
................................................................
WIND (MPH)
AVERAGE WIND SPEED 8.4
RESULTANT WIND SPEED/DIRECTION 3/260
HIGHEST WIND SPEED/DIRECTION 39/260 DATE 08/29
HIGHEST GUST SPEED/DIRECTION 49/260 DATE 08/29
AVERAGE RH (PERCENT) 43
WEATHER CONDITIONS. NUMBER OF DAYS WITH
THUNDERSTORM 4 MIXED PRECIP 0
HEAVY RAIN 1 RAIN 3
LIGHT RAIN 6 FREEZING RAIN 0
LT FREEZING RAIN 0 HAIL 0
HEAVY SNOW 0 SNOW 0
LIGHT SNOW 0 SLEET 0
FOG 3 FOG W/VIS <= 1/4 MILE 0
HAZE 13
- INDICATES NEGATIVE NUMBERS.
R INDICATES RECORD WAS SET OR TIED.
MM INDICATES DATA IS MISSING.
T INDICATES TRACE AMOUNT.
$$