024
CXUS56 KPQR 011210
CF6PDX
PRELIMINARY LOCAL CLIMATOLOGICAL DATA (WS FORM: F-6)
STATION: PORTLAND OR
MONTH: JANUARY
YEAR: 2021
LATITUDE: 45 35 N
LONGITUDE: 122 36 W
TEMPERATURE IN F: :PCPN: SNOW: WIND :SUNSHINE: SKY :PK WND
================================================================================
1 2 3 4 5 6A 6B 7 8 9 10 11 12 13 14 15 16 17 18
12Z AVG MX 2MIN
DY MAX MIN AVG DEP HDD CDD WTR SNW DPTH SPD SPD DIR MIN PSBL S-S WX SPD DR
================================================================================
1 51 46 49 9 16 0 0.23 0.0 0 12.6 24 110 M M 10 1 27 110
2 52 48 50 10 15 0 0.76 0.0 0 14.6 24 200 M M 10 8 34 190
3 54 43 49 9 16 0 0.30 0.0 0 11.3 28 210 M M 9 34 200
4 53 45 49 9 16 0 0.60 0.0 0 13.4 22 120 M M 9 1 25 120
5 51 42 47 7 18 0 T 0.0 0 11.7 20 130 M M 9 26 170
6 53 45 49 9 16 0 0.76 0.0 0 6.7 18 150 M M 10 1 26 190
7 52 44 48 8 17 0 T 0.0 0 11.7 29 110 M M 8 1 36 100
8 52 34 43 2 22 0 0.17 0.0 0 5.2 24 130 M M 6 1 31 130
9 48 35 42 1 23 0 0.00 0.0 0 8.6 21 120 M M 9 12 25 120
10 46 42 44 3 21 0 0.12 0.0 0 11.8 20 110 M M 10 1 24 120
11 47 44 46 5 19 0 0.57 0.0 0 15.1 22 120 M M 10 1 26 120
12 61 46 54 13 11 0 1.94 0.0 0 15.8 38 230 M M 10 1 50 220
13 61 42 52 11 13 0 0.02 0.0 0 6.6 37 260 M M 7 1 47 270
14 55 38 47 6 18 0 T 0.0 0 6.5 20 120 M M 7 1 25 140
15 50 41 46 5 19 0 0.18 0.0 0 3.0 16 120 M M 9 12 18 130
16 50 42 46 4 19 0 0.00 0.0 0 5.0 9 110 M M 9 11 120
17 52 39 46 4 19 0 0.04 0.0 0 2.6 10 110 M M 9 1 12 120
18 53 35 44 2 21 0 0.00 0.0 0 3.8 12 320 M M 5 12 16 320
19 52 31 42 0 23 0 0.00 0.0 0 2.6 10 300 M M 5 1 11 310
20 47 30 39 -3 26 0 0.01 0.0 0 0.9 6 110 M M 7 1 6 100
21 47 41 44 2 21 0 0.12 0.0 0 3.3 17 90 M M 9 1 21 80
22 51 33 42 0 23 0 0.00 0.0 0 4.7 15 80 M M 5 18 80
23 47 27 37 -5 28 0 0.00 0.0 0 1.3 8 100 M M 4 1 9 100
24 41 39 40 -2 25 0 0.36 0.0 0 4.5 9 200 M M 10 1 12 160
25 44 36 40 -2 25 0 T 0.0 0 5.1 13 190 M M 8 15 190
26 41 35 38 -4 27 0 0.14 T 0 16.6 31 110 M M 9 1 36 110
27 45 38 42 0 23 0 0.14 0.0 0 7.6 18 100 M M 9 1 22 110
28 46 40 43 1 22 0 0.08 0.0 0 5.9 16 110 M M 10 19 110
29 48 40 44 2 21 0 0.08 0.0 0 4.8 14 230 M M 10 1 17 160
30 47 42 45 2 20 0 0.18 0.0 0 13.2 21 110 M M 10 1 24 120
31 51 44 48 5 17 0 0.23 0.0 0 12.3 21 110 M M 10 24 120
================================================================================
SM 1548 1227 620 0 7.03 T 248.8 M 262
================================================================================
AV 49.9 39.6 8.0 FASTST M M 8 MAX(MPH)
MISC ----> 38 230 50 220
================================================================================
NOTES:
# LAST OF SEVERAL OCCURRENCES
COLUMN 17 PEAK WIND IN M.P.H.
PRELIMINARY LOCAL CLIMATOLOGICAL DATA (WS FORM: F-6) , PAGE 2
STATION: PORTLAND OR
MONTH: JANUARY
YEAR: 2021
LATITUDE: 45 35 N
LONGITUDE: 122 36 W
[TEMPERATURE DATA] [PRECIPITATION DATA] SYMBOLS USED IN COLUMN 16
AVERAGE MONTHLY: 44.8 TOTAL FOR MONTH: 7.03 1 = FOG OR MIST
DPTR FM NORMAL: 3.4 DPTR FM NORMAL: 2.15 2 = FOG REDUCING VISIBILITY
HIGHEST: 61 ON 13,12 GRTST 24HR 2.53 ON 11-12 TO 1/4 MILE OR LESS
LOWEST: 27 ON 23 3 = THUNDER
SNOW, ICE PELLETS, HAIL 4 = ICE PELLETS
TOTAL MONTH: T 5 = HAIL
GRTST 24HR T ON 26-26 6 = FREEZING RAIN OR DRIZZLE
GRTST DEPTH: 0 7 = DUSTSTORM OR SANDSTORM:
VSBY 1/2 MILE OR LESS
8 = SMOKE OR HAZE
[NO. OF DAYS WITH] [WEATHER - DAYS WITH] 9 = BLOWING SNOW
X = TORNADO
MAX 32 OR BELOW: 0 0.01 INCH OR MORE: 21
MAX 90 OR ABOVE: 0 0.10 INCH OR MORE: 16
MIN 32 OR BELOW: 3 0.50 INCH OR MORE: 5
MIN 0 OR BELOW: 0 1.00 INCH OR MORE: 1
[HDD (BASE 65) ]
TOTAL THIS MO. 620 CLEAR (SCALE 0-3) 0
DPTR FM NORMAL -112 PTCLDY (SCALE 4-7) 8
TOTAL FM JUL 1 2141 CLOUDY (SCALE 8-10) 23
DPTR FM NORMAL -324
[CDD (BASE 65) ]
TOTAL THIS MO. 0
DPTR FM NORMAL 0 [PRESSURE DATA]
TOTAL FM JAN 1 0 HIGHEST SLP 30.55 ON 17
DPTR FM NORMAL 0 LOWEST SLP 29.39 ON 26
[REMARKS]
#FINAL-01-21#