000
CXUS54 KMAF 011210
CF6PEQ
PRELIMINARY LOCAL CLIMATOLOGICAL DATA (WS FORM: F-6)
STATION: PECOS MUNICIPAL AIRPORT
MONTH: FEBRUARY
YEAR: 2021
LATITUDE: 31 22 N
LONGITUDE: 103 31 W
TEMPERATURE IN F: :PCPN: SNOW: WIND :SUNSHINE: SKY :PK WND
================================================================================
1 2 3 4 5 6A 6B 7 8 9 10 11 12 13 14 15 16 17 18
12Z AVG MX 2MIN
DY MAX MIN AVG DEP HDD CDD WTR SNW DPTH SPD SPD DIR MIN PSBL S-S WX SPD DR
================================================================================
1 66 30 48 M 17 0 M M M 7.1 16 120 M M 0 22 120
2 80 36 58 M 7 0 M M M 3.2 9 110 M M 0 M M
3 85 42 64 M 1 0 M M M 7.3 22 240 M M 0 25 270
4 77 46 62 M 3 0 M M M 11.4 25 270 M M 0 35 270
5 74 34 54 M 11 0 M M M 7.2 20 230 M M 0 24 240
6 66 36 51 M 14 0 M M M 8.6 21 320 M M 0 26 320
7 79 28 54 M 11 0 M M M 8.4 23 260 M M 0 32 260
8 81 42 62 M 3 0 M M M 11.2 23 260 M M 0 30 260
9 79 36 58 M 7 0 M M M 5.1 13 100 M M 0 16 100
10 60 33 47 M 18 0 M M M 8.2 16 70 M M 5 20 90
11 37 29 33 M 32 0 M M M 6.4 13 100 M M 10 M M
12 34 25 30 M 35 0 M M M 10.5 14 60 M M 10 M M
13 26 22 24 M 41 0 0.05 M M 9.8 17 90 M M 10 20 60
14 22 10 16 M 49 0 0.01 M M 10.1 15 50 M M 10 20 40
15 19 7 13 M 52 0 M M M 5.2 9 100 M M 8 M M
16 43 7 25 M 40 0 M M M 4.4 14 260 M M 5 16 360
17 40 26 33 M 32 0 M M M 8.6 16 50 M M 4 M M
18 26 10 18 M 47 0 0.05 M M 6.4 15 50 M M 7 17 50
19 46 3 25 M 40 0 M M M 2.0 8 50 M M 1 M M
20 66 26 46 M 19 0 M M M 4.3 10 90 M M 0 M M
21 68 33 51 M 14 0 M M M 8.4 26 280 M M 0 35 290
22 73 28 51 M 14 0 M M M 8.0 18 250 M M 0 25 240
23 81 32 57 M 8 0 M M M 6.1 17 250 M M 0 22 250
24 67 43 55 M 10 0 M M M 6.5 16 10 M M 0 22 10
25 57 40 49 M 16 0 M M M 7.8 17 80 M M 0 17 70
26 75 28 52 M 13 0 M M M 3.1 18 270 M M 0 30 130
27 83 42 63 M 2 0 M M M 6.4 23 230 M M 0 29 240
28 70 49 60 M 5 0 M M M 8.2 18 50 M M 0 23 50
================================================================================
SM 1680 823 561 0 0.11 M 199.6 M 70
================================================================================
AV 60.0 29.4 7.1 FASTST M M 3 MAX(MPH)
MISC ----> 26 280 # 35 270
================================================================================
NOTES:
# LAST OF SEVERAL OCCURRENCES
COLUMN 17 PEAK WIND IN M.P.H.
PRELIMINARY LOCAL CLIMATOLOGICAL DATA (WS FORM: F-6) , PAGE 2
STATION: PECOS MUNICIPAL AIRPORT
MONTH: FEBRUARY
YEAR: 2021
LATITUDE: 31 22 N
LONGITUDE: 103 31 W
[TEMPERATURE DATA] [PRECIPITATION DATA] SYMBOLS USED IN COLUMN 16
AVERAGE MONTHLY: 44.7 TOTAL FOR MONTH: 0.11 1 = FOG OR MIST
DPTR FM NORMAL: 0.0 DPTR FM NORMAL: 0.11 2 = FOG REDUCING VISIBILITY
HIGHEST: 85 ON 3 GRTST 24HR 0.05 ON 13-13 TO 1/4 MILE OR LESS
LOWEST: 3 ON 19 3 = THUNDER
SNOW, ICE PELLETS, HAIL 4 = ICE PELLETS
TOTAL MONTH: M 5 = HAIL
GRTST 24HR M ON M 6 = FREEZING RAIN OR DRIZZLE
GRTST DEPTH: M ON M 7 = DUSTSTORM OR SANDSTORM:
VSBY 1/2 MILE OR LESS
8 = SMOKE OR HAZE
[NO. OF DAYS WITH] [WEATHER - DAYS WITH] 9 = BLOWING SNOW
X = TORNADO
MAX 32 OR BELOW: 4 0.01 INCH OR MORE: 3
MAX 90 OR ABOVE: 0 0.10 INCH OR MORE: 0
MIN 32 OR BELOW: 15 0.50 INCH OR MORE: 0
MIN 0 OR BELOW: 0 1.00 INCH OR MORE: 0
[HDD (BASE 65) ]
TOTAL THIS MO. 561 CLEAR (SCALE 0-3) 19
DPTR FM NORMAL M PTCLDY (SCALE 4-7) 5
TOTAL FM JUL 1 2154 CLOUDY (SCALE 8-10) 4
DPTR FM NORMAL M
[CDD (BASE 65) ]
TOTAL THIS MO. 0
DPTR FM NORMAL M [PRESSURE DATA]
TOTAL FM JAN 1 0 HIGHEST SLP M ON M
DPTR FM NORMAL M LOWEST SLP M ON M
[REMARKS]
#FINAL-02-21#