000
CXUS56 KFGZ 010910
CF6PGA
PRELIMINARY LOCAL CLIMATOLOGICAL DATA (WS FORM: F-6)
STATION: PAGE AZ AIRPORT
MONTH: JUNE
YEAR: 2022
LATITUDE: 36 55 N
LONGITUDE: 111 27 W
TEMPERATURE IN F: :PCPN: SNOW: WIND :SUNSHINE: SKY :PK WND
================================================================================
1 2 3 4 5 6A 6B 7 8 9 10 11 12 13 14 15 16 17 18
12Z AVG MX 2MIN
DY MAX MIN AVG DEP HDD CDD WTR SNW DPTH SPD SPD DIR MIN PSBL S-S WX SPD DR
================================================================================
1 83 56 70 -5 0 5 0.00 M M 4.5 13 30 M M 0 19 50
2 93 58 76 1 0 11 0.00 M M 4.5 13 10 M M 0 19 250
3 92 65 79 3 0 14 0.00 M M 5.5 24 170 M M 0 36 170
4 91 64 78 2 0 13 0.00 M M 5.6 15 220 M M 0 23 250
5 94 66 80 4 0 15 0.00 M M 4.1 15 310 M M 0 24 280
6 97 69 83 6 0 18 0.00 M M 5.1 17 300 M M 0 27 290
7 99 72 86 9 0 21 0.00 M M 4.6 12 350 M M 0 17 10
8 100 72 86 8 0 21 0.00 M M 5.9 15 20 M M 0 8 26 360
9 101 73 87 9 0 22 0.00 M M 5.1 15 310 M M 0 21 310
10 103 73 88 10 0 23 0.00 M M 6.1 18 310 M M 0 25 320
11 104 77 91 12 0 26 0.00 M M 6.2 18 310 M M 0 29 290
12 101 75 88 9 0 23 0.00 M M 8.0 21 200 M M 0 32 240
13 95 77 86 7 0 21 0.00 M M 11.5 21 260 M M 0 34 280
14 91 64 78 -2 0 13 0.00 M M 8.3 18 310 M M 0 25 330
15 94 63 79 -1 0 14 0.00 M M 4.6 12 50 M M 0 16 50
16 102 66 84 4 0 19 0.00 M M 5.5 14 170 M M 0 20 240
17 101 80 91 10 0 26 0.00 M M 11.9 29 150 M M 0 8 44 170
18 94 73 84 3 0 19 0.00 M M 18.4 33 160 M M 1 42 150
19 89 67 78 -3 0 13 0.00 M M 13.9 25 160 M M 0 36 200
20 88 58 73 -9 0 8 0.00 M M 5.3 14 40 M M 0 20 70
21 94 62 78 -4 0 13 0.00 M M 4.9 14 30 M M 0 19 20
22 90 69 80 -2 0 15 0.32 M M 7.1 24 210 M M 3 3 35 210
23 94 64 79 -3 0 14 0.06 M M 6.4 26 180 M M 1 3 37 180
24 91 69 80 -3 0 15 T M M 6.6 21 180 M M 2 27 190
25 97 71 84 1 0 19 0.22 M M 4.7 29 150 M M 1 3 38 150
26 92 67 80 -3 0 15 0.00 M M 7.2 29 10 M M 1 34 310
27 94 66 80 -3 0 15 0.00 M M 3.7 12 20 M M 0 14 40
28 100 73 87 3 0 22 0.00 M M 6.5 14 200 M M 0 19 200
29 97 M M M M M M M M 8.2 29 160 M M 1 8 43 200
30 95 75 85 1 0 20 T M M 6.2 25 190 M M 1 3 38 210
================================================================================
SM 2856 1984 0 493 0.60 M 206.1 M 11
================================================================================
AV 95.2 68.4 6.9 FASTST M M 0 MAX(MPH)
MISC ----> 33 160 44 170
================================================================================
NOTES:
# LAST OF SEVERAL OCCURRENCES
COLUMN 17 PEAK WIND IN M.P.H.
PRELIMINARY LOCAL CLIMATOLOGICAL DATA (WS FORM: F-6) , PAGE 2
STATION: PAGE AZ AIRPORT
MONTH: JUNE
YEAR: 2022
LATITUDE: 36 55 N
LONGITUDE: 111 27 W
[TEMPERATURE DATA] [PRECIPITATION DATA] SYMBOLS USED IN COLUMN 16
AVERAGE MONTHLY: 81.8 TOTAL FOR MONTH: 0.60 1 = FOG OR MIST
DPTR FM NORMAL: 1.8 DPTR FM NORMAL: 0.48 2 = FOG REDUCING VISIBILITY
HIGHEST: 104 ON 11 GRTST 24HR 0.38 ON 22-23 TO 1/4 MILE OR LESS
LOWEST: 56 ON 1 3 = THUNDER
SNOW, ICE PELLETS, HAIL 4 = ICE PELLETS
TOTAL MONTH: M 5 = HAIL
GRTST 24HR M ON M 6 = FREEZING RAIN OR DRIZZLE
GRTST DEPTH: M ON M 7 = DUSTSTORM OR SANDSTORM:
VSBY 1/2 MILE OR LESS
8 = SMOKE OR HAZE
[NO. OF DAYS WITH] [WEATHER - DAYS WITH] 9 = BLOWING SNOW
X = TORNADO
MAX 32 OR BELOW: 0 0.01 INCH OR MORE: 3
MAX 90 OR ABOVE: 27 0.10 INCH OR MORE: 2
MIN 32 OR BELOW: 0 0.50 INCH OR MORE: 0
MIN 0 OR BELOW: 0 1.00 INCH OR MORE: 0
[HDD (BASE 65) ]
TOTAL THIS MO. 0 CLEAR (SCALE 0-3) 29
DPTR FM NORMAL -2 PTCLDY (SCALE 4-7) 1
TOTAL FM JUL 1 3394 CLOUDY (SCALE 8-10) 0
DPTR FM NORMAL -259
[CDD (BASE 65) ]
TOTAL THIS MO. 493
DPTR FM NORMAL 43 [PRESSURE DATA]
TOTAL FM JAN 1 748 HIGHEST SLP M ON M
DPTR FM NORMAL 90 LOWEST SLP 29.44 ON 13
[REMARKS]
#FINAL-06-22#