000
CXUS53 KILX 011549
CLMPIA
CLIMATE REPORT
NATIONAL WEATHER SERVICE LINCOLN IL
1049 AM CDT TUE AUG 01 2023
...................................
...THE PEORIA IL CLIMATE SUMMARY FOR THE MONTH OF JULY 2023...
CLIMATE NORMAL PERIOD 1991 TO 2020
CLIMATE RECORD PERIOD 1883 TO 2023
WEATHER OBSERVED NORMAL DEPART LAST YEAR`S
VALUE DATE(S) VALUE FROM VALUE
NORMAL
..............................................................
TEMPERATURE (F)
RECORD
HIGH 113 07/15/1936
LOW 46 07/26/1911
HIGHEST 98 07/27 86 12 98
07/28
LOWEST 60 07/07 65 -5 59
07/10
07/19
AVG. MAXIMUM 86.6 86.3 0.3 85.9
AVG. MINIMUM 66.5 66.3 0.2 66.9
MEAN 76.6 76.3 0.3 76.4
DAYS MAX >= 90 10 8.5 1.5 7
DAYS MAX <= 32 0 0.0 0.0 0
DAYS MIN <= 32 0 0.0 0.0 0
DAYS MIN <= 0 0 0.0 0.0 0
PRECIPITATION (INCHES)
RECORD
MAXIMUM 10.15 1993
MINIMUM 0.33 1988
TOTALS 4.14 3.53 0.61 1.87
DAILY AVG. 0.13 0.11 0.02 0.06
DAYS >= .01 12 8.7 3.3 9
DAYS >= .10 10 5.4 4.6 6
DAYS >= .50 2 2.4 -0.4 0
DAYS >= 1.00 0 1.0 -1.0 0
GREATEST
24 HR. TOTAL 1.45 07/07 TO 07/08 0.47
SNOWFALL (INCHES)
RECORDS
TOTAL 0.0 MM
TOTALS 0.0 0.0 0.0 0.0
SINCE 7/1 0.0 0.0 0.0 MM
DAYS >= 1.0 0 0.0 0.0 0
GREATEST
SNOW DEPTH 0 0
24 HR TOTAL MM MM
DEGREE DAYS
HEATING TOTAL 0 1 -1 0
SINCE 7/1 0 0 0 MM
COOLING TOTAL 367 351 16 360
SINCE 1/1 738 700 38 MM
..............................................................
WIND (MPH)
AVERAGE WIND SPEED 4.8
HIGHEST WIND SPEED/DIRECTION 26/220 DATE 07/14
HIGHEST GUST SPEED/DIRECTION 40/300 DATE 07/29
SKY COVER
POSSIBLE SUNSHINE (PERCENT) MM
AVERAGE SKY COVER 0.21
NUMBER OF DAYS FAIR 24
NUMBER OF DAYS PC 7
NUMBER OF DAYS CLOUDY 0
AVERAGE RH (PERCENT) 72
WEATHER CONDITIONS. NUMBER OF DAYS WITH
THUNDERSTORM 14 MIXED PRECIP 0
HEAVY RAIN 8 RAIN 7
LIGHT RAIN 14 FREEZING RAIN 0
LT FREEZING RAIN 0 HAIL 0
HEAVY SNOW 0 SNOW 0
LIGHT SNOW 0 SLEET 0
FOG 17 FOG W/VIS <= 1/4 MILE 1
HAZE 4
- INDICATES NEGATIVE NUMBERS.
R INDICATES RECORD WAS SET OR TIED.
MM INDICATES DATA IS MISSING.
T INDICATES TRACE AMOUNT.
$$