000
CXUS55 KPIH 020129
CLMPIH
BOICLMWRK 000
TTAA00 PIH 020119
CLIMATE REPORT
NATIONAL WEATHER SERVICE POCATELLO ID
715 PM MDT TUE AUG 01 2023
...................................
...THE POCATELLO CLIMATE SUMMARY FOR THE MONTH OF JULY 2023...
CLIMATE NORMAL PERIOD 1991 TO 2020
CLIMATE RECORD PERIOD 1939 TO 2023
WEATHER OBSERVED NORMAL DEPART LAST YEAR`S
VALUE DATE(S) VALUE FROM VALUE DATE(S)
NORMAL
................................................................
TEMPERATURE (F)
RECORD
HIGH 104 07/22/2000
LOW 34 07/04/2018
07/08/1981
HIGHEST 100 07/16 104 -4 100 07/13
07/22
LOWEST 41 07/06 34 7 47 07/26
AVG. MAXIMUM 92.5 89.3 3.2 94.2
AVG. MINIMUM 52.6 52.3 0.3 53.5
MEAN 72.5 70.8 1.7 73.9
DAYS MAX >= 90 24 16.7 7.3 27
DAYS MAX <= 32 0 0.0 0.0 0
DAYS MIN <= 32 0 0.0 0.0 0
DAYS MIN <= 0 0 0.0 0.0 0
PRECIPITATION (INCHES)
RECORD
MAXIMUM 2.28 2009
MINIMUM 0.00 2003
TOTALS 0.04 0.51 -0.47 0.08
DAILY AVG. 0.00 0.02 -0.02 0.00
DAYS >= .01 2 4.1 -2.1 2
DAYS >= .10 0 1.7 -1.7 0
DAYS >= .50 0 0.1 -0.1 0
DAYS >= 1.00 0 0.0 0.0 0
GREATEST
24 HR. TOTAL 0.02 07/24 TO 07/24 0.07
07/23 TO 07/23
07/24 TO 07/24
SNOWFALL (INCHES)
RECORDS
TOTAL 0.0 2010
TOTALS 0.0 0.0 0.0 0.0
SINCE 7/1 0.0 0.0 0.0 MM
SNOWDEPTH AVG. 0 0
DAYS >= 1.0 0 0.0 0.0 0
GREATEST
SNOW DEPTH 0 0 MM
24 HR TOTAL MM 0.0
DEGREE DAYS
HEATING TOTAL 2 16 -14 0
SINCE 7/1 2 12 -10 MM
COOLING TOTAL 244 195 49 282
SINCE 1/1 252 246 6 MM
................................................................
WIND (MPH)
AVERAGE WIND SPEED 7.7
HIGHEST WIND SPEED/DIRECTION 43/160 DATE 07/23
HIGHEST GUST SPEED/DIRECTION 64/170 DATE 07/23
SKY COVER
POSSIBLE SUNSHINE (PERCENT) MM
AVERAGE SKY COVER 0.05
NUMBER OF DAYS FAIR 31
NUMBER OF DAYS PC 0
NUMBER OF DAYS CLOUDY 0
AVERAGE RH (PERCENT) 46
WEATHER CONDITIONS. NUMBER OF DAYS WITH
THUNDERSTORM 2 MIXED PRECIP 0
HEAVY RAIN 0 RAIN 1
LIGHT RAIN 4 FREEZING RAIN 0
LT FREEZING RAIN 0 HAIL 0
HEAVY SNOW 0 SNOW 0
LIGHT SNOW 0 SLEET 0
FOG 0 FOG W/VIS <= 1/4 MILE 0
HAZE 2
- INDICATES NEGATIVE NUMBERS.
R INDICATES RECORD WAS SET OR TIED.
MM INDICATES DATA IS MISSING.
T INDICATES TRACE AMOUNT.
&&
$$