000
CXUS54 KBRO 010800
CF6PIL
PRELIMINARY LOCAL CLIMATOLOGICAL DATA (WS FORM: F-6)
STATION: BAYVIEW
MONTH: SEPTEMBER
YEAR: 2022
LATITUDE: 26 10 N
LONGITUDE: 97 20 W
TEMPERATURE IN F: :PCPN: SNOW: WIND :SUNSHINE: SKY :PK WND
================================================================================
1 2 3 4 5 6A 6B 7 8 9 10 11 12 13 14 15 16 17 18
12Z AVG MX 2MIN
DY MAX MIN AVG DEP HDD CDD WTR SNW DPTH SPD SPD DIR MIN PSBL S-S WX SPD DR
================================================================================
1 92 80 86 2 0 21 0.00 0.0 0 9.2 16 80 M M 3 23 80
2 91 78 85 1 0 20 0.00 0.0 0 9.0 17 90 M M 2 27 110
3 88 77 83 -1 0 18 0.38 0.0 0 6.9 24 120 M M 1 1 33 130
4 90 76 83 -1 0 18 0.46 0.0 0 6.3 23 220 M M 4 13 29 220
5 83 74 79 -5 0 14 0.57 0.0 0 9.5 20 100 M M 4 1 31 90
6 85 76 81 -3 0 16 T 0.0 0 5.4 17 90 M M 2 22 70
7 89 75 82 -2 0 17 0.00 0.0 0 6.2 16 50 M M 1 23 70
8 89 74 82 -2 0 17 0.00 0.0 0 5.8 10 100 M M 1 17 110
9 91 75 83 -1 0 18 0.00 0.0 0 6.6 17 100 M M 2 23 80
10 90 75 83 0 0 18 0.00 0.0 0 7.1 16 70 M M 0 22 70
11 91 74 83 0 0 18 0.00 0.0 0 7.3 17 50 M M 1 25 40
12 91 74 83 0 0 18 0.00 0.0 0 7.4 16 60 M M 2 22 40
13 90 75 83 0 0 18 0.00 0.0 0 8.1 17 80 M M 1 23 80
14 90 77 84 1 0 19 0.00 0.0 0 10.5 21 100 M M 1 27 110
15 91 75 83 0 0 18 0.07 0.0 0 5.9 22 130 M M 3 3 28 130
16 90 76 83 0 0 18 0.00 0.0 0 7.8 20 120 M M 2 25 90
17 90 78 84 1 0 19 0.14 0.0 0 8.5 17 130 M M 1 25 110
18 90 77 84 2 0 19 0.13 0.0 0 7.4 17 110 M M 2 3 23 120
19 91 77 84 2 0 19 T 0.0 0 6.6 17 90 M M 1 24 90
20 90 77 84 2 0 19 0.34 0.0 0 6.6 20 180 M M 2 1 27 190
21 90 75 83 1 0 18 0.00 0.0 0 6.6 16 50 M M 2 26 40
22 90 73 82 0 0 17 0.00 0.0 0 6.9 17 50 M M 2 25 90
23 90 76 83 1 0 18 T 0.0 0 8.3 16 70 M M 1 1 25 80
24 90 77 84 2 0 19 0.00 0.0 0 7.5 18 100 M M 2 23 100
25 89 76 83 2 0 18 T 0.0 0 5.5 16 100 M M 1 3 21 100
26 86 74 80 -1 0 15 0.04 0.0 0 7.6 18 20 M M 1 3 25 10
27 90 71 81 0 0 16 0.02 0.0 0 8.2 21 310 M M 1 3 29 310
28 88 68 78 -3 0 13 0.00 0.0 0 10.1 21 40 M M 1 28 50
29 87 67 77 -4 0 12 0.00 0.0 0 8.4 22 10 M M 1 30 10
30 88 65 77 -4 0 12 0.00 0.0 0 6.4 13 70 M M 0 21 40
================================================================================
SM 2680 2242 0 520 2.15 0.0 223.6 M 48
================================================================================
AV 89.3 74.7 7.5 FASTST M M 2 MAX(MPH)
MISC ----> 24 120 33 130
================================================================================
NOTES:
# LAST OF SEVERAL OCCURRENCES
COLUMN 17 PEAK WIND IN M.P.H.
PRELIMINARY LOCAL CLIMATOLOGICAL DATA (WS FORM: F-6) , PAGE 2
STATION: BAYVIEW
MONTH: SEPTEMBER
YEAR: 2022
LATITUDE: 26 10 N
LONGITUDE: 97 20 W
[TEMPERATURE DATA] [PRECIPITATION DATA] SYMBOLS USED IN COLUMN 16
AVERAGE MONTHLY: 82.0 TOTAL FOR MONTH: 2.15 1 = FOG OR MIST
DPTR FM NORMAL: -0.6 DPTR FM NORMAL: -3.11 2 = FOG REDUCING VISIBILITY
HIGHEST: 92 ON 1 GRTST 24HR 1.03 ON 4- 5 TO 1/4 MILE OR LESS
LOWEST: 65 ON 30 3 = THUNDER
SNOW, ICE PELLETS, HAIL 4 = ICE PELLETS
TOTAL MONTH: 0.0 INCH 5 = HAIL
GRTST 24HR 0.0 6 = FREEZING RAIN OR DRIZZLE
GRTST DEPTH: 0 7 = DUSTSTORM OR SANDSTORM:
VSBY 1/2 MILE OR LESS
8 = SMOKE OR HAZE
[NO. OF DAYS WITH] [WEATHER - DAYS WITH] 9 = BLOWING SNOW
X = TORNADO
MAX 32 OR BELOW: 0 0.01 INCH OR MORE: 9
MAX 90 OR ABOVE: 20 0.10 INCH OR MORE: 6
MIN 32 OR BELOW: 0 0.50 INCH OR MORE: 1
MIN 0 OR BELOW: 0 1.00 INCH OR MORE: 0
[HDD (BASE 65) ]
TOTAL THIS MO. 0 CLEAR (SCALE 0-3) 28
DPTR FM NORMAL 0 PTCLDY (SCALE 4-7) 2
TOTAL FM JUL 1 0 CLOUDY (SCALE 8-10) 0
DPTR FM NORMAL 0
[CDD (BASE 65) ]
TOTAL THIS MO. 520
DPTR FM NORMAL -9 [PRESSURE DATA]
TOTAL FM JAN 1 3616 HIGHEST SLP M ON M
DPTR FM NORMAL 117 LOWEST SLP 29.71 ON 9
[REMARKS]
#FINAL-09-22#