000
CXUS54 KBRO 010900
CF6PIL
PRELIMINARY LOCAL CLIMATOLOGICAL DATA (WS FORM: F-6)
STATION: BAYVIEW
MONTH: NOVEMBER
YEAR: 2020
LATITUDE: 26 10 N
LONGITUDE: 97 20 W
TEMPERATURE IN F: :PCPN: SNOW: WIND :SUNSHINE: SKY :PK WND
================================================================================
1 2 3 4 5 6A 6B 7 8 9 10 11 12 13 14 15 16 17 18
12Z AVG MX 2MIN
DY MAX MIN AVG DEP HDD CDD WTR SNW DPTH SPD SPD DIR MIN PSBL S-S WX SPD DR
================================================================================
1 79 57 68 -6 0 3 0.00 0.0 0 8.4 22 20 M M 1 27 20
2 78 60 69 -4 0 4 0.00 0.0 0 8.8 20 10 M M 4 25 50
3 78 55 67 -6 0 2 0.00 0.0 0 5.4 13 90 M M 3 19 50
4 81 55 68 -5 0 3 0.00 0.0 0 6.6 16 80 M M 0 20 80
5 82 61 72 -1 0 7 0.00 0.0 0 7.1 14 70 M M 0 1 20 90
6 82 60 71 -1 0 6 0.00 0.0 0 7.7 15 60 M M 2 20 60
7 82 59 71 -1 0 6 0.00 0.0 0 8.2 16 60 M M 1 27 350
8 83 66 75 3 0 10 0.14 0.0 0 9.1 17 100 M M 2 1 21 110
9 85 68 77 5 0 12 0.00 0.0 0 9.9 20 130 M M 2 27 130
10 85 67 76 4 0 11 0.00 0.0 0 7.9 17 100 M M 2 20 110
11 82 66 74 3 0 9 0.00 0.0 0 7.1 15 80 M M 2 12 20 90
12 83 65 74 3 0 9 0.00 0.0 0 7.0 15 110 M M 2 1 19 110
13 86 73 80 9 0 15 0.00 0.0 0 10.4 21 110 M M 4 24 120
14 89 71 80 10 0 15 0.00 0.0 0 12.6 25 150 M M 0 1 33 160
15 85 73 79 9 0 14 0.00 0.0 0 10.8 28 360 M M 6 1 34 10
16 80 70 75 5 0 10 0.00 0.0 0 11.5 20 30 M M 6 24 50
17 M M M M M M 0.00 0.0 0 6.8 M M M M 0 M M
18 81 58 70 1 0 5 0.00 0.0 0 8.2 16 90 M M 0 20 80
19 82 58 70 1 0 5 0.00 0.0 0 6.9 17 100 M M 1 21 110
20 82 57 70 1 0 5 0.00 0.0 0 7.2 16 100 M M 2 1 22 130
21 81 64 73 5 0 8 0.00 0.0 0 7.6 15 60 M M 0 19 80
22 83 67 75 7 0 10 0.00 0.0 0 9.6 17 80 M M 3 22 70
23 81 67 74 6 0 9 T 0.0 0 9.6 22 150 M M 1 28 150
24 85 71 78 10 0 13 0.01 0.0 0 17.5 30 170 M M 2 1 38 180
25 81 71 76 9 0 11 0.00 0.0 0 8.5 20 180 M M 2 24 180
26 M M M M M M 0.00 0.0 0 9.0 17 160 M M 4 1 22 170
27 86 75 81 15 0 16 T 0.0 0 12.9 25 140 M M 5 30 140
28 87 66 77 11 0 12 0.15 0.0 0 12.5 22 160 M M 5 1 30 170
29 71 59 65 -1 0 0 0.36 0.0 0 13.6 23 330 M M 6 1 29 320
30 61 43 52 -14 13 0 T 0.0 0 15.0 26 330 M M 1 35 340
================================================================================
SM 2281 1782 13 230 0.66 0.0 283.4 M 69
================================================================================
AV 81.5 63.6 9.4 FASTST M M 2 MAX(MPH)
MISC ----> # 30 170 # 38 180
================================================================================
NOTES:
# LAST OF SEVERAL OCCURRENCES
COLUMN 17 PEAK WIND IN M.P.H.
PRELIMINARY LOCAL CLIMATOLOGICAL DATA (WS FORM: F-6) , PAGE 2
STATION: BAYVIEW
MONTH: NOVEMBER
YEAR: 2020
LATITUDE: 26 10 N
LONGITUDE: 97 20 W
[TEMPERATURE DATA] [PRECIPITATION DATA] SYMBOLS USED IN COLUMN 16
AVERAGE MONTHLY: 72.6 TOTAL FOR MONTH: 0.66 1 = FOG OR MIST
DPTR FM NORMAL: 2.7 DPTR FM NORMAL: -1.49 2 = FOG REDUCING VISIBILITY
HIGHEST: 89 ON 14 GRTST 24HR 0.36 ON 29-29 TO 1/4 MILE OR LESS
LOWEST: 43 ON 30 3 = THUNDER
SNOW, ICE PELLETS, HAIL 4 = ICE PELLETS
TOTAL MONTH: 0.0 INCH 5 = HAIL
GRTST 24HR 0.0 6 = FREEZING RAIN OR DRIZZLE
GRTST DEPTH: 0 7 = DUSTSTORM OR SANDSTORM:
VSBY 1/2 MILE OR LESS
8 = SMOKE OR HAZE
[NO. OF DAYS WITH] [WEATHER - DAYS WITH] 9 = BLOWING SNOW
X = TORNADO
MAX 32 OR BELOW: 0 0.01 INCH OR MORE: 4
MAX 90 OR ABOVE: 0 0.10 INCH OR MORE: 3
MIN 32 OR BELOW: 0 0.50 INCH OR MORE: 0
MIN 0 OR BELOW: 0 1.00 INCH OR MORE: 0
[HDD (BASE 65) ]
TOTAL THIS MO. 13 CLEAR (SCALE 0-3) 22
DPTR FM NORMAL -25 PTCLDY (SCALE 4-7) 8
TOTAL FM JUL 1 20 CLOUDY (SCALE 8-10) 0
DPTR FM NORMAL -21
[CDD (BASE 65) ]
TOTAL THIS MO. 230
DPTR FM NORMAL 45 [PRESSURE DATA]
TOTAL FM JAN 1 3640 HIGHEST SLP 30.45 ON 30
DPTR FM NORMAL -311 LOWEST SLP 29.77 ON 10
[REMARKS]
#FINAL-11-20#