000
CXUS51 KPBZ 011449
CLSPIT
CLIMATE REPORT
NATIONAL WEATHER SERVICE PITTSBURGH PA
1049 AM EDT WED JUN 01 2022
...................................
...THE PITTSBURGH PA CLIMATE SUMMARY FOR THE SEASON, FROM
3/1/2022 TO 5/31/2022...
CLIMATE NORMAL PERIOD 1991 TO 2020
CLIMATE RECORD PERIOD 1871 TO 2022
WEATHER OBSERVED NORMAL DEPART LAST YEAR`S
VALUE DATE(S) VALUE FROM VALUE DATE(S)
NORMAL
................................................................
TEMPERATURE (F)
RECORD
HIGH 95 05/03/1887
05/02/1887
05/29/1881
LOW -5 03/06/2015
HIGHEST 88 05/31 86 2 87 05/23
05/25
LOWEST 9 03/13 11 -2 15 03/07
AVG. MAXIMUM 61.7 61.1 0.6 62.7
AVG. MINIMUM 41.2 40.5 0.7 40.5
MEAN 51.5 50.8 0.7 51.6
DAYS MAX >= 90 0 0.3 -0.3 0
DAYS MAX <= 32 3 2.5 0.5 0
DAYS MIN <= 32 24 25.6 -1.6 23
DAYS MIN <= 0 0 0.0 0.0 0
PRECIPITATION (INCHES)
RECORD
MAXIMUM 17.60 1901
MINIMUM 4.05 1871
TOTALS 11.57 10.30 1.27 9.54
DAILY AVG. 0.13 0.11 0.02 0.11
DAYS >= .01 49 41.4 7.6 31
DAYS >= .10 21 24.9 -3.9
DAYS >= .50 9 6.2 2.8 3
DAYS >= 1.00 1 1.3 -0.3 3
GREATEST
24 HR. TOTAL 1.81 05/06 TO 05/07
STORM TOTAL 1.67
(MM/DD(HH))
SNOWFALL (INCHES)
RECORDS
TOTAL 34.1 1993
TOTALS 18.0 8.6 9.4 2.5
SINCE 7/1 44.8 44.1 0.7 MM
SNOWDEPTH AVG. 0 0
DAYS >= TRACE 17 7.5 9.5 8
DAYS >= 1.0 4 2.6 1.4 1
GREATEST
24 HR TOTAL MM
STORM TOTAL 8.0
(MM/DD(HH))
DEGREE DAYS
HEATING TOTAL 1298 1370 -72 1293
SINCE 7/1 5206 5541 -335 MM
COOLING TOTAL 78 66 12 78
SINCE 1/1 78 66 12 MM
................................................................
WIND (MPH)
AVERAGE WIND SPEED 8.1
HIGHEST WIND SPEED/DIRECTION 49/290 DATE 03/07
HIGHEST GUST SPEED/DIRECTION 62/290 DATE 03/07
SKY COVER
AVERAGE SKY COVER 0.72
AVERAGE RH (PERCENT) 64
WEATHER CONDITIONS. NUMBER OF DAYS WITH
THUNDERSTORM 7 MIXED PRECIP 0
HEAVY RAIN 5 RAIN 14
LIGHT RAIN 52 FREEZING RAIN 0
LT FREEZING RAIN 1 HAIL 1
HEAVY SNOW 1 SNOW 5
LIGHT SNOW 17 SLEET 5
FOG 44 FOG W/VIS <= 1/4 MILE 1
HAZE 5
- INDICATES NEGATIVE NUMBERS.
R INDICATES RECORD WAS SET OR TIED.
MM INDICATES DATA IS MISSING.
T INDICATES TRACE AMOUNT.
$$