000
CXUS51 KRLX 010938
CF6PKB
PRELIMINARY LOCAL CLIMATOLOGICAL DATA (WS FORM: F-6)
STATION: PARKERSBURG WV
MONTH: NOVEMBER
YEAR: 2022
LATITUDE: 39 20 N
LONGITUDE: 81 26 W
TEMPERATURE IN F: :PCPN: SNOW: WIND :SUNSHINE: SKY :PK WND
================================================================================
1 2 3 4 5 6A 6B 7 8 9 10 11 12 13 14 15 16 17 18
12Z AVG MX 2MIN
DY MAX MIN AVG DEP HDD CDD WTR SNW DPTH SPD SPD DIR MIN PSBL S-S WX SPD DR
================================================================================
1 65 53 59 9 6 0 0.02 M M 3.3 10 270 M M 10 1 13 250
2 66 44 55 6 10 0 0.00 M M 0.5 6 330 M M 4 12 7 360
3 72 42 57 8 8 0 0.00 M M 1.2 8 170 M M 4 12 11 170
4 75 54 65 17 0 0 0.00 M M 7.5 14 150 M M 0 19 160
5 82 63 73 25 0 8 0.04 M M 9.9 22 200 M M 2 36 250
6 78 63 71 23 0 6 0.01 M M 7.3 17 220 M M 5 24 210
7 71 46 59 11 6 0 0.00 M M 3.9 10 330 M M 0 1 15 360
8 61 41 51 4 14 0 0.00 M M 8.3 14 40 M M 0 19 80
9 71 33 52 5 13 0 0.00 M M 3.7 12 160 M M 0 16 170
10 73 37 55 9 10 0 0.00 M M 4.8 16 190 M M 0 20 200
11 64 54 59 13 6 0 2.15 M M 3.2 16 310 M M 10 1 23 320
12 56 35 46 0 19 0 0.09 M M 6.6 17 290 M M 10 1 25 290
13 39 33 36 -9 29 0 0.01 M M 6.4 16 280 M M 9 1 22 280
14 46 31 39 -6 26 0 0.00 M M 3.3 10 80 M M 4 15 70
15 41 30 36 -9 29 0 0.36 M M 2.6 8 240 M M 7 12 12 250
16 42 33 38 -6 27 0 0.03 M M 7.8 16 280 M M 10 1 22 280
17 34 30 32 -12 33 0 0.00 M M 8.0 15 260 M M 10 22 270
18 33 22 28 -16 37 0 0.05 M M 7.0 20 280 M M 8 12 27 280
19 36 19 28 -16 37 0 T M M 7.0 23 300 M M 3 38 290
20 33 20 27 -16 38 0 T M M 6.5 23 300 M M 2 32 290
21 48 17 33 -10 32 0 0.00 M M 5.8 15 210 M M 0 22 200
22 54 22 38 -4 27 0 0.00 M M 3.1 13 210 M M 0 17 220
23 58 23 41 -1 24 0 0.00 M M 1.2 8 210 M M 0 12 200
24 64 26 45 3 20 0 T M M 1.2 9 230 M M 1 13 200
25 56 33 45 3 20 0 0.06 M M 6.2 16 300 M M 6 1 24 320
26 55 26 41 0 24 0 0.00 M M 2.2 9 180 M M 0 13 230
27 65 38 52 11 13 0 0.47 M M 7.6 23 260 M M 8 13 38 270
28 49 42 46 5 19 0 0.02 M M 4.5 20 280 M M 10 31 310
29 60 43 52 12 13 0 0.00 M M 6.6 18 170 M M 5 28 170
30 59 31 45 5 20 0 0.42 M M 12.3 31 310 M M 5 1 47 310
================================================================================
SM 1706 1084 560 14 3.73 M 159.5 M 133
================================================================================
AV 56.9 36.1 5.3 FASTST M M 4 MAX(MPH)
MISC ----> 31 310 47 310
================================================================================
NOTES:
# LAST OF SEVERAL OCCURRENCES
COLUMN 17 PEAK WIND IN M.P.H.
PRELIMINARY LOCAL CLIMATOLOGICAL DATA (WS FORM: F-6) , PAGE 2
STATION: PARKERSBURG WV
MONTH: NOVEMBER
YEAR: 2022
LATITUDE: 39 20 N
LONGITUDE: 81 26 W
[TEMPERATURE DATA] [PRECIPITATION DATA] SYMBOLS USED IN COLUMN 16
AVERAGE MONTHLY: 46.5 TOTAL FOR MONTH: 3.73 1 = FOG OR MIST
DPTR FM NORMAL: 1.8 DPTR FM NORMAL: 0.85 2 = FOG REDUCING VISIBILITY
HIGHEST: 82 ON 5 GRTST 24HR 2.15 ON 11-11 TO 1/4 MILE OR LESS
LOWEST: 17 ON 21 3 = THUNDER
SNOW, ICE PELLETS, HAIL 4 = ICE PELLETS
TOTAL MONTH: M 5 = HAIL
GRTST 24HR M ON M 6 = FREEZING RAIN OR DRIZZLE
GRTST DEPTH: M ON M 7 = DUSTSTORM OR SANDSTORM:
VSBY 1/2 MILE OR LESS
8 = SMOKE OR HAZE
[NO. OF DAYS WITH] [WEATHER - DAYS WITH] 9 = BLOWING SNOW
X = TORNADO
MAX 32 OR BELOW: 0 0.01 INCH OR MORE: 13
MAX 90 OR ABOVE: 0 0.10 INCH OR MORE: 4
MIN 32 OR BELOW: 12 0.50 INCH OR MORE: 1
MIN 0 OR BELOW: 0 1.00 INCH OR MORE: 1
[HDD (BASE 65) ]
TOTAL THIS MO. 560 CLEAR (SCALE 0-3) 13
DPTR FM NORMAL -50 PTCLDY (SCALE 4-7) 9
TOTAL FM JUL 1 1022 CLOUDY (SCALE 8-10) 8
DPTR FM NORMAL 28
[CDD (BASE 65) ]
TOTAL THIS MO. 14
DPTR FM NORMAL 13 [PRESSURE DATA]
TOTAL FM JAN 1 1031 HIGHEST SLP 30.63 ON 8
DPTR FM NORMAL 33 LOWEST SLP 29.37 ON 27
[REMARKS]
#FINAL-11-22#