000
CXUS51 KRLX 011133
CF6PKB
PRELIMINARY LOCAL CLIMATOLOGICAL DATA (WS FORM: F-6)
STATION: PARKERSBURG WV
MONTH: APRIL
YEAR: 2021
LATITUDE: 39 20 N
LONGITUDE: 81 26 W
TEMPERATURE IN F: :PCPN: SNOW: WIND :SUNSHINE: SKY :PK WND
================================================================================
1 2 3 4 5 6A 6B 7 8 9 10 11 12 13 14 15 16 17 18
12Z AVG MX 2MIN
DY MAX MIN AVG DEP HDD CDD WTR SNW DPTH SPD SPD DIR MIN PSBL S-S WX SPD DR
================================================================================
1 42 27 35 -14 30 0 0.02 M M 10.8 23 280 M M 8 18 32 270
2 47 21 34 -16 31 0 0.00 M M 5.3 16 290 M M 1 23 320
3 59 21 40 -10 25 0 0.00 M M 4.3 14 210 M M 1 20 200
4 74 45 60 10 5 0 0.00 M M 5.5 15 320 M M 0 20 280
5 77 38 58 7 7 0 0.00 M M 2.8 16 230 M M 1 23 220
6 80 50 65 14 0 0 0.00 M M 3.7 15 280 M M 1 24 210
7 83 47 65 14 0 0 0.00 M M 1.7 10 320 M M 2 13 320
8 84 51 68 16 0 3 0.19 M M 6.2 29 220 M M 4 18 42 270
9 78 55 67 15 0 2 0.11 M M 6.9 16 190 M M 3 1 21 190
10 81 50 66 14 0 1 0.10 M M 9.4 24 180 M M 3 34 190
11 65 53 59 6 6 0 T M M 8.9 20 200 M M 7 27 200
12 60 49 55 2 10 0 T M M 7.6 18 240 M M 9 26 260
13 70 41 56 2 9 0 0.00 M M 2.6 12 250 M M 3 12 19 270
14 56 46 51 -3 14 0 0.09 M M 3.6 9 210 M M 8 1 13 240
15 52 44 48 -6 17 0 T M M 7.2 22 320 M M 9 30 310
16 58 37 48 -6 17 0 0.00 M M 5.4 16 300 M M 6 21 310
17 64 34 49 -6 16 0 0.01 M M 3.2 15 280 M M 5 1 21 240
18 62 41 52 -3 13 0 0.01 M M 0.9 10 220 M M 7 12 16 270
19 68 33 51 -4 14 0 0.00 M M 4.4 16 240 M M 3 22 240
20 70 42 56 0 9 0 0.00 M M 6.8 18 220 M M 1 26 200
21 46 32 39 -17 26 0 0.17 M M 9.2 24 280 M M 8 1 32 290
22 50 30 40 -16 25 0 T M M 7.5 20 290 M M 5 1 26 260
23 61 28 45 -11 20 0 0.00 M M 3.4 14 210 M M 2 18 200
24 58 35 47 -10 18 0 0.39 M M 3.3 12 150 M M 6 1 15 160
25 66 46 56 -1 9 0 0.02 M M 6.3 18 270 M M 7 1 25 300
26 71 33 52 -5 13 0 0.00 M M 2.1 9 170 M M 0 1 12 70
27 85 47 66 8 0 1 0.00 M M 7.8 18 210 M M 0 8 28 280
28 83 60 72 14 0 7 0.66 M M 7.8 21 310 M M 4 13 30 290
29 70 55 63 5 2 0 0.79 M M 9.8 21 290 M M 10 1 30 190
30 68 43 56 -2 9 0 0.03 M M 10.2 33 300 M M 4 46 300
================================================================================
SM 1988 1234 345 14 2.59 M 174.6 M 128
================================================================================
AV 66.3 41.1 5.8 FASTST M M 4 MAX(MPH)
MISC ----> 33 300 46 300
================================================================================
NOTES:
# LAST OF SEVERAL OCCURRENCES
COLUMN 17 PEAK WIND IN M.P.H.
PRELIMINARY LOCAL CLIMATOLOGICAL DATA (WS FORM: F-6) , PAGE 2
STATION: PARKERSBURG WV
MONTH: APRIL
YEAR: 2021
LATITUDE: 39 20 N
LONGITUDE: 81 26 W
[TEMPERATURE DATA] [PRECIPITATION DATA] SYMBOLS USED IN COLUMN 16
AVERAGE MONTHLY: 53.7 TOTAL FOR MONTH: 2.59 1 = FOG OR MIST
DPTR FM NORMAL: -0.4 DPTR FM NORMAL: -0.68 2 = FOG REDUCING VISIBILITY
HIGHEST: 85 ON 27 GRTST 24HR 1.45 ON 28-29 TO 1/4 MILE OR LESS
LOWEST: 21 ON 3, 2 3 = THUNDER
SNOW, ICE PELLETS, HAIL 4 = ICE PELLETS
TOTAL MONTH: M 5 = HAIL
GRTST 24HR M ON M 6 = FREEZING RAIN OR DRIZZLE
GRTST DEPTH: M ON M 7 = DUSTSTORM OR SANDSTORM:
VSBY 1/2 MILE OR LESS
8 = SMOKE OR HAZE
[NO. OF DAYS WITH] [WEATHER - DAYS WITH] 9 = BLOWING SNOW
X = TORNADO
MAX 32 OR BELOW: 0 0.01 INCH OR MORE: 13
MAX 90 OR ABOVE: 0 0.10 INCH OR MORE: 7
MIN 32 OR BELOW: 6 0.50 INCH OR MORE: 2
MIN 0 OR BELOW: 0 1.00 INCH OR MORE: 0
[HDD (BASE 65) ]
TOTAL THIS MO. 345 CLEAR (SCALE 0-3) 13
DPTR FM NORMAL 0 PTCLDY (SCALE 4-7) 13
TOTAL FM JUL 1 4467 CLOUDY (SCALE 8-10) 4
DPTR FM NORMAL -340
[CDD (BASE 65) ]
TOTAL THIS MO. 14
DPTR FM NORMAL -4 [PRESSURE DATA]
TOTAL FM JAN 1 14 HIGHEST SLP 30.53 ON 2
DPTR FM NORMAL -7 LOWEST SLP 29.47 ON 11
[REMARKS]
#FINAL-04-21#