000
CXUS53 KAPX 010730
CF6PLN
PRELIMINARY LOCAL CLIMATOLOGICAL DATA (WS FORM: F-6)
STATION: PELLSTON
MONTH: APRIL
YEAR: 2021
LATITUDE: 45 34 N
LONGITUDE: 84 48 W
TEMPERATURE IN F: :PCPN: SNOW: WIND :SUNSHINE: SKY :PK WND
================================================================================
1 2 3 4 5 6A 6B 7 8 9 10 11 12 13 14 15 16 17 18
12Z AVG MX 2MIN
DY MAX MIN AVG DEP HDD CDD WTR SNW DPTH SPD SPD DIR MIN PSBL S-S WX SPD DR
================================================================================
1 35 17 26 -7 39 0 T M M 12.4 21 330 M M 3 31 320
2 46 9 28 -6 37 0 0.00 M M 2.7 14 280 M M 0 20 280
3 54 24 39 5 26 0 0.00 M M 6.5 17 280 M M 0 23 280
4 63 23 43 8 22 0 0.00 M M 4.9 16 90 M M 2 22 100
5 69 47 58 23 7 0 T M M 11.5 21 110 M M 3 8 31 150
6 68 42 55 19 10 0 T M M 5.6 13 40 M M 4 20 80
7 73 39 56 20 9 0 0.08 M M 5.4 14 110 M M 3 1 20 110
8 77 46 62 25 3 0 0.06 M M 6.9 16 50 M M 6 1 25 120
9 62 51 57 20 8 0 0.01 M M 6.6 20 190 M M 9 31 190
10 66 49 58 20 7 0 0.00 M M 6.6 17 50 M M 8 22 80
11 59 40 50 12 15 0 0.11 M M 5.2 15 70 M M 8 12 22 70
12 55 44 50 11 15 0 0.04 M M 5.1 15 110 M M 10 12 23 110
13 55 41 48 9 17 0 0.00 M M 6.5 18 290 M M 9 1 25 220
14 41 34 38 -2 27 0 0.16 M M 4.6 13 280 M M 10 1 18 280
15 44 34 39 -1 26 0 0.05 M M 10.7 23 320 M M 10 1 33 320
16 51 34 43 3 22 0 T M M 11.0 17 320 M M 6 24 300
17 56 29 43 2 22 0 0.00 M M 6.1 20 320 M M 4 25 320
18 57 28 43 2 22 0 0.00 M M 5.7 15 300 M M 0 21 300
19 42 28 35 -7 30 0 0.02 M M 10.3 25 270 M M 9 1 36 270
20 38 24 31 -11 34 0 T M M 15.1 24 300 M M 8 38 300
21 39 26 33 -9 32 0 0.00 M M 9.2 21 320 M M 8 30 320
22 47 24 36 -7 29 0 0.00 M M 6.9 22 280 M M 3 30 250
23 64 28 46 3 19 0 0.00 M M 9.3 22 240 M M 1 34 240
24 64 28 46 2 19 0 0.03 M M 6.2 20 300 M M 7 28 300
25 41 30 36 -8 29 0 0.02 M M 12.1 22 320 M M 7 1 29 310
26 37 25 31 -13 34 0 0.30 M M 9.8 20 140 M M 9 168 28 150
27 49 34 42 -3 23 0 0.68 M M 7.0 16 100 M M 6 13 21 100
28 51 42 47 2 18 0 0.82 M M 5.0 14 50 M M 10 13 18 70
29 62 41 52 6 13 0 0.01 M M 6.6 25 300 M M 9 39 290
30 50 25 38 -8 27 0 0.00 M M 17.2 32 340 M M 3 46 330
================================================================================
SM 1615 986 641 0 2.39 M 238.7 M 175
================================================================================
AV 53.8 32.9 8.0 FASTST M M 6 MAX(MPH)
MISC ----> 32 340 46 330
================================================================================
NOTES:
# LAST OF SEVERAL OCCURRENCES
COLUMN 17 PEAK WIND IN M.P.H.
PRELIMINARY LOCAL CLIMATOLOGICAL DATA (WS FORM: F-6) , PAGE 2
STATION: PELLSTON
MONTH: APRIL
YEAR: 2021
LATITUDE: 45 34 N
LONGITUDE: 84 48 W
[TEMPERATURE DATA] [PRECIPITATION DATA] SYMBOLS USED IN COLUMN 16
AVERAGE MONTHLY: 43.4 TOTAL FOR MONTH: 2.39 1 = FOG OR MIST
DPTR FM NORMAL: 3.3 DPTR FM NORMAL: 0.05 2 = FOG REDUCING VISIBILITY
HIGHEST: 77 ON 8 GRTST 24HR 1.49 ON 27-28 TO 1/4 MILE OR LESS
LOWEST: 9 ON 2 3 = THUNDER
SNOW, ICE PELLETS, HAIL 4 = ICE PELLETS
TOTAL MONTH: M 5 = HAIL
GRTST 24HR M ON M 6 = FREEZING RAIN OR DRIZZLE
GRTST DEPTH: M ON M 7 = DUSTSTORM OR SANDSTORM:
VSBY 1/2 MILE OR LESS
8 = SMOKE OR HAZE
[NO. OF DAYS WITH] [WEATHER - DAYS WITH] 9 = BLOWING SNOW
X = TORNADO
MAX 32 OR BELOW: 0 0.01 INCH OR MORE: 14
MAX 90 OR ABOVE: 0 0.10 INCH OR MORE: 5
MIN 32 OR BELOW: 15 0.50 INCH OR MORE: 2
MIN 0 OR BELOW: 0 1.00 INCH OR MORE: 0
[HDD (BASE 65) ]
TOTAL THIS MO. 641 CLEAR (SCALE 0-3) 10
DPTR FM NORMAL -111 PTCLDY (SCALE 4-7) 9
TOTAL FM JUL 1 7120 CLOUDY (SCALE 8-10) 11
DPTR FM NORMAL -939
[CDD (BASE 65) ]
TOTAL THIS MO. 0
DPTR FM NORMAL -2 [PRESSURE DATA]
TOTAL FM JAN 1 0 HIGHEST SLP 30.56 ON 2
DPTR FM NORMAL -2 LOWEST SLP 29.37 ON 11
[REMARKS]
#FINAL-04-21#